{"id":71,"date":"2015-04-21T12:35:43","date_gmt":"2015-04-21T11:35:43","guid":{"rendered":"http:\/\/star.starmicronics.cz\/?page_id=71"},"modified":"2016-05-07T23:01:15","modified_gmt":"2016-05-07T22:01:15","slug":"asuracprnt-pos-komunikacni-system-s-integrovanou-tiskarnou-vse-v-jednom","status":"publish","type":"page","link":"https:\/\/star.starmicronics.cz\/?page_id=71","title":{"rendered":"AsuraCPRNT &#8211;  POS komunika\u010dn\u00ed syst\u00e9m s integrovanou tisk\u00e1rnou v\u0161e v jednom"},"content":{"rendered":"<p>&nbsp;<\/p>\n<figure id=\"attachment_50\" aria-describedby=\"caption-attachment-50\" style=\"width: 173px\" class=\"wp-caption alignleft\"><a href=\"http:\/\/star.starmicronics.cz\/wp-content\/uploads\/2015\/04\/star_asuracprnt1.jpg\" rel=\"lightbox[71]\"><img loading=\"lazy\" decoding=\"async\" class=\" wp-image-50\" src=\"http:\/\/star.starmicronics.cz\/wp-content\/uploads\/2015\/04\/star_asuracprnt1-300x300.jpg\" alt=\"AsuraCPRNT\" width=\"173\" height=\"173\" srcset=\"https:\/\/star.starmicronics.cz\/wp-content\/uploads\/2015\/04\/star_asuracprnt1-300x300.jpg 300w, https:\/\/star.starmicronics.cz\/wp-content\/uploads\/2015\/04\/star_asuracprnt1-150x150.jpg 150w, https:\/\/star.starmicronics.cz\/wp-content\/uploads\/2015\/04\/star_asuracprnt1.jpg 425w\" sizes=\"auto, (max-width: 173px) 100vw, 173px\" \/><\/a><figcaption id=\"caption-attachment-50\" class=\"wp-caption-text\">AsuraCPRNT<\/figcaption><\/figure>\n<p><span style=\"color: #3366ff;\">S\u00a0AsuraCPRNT \u2122 Star vytvo\u0159ila novou generaci maloobchodn\u00ed technologie. Nejmen\u0161\u00ed, sob\u011bsta\u010dn\u00fd u\u017eivatelsk\u00fd Engagement Tool je prvn\u00ed sv\u00e9ho druhu na trhu, AsuraCPRNT spojuje odbornost Star v\u00a0proveden\u00ed hardwaru s robustn\u00ed a na funkce bohatou interaktivn\u00ed komunika\u010dn\u00ed platformou, kter\u00e1 umo\u017e\u0148uje obchod\u016fm zapojit sv\u00e9 z\u00e1kazn\u00edky, jako nikdy p\u0159edt\u00edm.<\/span><\/p>\n<p><span style=\"color: #3366ff;\">M\u011b\u0159\u00ed pouze 180 mm (\u0161) x 162 mm (h) x 380 mm (v) AsuraCPRNT \u2122 m\u016f\u017ee bezprobl\u00e9mov\u011b integrovat do jak\u00e9hokoli prost\u0159ed\u00ed, jako samostatn\u00fd termin\u00e1l s dotykovou obrazovkou, server nebo informa\u010dn\u00ed kiosek\u00a0pro z\u00e1kazn\u00edky p\u0159i vstupu do obchodu, v obchod\u011b nebo okraji prodejn\u00edho m\u00edsta. Disponuje\u00a0v\u00fdkonn\u00fdm procesorem, 7 &#8222;oto\u010dn\u00fdm dotykov\u00fdm displejem, integrovanou 80mm term\u00e1ln\u00ed tisk\u00e1rnou \u00fa\u010dtenek a voliteln\u011b integrovanou \u010dte\u010dkou MSR a \u010dte\u010dkou \u010d\u00e1rov\u00fdch k\u00f3d\u016f. AsuraCPRNT nab\u00edz\u00ed ide\u00e1ln\u00ed \u0159e\u0161en\u00ed POS informa\u010dn\u00edho termin\u00e1lu nebo mini kiosku pro v\u011brnostn\u00ed a kup\u00f3nov\u00e9 programy; hotelov\u00fd check-in; digit\u00e1ln\u00ed menu a rezervac\u00ed; po\u0159adn\u00edky\u00a0v \u010dek\u00e1rn\u011b, j\u00edzdenek a z\u00e1kaznick\u00fdch informa\u010dn\u00edch aplikac\u00ed pro voln\u00fd \u010das, vl\u00e1dn\u00ed a zdravotnick\u00e9 pr\u016fmysly.<\/span><\/p>\n<p><span style=\"color: #3366ff;\">Dal\u0161\u00ed informace o AsuraCPRNT lze nal\u00e9zt na specializovan\u00fdch webov\u00fdch str\u00e1nk\u00e1ch <span style=\"color: #000080;\"><a style=\"color: #000080;\" href=\"http:\/\/www.AsuraCPRNT.com\" target=\"_blank\">AsuraCPRNT<\/a><\/span><\/span><\/p>\n<p><span style=\"color: #3366ff;\"><strong>Vlastnosti:<\/strong><\/span><\/p>\n<ul>\n<li><span style=\"color: #3366ff;\">Stylov\u00fd a kompaktn\u00ed kiosek s\u00a0rozm\u011bry pouh\u00fdch 180 (\u0161) x 162 (h) x 380 (v) mm, poskytuj\u00edc\u00ed design set-up\u00a0mo\u017enosti<\/span><\/li>\n<li><span style=\"color: #3366ff;\">Intuitivn\u00ed 7 &#8222;dotykov\u00fd displej nab\u00edz\u00ed bohatou medi\u00e1ln\u00ed grafiku a zvuk, se zvukovou odezvou\u00a0v\u00fdstupu a vstupu MIC, doprov\u00e1zen\u00fd programovateln\u00fdmi pln\u011b barevn\u00fd LED sv\u011btly<\/span><\/li>\n<li><span style=\"color: #3366ff;\">Voliteln\u00e9 individu\u00e1ln\u00ed a kombinovan\u00e9 \u0161ifrovan\u00ed<\/span><\/li>\n<li><span style=\"color: #3366ff;\">Mo\u017enost dopln\u011bn\u00ed o \u010dte\u010dku magnetick\u00fdch karet, \u010d\u00e1rov\u00e9ho k\u00f3du 2D\/QR a mo\u017enost\u00ed NFC<\/span><\/li>\n<li><span style=\"color: #3366ff;\">V\u00fdkonn\u00fd procesor CPU<\/span><\/li>\n<li><span style=\"color: #3366ff;\">Linux \u2122 a Android \u2122 SDK k dispozici na podporu Qt, Java, C ++ atd<\/span><\/li>\n<li><span style=\"color: #3366ff;\">Mo\u017enost spustit tradi\u010dn\u00ed Windows \/ Linux desktop POS \u0159e\u0161en\u00ed pomoc\u00ed Asura Desktop Protocol \/ nutn\u00fd\u00a0program\u00e1torsk\u00fd z\u00e1sah<\/span><\/li>\n<li><span style=\"color: #3366ff;\">Vysok\u00e9 p\u0159ipojen\u00ed s dal\u0161\u00edmi technologiemi, jako jsou biometrick\u00e9 skenery, NFC \u010dte\u010dky, kamery a mnoho dal\u0161\u00edch za pou\u017eit\u00ed 4 USB-hostitelsk\u00fdch port\u016f.<\/span><\/li>\n<li><span style=\"color: #3366ff;\">3G p\u0159ipojen\u00ed a mo\u017enost Wi-Fi<\/span><\/li>\n<li><span style=\"color: #3366ff;\">tisk\u00e1rna s rychlost\u00ed 300 mm schopna tisknout v rozli\u0161en\u00ed 203 dpi kupony, \u00fa\u010dtenky a dokumenty<\/span><\/li>\n<\/ul>\n<p><span style=\"color: #3366ff;\"><strong>\u00a0Ke sta\u017een\u00ed: <\/strong><\/span><\/p>\n<ul>\n<li><span style=\"color: #000080;\"><a style=\"color: #000080;\" href=\"http:\/\/star.starmicronics.cz\/?page_id=498\" target=\"_blank\">Produktov\u00e1 bro\u017eura<\/a><\/span><\/li>\n<li><span style=\"color: #000080;\">Manual, SDK (link to <a style=\"color: #000080;\" href=\"http:\/\/www.starmicronics.com\/support\">www.starmicronics.com\/support<\/a>)<\/span><\/li>\n<li><a href=\"http:\/\/star.starmicronics.cz\/?page_id=579\"><span style=\"color: #000080;\">Galerie obr\u00e1zk\u016f<\/span><\/a><\/li>\n<li><a href=\"https:\/\/www.youtube.com\/watch?v=u_bKqo7yZEk\" target=\"_blank\"><span style=\"color: #000080;\">Video galerie<\/span><\/a><\/li>\n<li><a href=\"http:\/\/star.starmicronics.cz\/?page_id=518\"><span style=\"color: #000080;\">Na\u0161i z\u00e1kazn\u00edci<\/span><\/a><\/li>\n<\/ul>\n<p><span style=\"color: #3366ff;\">\u00a0<a href=\"http:\/\/star.starmicronics.cz\/wp-content\/uploads\/2015\/04\/appstore_googleplay.jpg\" rel=\"lightbox[71]\"><img loading=\"lazy\" decoding=\"async\" class=\"alignnone wp-image-347\" src=\"http:\/\/star.starmicronics.cz\/wp-content\/uploads\/2015\/04\/appstore_googleplay-300x220.jpg\" alt=\"appstore_googleplay\" width=\"120\" height=\"88\" srcset=\"https:\/\/star.starmicronics.cz\/wp-content\/uploads\/2015\/04\/appstore_googleplay-300x220.jpg 300w, https:\/\/star.starmicronics.cz\/wp-content\/uploads\/2015\/04\/appstore_googleplay-135x100.jpg 135w, https:\/\/star.starmicronics.cz\/wp-content\/uploads\/2015\/04\/appstore_googleplay.jpg 425w\" sizes=\"auto, (max-width: 120px) 100vw, 120px\" \/><\/a><\/span><\/p>\n<p><span style=\"color: #3366ff;\"><strong>Specifikace<\/strong><\/span><\/p>\n<table style=\"height: 1218px;\" width=\"498\">\n<tbody>\n<tr>\n<td width=\"40%\"><span style=\"color: #3366ff;\">Rychlost tisku<\/span><\/td>\n<td width=\"59%\"><span style=\"color: #3366ff;\">\u00a0300mm \/ s<\/span><\/td>\n<\/tr>\n<tr>\n<td width=\"40%\"><span style=\"color: #3366ff;\">Rozli\u0161en\u00ed tisku<\/span><\/td>\n<td width=\"59%\"><span style=\"color: #3366ff;\">\u00a0203dpi<\/span><\/td>\n<\/tr>\n<tr>\n<td width=\"40%\"><span style=\"color: #3366ff;\">Po\u010det sloupc\u016f<\/span><\/td>\n<td width=\"59%\"><span style=\"color: #3366ff;\">\u00a048 \/ 64 sl.<\/span><\/td>\n<\/tr>\n<tr>\n<td width=\"40%\"><span style=\"color: #3366ff;\">Automatick\u00e1 \u0159eza\u010dka<\/span><\/td>\n<td width=\"59%\"><span style=\"color: #3366ff;\">\u00a0\u010c<span style=\"color: #3366ff;\">\u00e1ste\u010dn\u00fd \u0159ez (gilotina)<\/span><\/span><\/td>\n<\/tr>\n<tr>\n<td width=\"40%\"><span style=\"color: #3366ff;\">\u0160\u00ed\u0159ka pap\u00edru<\/span><\/td>\n<td width=\"59%\"><span style=\"color: #3366ff;\">\u00a080mm standardn\u00ed (58mm s vod\u00edtkem pap\u00edru)<\/span><\/td>\n<\/tr>\n<tr>\n<td width=\"40%\"><span style=\"color: #3366ff;\">Tlou\u0161\u0165ka pap\u00edru<\/span><\/td>\n<td width=\"59%\"><span style=\"color: #3366ff;\">\u00a00.053 \u2013 0.085mm<\/span><\/td>\n<\/tr>\n<tr>\n<td width=\"40%\"><span style=\"color: #3366ff;\">Role pap\u00edru (max pr\u016fm\u011br)<\/span><\/td>\n<td width=\"59%\"><span style=\"color: #3366ff;\">\u00a083mm<\/span><\/td>\n<\/tr>\n<tr>\n<td width=\"40%\"><span style=\"color: #3366ff;\">P\u0159\u00edslu\u0161enstv\u00ed<\/span><\/td>\n<td width=\"59%\"><span style=\"color: #3366ff;\">\u00a0Mont\u00e1\u017en\u00ed konzole na ze\u010f &amp;\u00a0vod\u00edtko pap\u00edru<\/span><\/td>\n<\/tr>\n<tr>\n<td width=\"40%\"><span style=\"color: #3366ff;\">\u0160\u00ed\u0159ka tisku<\/span><\/td>\n<td width=\"59%\"><span style=\"color: #3366ff;\">\u00a072mm (58.5 \/ 50.8mm)<\/span><\/td>\n<\/tr>\n<tr>\n<td width=\"40%\"><span style=\"color: #3366ff;\">Senzory<\/span><\/td>\n<td width=\"59%\"><span style=\"color: #3366ff;\">\u00a0Black Mark, konce pap\u00edru,\u00a0otev\u0159en\u00fd kryt, Near End\u00a0Horizont\u00e1ln\u00ed &amp; Vertik\u00e1ln\u00ed<\/span><\/td>\n<\/tr>\n<tr>\n<td width=\"40%\"><span style=\"color: #3366ff;\">Rozhran\u00ed<\/span><\/td>\n<td width=\"59%\"><span style=\"color: #3366ff;\">\u00a0Ethernet, 4 USB hosts, 1 USB slave, Audio Line IN \/ OUT,Pokladn\u00ed z\u00e1suvka\u00a0kick, Micro SD karta<\/span><\/td>\n<\/tr>\n<tr>\n<td width=\"40%\"><span style=\"color: #3366ff;\">Unique Ethernet Print on Disconnection Feature<\/span><\/td>\n<td width=\"59%\"><span style=\"color: #3366ff;\">\u00a0<\/span><\/td>\n<\/tr>\n<tr>\n<td width=\"40%\"><span style=\"color: #3366ff;\">Nap\u00e1jec\u00ed zdroj<\/span><\/td>\n<td width=\"59%\"><span style=\"color: #3366ff;\">\u00a0Intern\u00ed adapt\u00e9r je sou\u010d\u00e1st\u00ed dod\u00e1vky s nap\u00e1jec\u00edm kabelem (PS-60A)<\/span><\/td>\n<\/tr>\n<tr>\n<td width=\"40%\"><span style=\"color: #3366ff;\">Spot\u0159eba energie<\/span><\/td>\n<td width=\"59%\"><span style=\"color: #3366ff;\">\u00a01.75 Amps tisk, 0.36 Amps pohotovostn\u00ed<\/span><\/td>\n<\/tr>\n<tr>\n<td width=\"40%\"><span style=\"color: #3366ff;\">Energy Star<\/span><\/td>\n<td width=\"59%\"><span style=\"color: #3366ff;\">\u00a0<\/span><\/td>\n<\/tr>\n<tr>\n<td width=\"40%\"><span style=\"color: #3366ff;\">Spolehlivost<\/span><\/td>\n<td width=\"59%\"><span style=\"color: #3366ff;\">\u00a060\u00a0milion \u0159\u00e1dk\u016f\u00a02 miliony \u0159ez\u016f<\/span><\/td>\n<\/tr>\n<tr>\n<td width=\"40%\"><span style=\"color: #3366ff;\">Rozm\u011bry (\u0161 x h x v)mm a v\u00e1ha<\/span><\/td>\n<td width=\"59%\"><span style=\"color: #3366ff;\">\u00a0180 x 162 x 367.5mm, 3.5kg<\/span><\/td>\n<\/tr>\n<tr>\n<td width=\"40%\"><span style=\"color: #3366ff;\">Dopl\u0148kov\u00e9 funkce<\/span><\/td>\n<td width=\"59%\"><span style=\"color: #3366ff;\">&#8211; Individu\u00e1ln\u00ed \/ Kombinovan\u00e1 1D \/ 2D \/ QR \u010d\u00e1rov\u00fdch k\u00f3d\u016f a\u00a0\u010dte\u010dka magnetick\u00fdch karet<br \/>\n&#8211; \u00a0NFC , Wi-Fi, 3G \/ 4G dongles<br \/>\n&#8211; \u00a0K -Lock Desk bezpe\u010dnostn\u00ed kabel<br \/>\n&#8211; \u00a0Micro SD karta <\/span><\/td>\n<\/tr>\n<\/tbody>\n<\/table>\n<p>&nbsp;<\/p>\n<p><span style=\"color: #3366ff;\"><strong>Galerie<\/strong><\/span><\/p>\n<div id='gallery-1' class='gallery galleryid-71 gallery-columns-4 gallery-size-full'><figure class='gallery-item'>\n\t\t\t<div class='gallery-icon landscape'>\n\t\t\t\t<a href='https:\/\/star.starmicronics.cz\/wp-content\/uploads\/2015\/04\/AsuraCPRNT_bezel-nggid0298-ngg0dyn-150x150x100-00f0w010c010r110f110r010t010.jpg' rel=\"lightbox[71]\"><img loading=\"lazy\" decoding=\"async\" width=\"150\" height=\"150\" src=\"https:\/\/star.starmicronics.cz\/wp-content\/uploads\/2015\/04\/AsuraCPRNT_bezel-nggid0298-ngg0dyn-150x150x100-00f0w010c010r110f110r010t010.jpg\" class=\"attachment-full size-full\" alt=\"\" aria-describedby=\"gallery-1-342\" \/><\/a>\n\t\t\t<\/div>\n\t\t\t\t<figcaption class='wp-caption-text gallery-caption' id='gallery-1-342'>\n\t\t\t\tAsuraCPRNT bezel\n\t\t\t\t<\/figcaption><\/figure><figure class='gallery-item'>\n\t\t\t<div class='gallery-icon landscape'>\n\t\t\t\t<a href='https:\/\/star.starmicronics.cz\/wp-content\/uploads\/2015\/04\/AsuraCPRNT_front-nggid0299-ngg0dyn-150x150x100-00f0w010c010r110f110r010t010-e1465200325687.jpg' rel=\"lightbox[71]\"><img loading=\"lazy\" decoding=\"async\" width=\"150\" height=\"150\" src=\"https:\/\/star.starmicronics.cz\/wp-content\/uploads\/2015\/04\/AsuraCPRNT_front-nggid0299-ngg0dyn-150x150x100-00f0w010c010r110f110r010t010-e1465200325687.jpg\" class=\"attachment-full size-full\" alt=\"\" aria-describedby=\"gallery-1-343\" \/><\/a>\n\t\t\t<\/div>\n\t\t\t\t<figcaption class='wp-caption-text gallery-caption' id='gallery-1-343'>\n\t\t\t\tAsuraCPRNT\n\t\t\t\t<\/figcaption><\/figure><figure class='gallery-item'>\n\t\t\t<div class='gallery-icon landscape'>\n\t\t\t\t<a href='https:\/\/star.starmicronics.cz\/wp-content\/uploads\/2015\/04\/AsuraCPRNT_pair-nggid03100-ngg0dyn-150x150x100-00f0w010c010r110f110r010t010.jpg' rel=\"lightbox[71]\"><img loading=\"lazy\" decoding=\"async\" width=\"150\" height=\"150\" src=\"https:\/\/star.starmicronics.cz\/wp-content\/uploads\/2015\/04\/AsuraCPRNT_pair-nggid03100-ngg0dyn-150x150x100-00f0w010c010r110f110r010t010.jpg\" class=\"attachment-full size-full\" alt=\"\" aria-describedby=\"gallery-1-344\" \/><\/a>\n\t\t\t<\/div>\n\t\t\t\t<figcaption class='wp-caption-text gallery-caption' id='gallery-1-344'>\n\t\t\t\tAsuraCPRNT\n\t\t\t\t<\/figcaption><\/figure><figure class='gallery-item'>\n\t\t\t<div class='gallery-icon landscape'>\n\t\t\t\t<a href='https:\/\/star.starmicronics.cz\/wp-content\/uploads\/2015\/04\/AsuraCPRNT_pole-nggid0297-ngg0dyn-150x150x100-00f0w010c010r110f110r010t010.jpg' rel=\"lightbox[71]\"><img loading=\"lazy\" decoding=\"async\" width=\"150\" height=\"150\" src=\"https:\/\/star.starmicronics.cz\/wp-content\/uploads\/2015\/04\/AsuraCPRNT_pole-nggid0297-ngg0dyn-150x150x100-00f0w010c010r110f110r010t010.jpg\" class=\"attachment-full size-full\" alt=\"\" aria-describedby=\"gallery-1-345\" \/><\/a>\n\t\t\t<\/div>\n\t\t\t\t<figcaption class='wp-caption-text gallery-caption' id='gallery-1-345'>\n\t\t\t\tAsuraCPRNT pole\n\t\t\t\t<\/figcaption><\/figure>\n\t\t<\/div>\n\n<p>&nbsp;<\/p>\n<p><span style=\"color: #3366ff;\"><strong>Souvisej\u00edc\u00ed Produkty<\/strong><\/span><\/p>\n<p><span style=\"color: #3366ff;\">AsuraCPRNT Pole<\/span><\/p>\n<p><span style=\"color: #3366ff;\">AsuraCPRNT Bezel<\/span><\/p>\n<p><span style=\"color: #3366ff;\">\u00a0<\/span><\/p>\n<div id='gallery-2' class='gallery galleryid-71 gallery-columns-3 gallery-size-thumbnail'><figure class='gallery-item'>\n\t\t\t<div class='gallery-icon landscape'>\n\t\t\t\t<img loading=\"lazy\" decoding=\"async\" width=\"150\" height=\"150\" src=\"https:\/\/star.starmicronics.cz\/wp-content\/uploads\/2015\/04\/asuracprnt_bezel-150x150.jpg\" class=\"attachment-thumbnail size-thumbnail\" alt=\"\" aria-describedby=\"gallery-2-72\" \/>\n\t\t\t<\/div>\n\t\t\t\t<figcaption class='wp-caption-text gallery-caption' id='gallery-2-72'>\n\t\t\t\tAsuraCPRNT Bezel\n\t\t\t\t<\/figcaption><\/figure><figure class='gallery-item'>\n\t\t\t<div class='gallery-icon portrait'>\n\t\t\t\t<img loading=\"lazy\" decoding=\"async\" width=\"150\" height=\"150\" src=\"https:\/\/star.starmicronics.cz\/wp-content\/uploads\/2015\/04\/asuracprnt_pole-150x150.jpg\" class=\"attachment-thumbnail size-thumbnail\" alt=\"\" aria-describedby=\"gallery-2-73\" \/>\n\t\t\t<\/div>\n\t\t\t\t<figcaption class='wp-caption-text gallery-caption' id='gallery-2-73'>\n\t\t\t\tAsuraCPRNT Pole \n\t\t\t\t<\/figcaption><\/figure><figure class='gallery-item'>\n\t\t\t<div class='gallery-icon landscape'>\n\t\t\t\t<img loading=\"lazy\" decoding=\"async\" width=\"150\" height=\"150\" src=\"https:\/\/star.starmicronics.cz\/wp-content\/uploads\/2015\/04\/WebPRNT-150x150.jpg\" class=\"attachment-thumbnail size-thumbnail\" alt=\"\" aria-describedby=\"gallery-2-92\" srcset=\"https:\/\/star.starmicronics.cz\/wp-content\/uploads\/2015\/04\/WebPRNT-150x150.jpg 150w, https:\/\/star.starmicronics.cz\/wp-content\/uploads\/2015\/04\/WebPRNT-300x300.jpg 300w, https:\/\/star.starmicronics.cz\/wp-content\/uploads\/2015\/04\/WebPRNT.jpg 400w\" sizes=\"auto, (max-width: 150px) 100vw, 150px\" \/>\n\t\t\t<\/div>\n\t\t\t\t<figcaption class='wp-caption-text gallery-caption' id='gallery-2-92'>\n\t\t\t\tWebPRNT &#8211; Tisk p\u0159es webov\u00e9 rozhran\u00ed, nez\u00e1visle na platform\u011b syst\u00e9m\u016f\n\t\t\t\t<\/figcaption><\/figure>\n\t\t<\/div>\n\n<p>&nbsp;<\/p>\n","protected":false},"excerpt":{"rendered":"<p>Interaktivn\u00ed POS syst\u00e9m a mini kiosek<\/p>\n","protected":false},"author":1,"featured_media":1042,"parent":103,"menu_order":0,"comment_status":"closed","ping_status":"closed","template":"","meta":{"footnotes":"","_links_to":"","_links_to_target":""},"class_list":["post-71","page","type-page","status-publish","has-post-thumbnail","hentry"],"_links":{"self":[{"href":"https:\/\/star.starmicronics.cz\/index.php?rest_route=\/wp\/v2\/pages\/71","targetHints":{"allow":["GET"]}}],"collection":[{"href":"https:\/\/star.starmicronics.cz\/index.php?rest_route=\/wp\/v2\/pages"}],"about":[{"href":"https:\/\/star.starmicronics.cz\/index.php?rest_route=\/wp\/v2\/types\/page"}],"author":[{"embeddable":true,"href":"https:\/\/star.starmicronics.cz\/index.php?rest_route=\/wp\/v2\/users\/1"}],"replies":[{"embeddable":true,"href":"https:\/\/star.starmicronics.cz\/index.php?rest_route=%2Fwp%2Fv2%2Fcomments&post=71"}],"version-history":[{"count":2,"href":"https:\/\/star.starmicronics.cz\/index.php?rest_route=\/wp\/v2\/pages\/71\/revisions"}],"predecessor-version":[{"id":1588,"href":"https:\/\/star.starmicronics.cz\/index.php?rest_route=\/wp\/v2\/pages\/71\/revisions\/1588"}],"up":[{"embeddable":true,"href":"https:\/\/star.starmicronics.cz\/index.php?rest_route=\/wp\/v2\/pages\/103"}],"wp:featuredmedia":[{"embeddable":true,"href":"https:\/\/star.starmicronics.cz\/index.php?rest_route=\/wp\/v2\/media\/1042"}],"wp:attachment":[{"href":"https:\/\/star.starmicronics.cz\/index.php?rest_route=%2Fwp%2Fv2%2Fmedia&parent=71"}],"curies":[{"name":"wp","href":"https:\/\/api.w.org\/{rel}","templated":true}]}}