{"id":480,"date":"2015-04-27T11:19:17","date_gmt":"2015-04-27T10:19:17","guid":{"rendered":"http:\/\/star.starmicronics.cz\/?page_id=480"},"modified":"2016-05-06T22:41:22","modified_gmt":"2016-05-06T21:41:22","slug":"tsp650ii-2","status":"publish","type":"page","link":"https:\/\/star.starmicronics.cz\/?page_id=480","title":{"rendered":"TSP650II"},"content":{"rendered":"<p>&nbsp;<\/p>\n<figure id=\"attachment_482\" aria-describedby=\"caption-attachment-482\" style=\"width: 250px\" class=\"wp-caption alignleft\"><a href=\"http:\/\/star.starmicronics.cz\/wp-content\/uploads\/2015\/04\/TSP654-WebPRNT.png\" rel=\"lightbox[480]\"><img loading=\"lazy\" decoding=\"async\" class=\" wp-image-482\" src=\"http:\/\/star.starmicronics.cz\/wp-content\/uploads\/2015\/04\/TSP654-WebPRNT.png\" alt=\"TSP654 WebPRNT\" width=\"250\" height=\"250\" srcset=\"https:\/\/star.starmicronics.cz\/wp-content\/uploads\/2015\/04\/TSP654-WebPRNT.png 225w, https:\/\/star.starmicronics.cz\/wp-content\/uploads\/2015\/04\/TSP654-WebPRNT-150x150.png 150w\" sizes=\"auto, (max-width: 250px) 100vw, 250px\" \/><\/a><figcaption id=\"caption-attachment-482\" class=\"wp-caption-text\">TSP654 WebPRNT<\/figcaption><\/figure>\n<p><span style=\"color: #3366ff;\">TSP654II\u00a0Bez rozhran\u00ed , k dispozici v b\u00edl\u00e9 \/ \u0161ed\u00e9 <\/span><\/p>\n<p><span style=\"color: #3366ff;\">TSP654IID Serial, k dispozici v b\u00edl\u00e9 \/ \u0161ed\u00e9<\/span><\/p>\n<p><span style=\"color: #3366ff;\">TSP654IIC Paraleln\u00ed , k dispozici v b\u00edl\u00e9 \/ \u0161ed\u00e9<\/span><\/p>\n<p><span style=\"color: #3366ff;\">TSP654IIE Ethernet , k dispozici v \u0161ed\u00e9<\/span><\/p>\n<p><span style=\"color: #3366ff;\">TSP654IIU USB , k dispozici v \u0161ed\u00e9<\/span><\/p>\n<p><span style=\"color: #3366ff;\">TSP654IIBI Bluetooth , k dispozici v b\u00edl\u00e9 \/ \u0161ed\u00e9<\/span><\/p>\n<p><span style=\"color: #3366ff;\">TSP654II WebPRNT\u00a0,\u00a0k dispozici v \u0161ed\u00e9<\/span><\/p>\n<p><span style=\"color: #3366ff;\"><strong>TSP &#8211; 650II &#8211; jeden model s\u00a0n\u011bkolika mo\u017enostmi\u00a0upgradu<\/strong><\/span><\/p>\n<p><span style=\"color: #3366ff;\">Levn\u00e1 tisk\u00e1rna\u00a0, 300mm\/s POS tisk\u00e1rna \u00fa\u010dtenek.<\/span><\/p>\n<p><span style=\"color: #3366ff;\">Rychl\u00e1 300mm\/sekundu\u00a0a levn\u00e1\u00a0term\u00e1ln\u00ed\u00a0tisk\u00e1rna \u00fa\u010dtenek \u0159ady TSP650II nab\u00edz\u00ed v\u0161estrannost na v\u0161ech \u00farovn\u00edch s \u0159adou mo\u017enost\u00ed p\u0159ipojen\u00ed pro EPOS a MPOS , v\u010detn\u011b Ethernet, Bluetooth a n\u00edzkon\u00e1kladov\u00e9 WiFi rozhran\u00ed se Star WiFi Power Pack .<\/span><\/p>\n<p><span style=\"color: #3366ff;\">TSP650II kombinuje vysokou kvalitu tisku se spolehlivost\u00ed , jednoduch\u00e9 funkce set &#8211; up a marketing software\u00a0Star AutoLogo \u2122 &#8211; to v\u0161e za skv\u011blou cenu .<\/span><\/p>\n<p><span style=\"color: #3366ff;\">Intuitivn\u00ed software\u00a0Developer\u00a0Kits pro iOS , Android , Windows a Linux jsou k dispozici ke sta\u017een\u00ed s Apple , Android a Windows tablet pro mobiln\u00ed\u00a0POS tisk v maloobchodu, pohostinstv\u00ed, mobiln\u00ed j\u00edzdenky a \u0159\u00edzen\u00ed logistiky .\u00a0<\/span><\/p>\n<p>&nbsp;<\/p>\n<p><span style=\"color: #3366ff;\"><strong><span style=\"text-decoration: underline;\">TSP654II<\/span><\/strong><\/span><\/p>\n<p><span style=\"color: #3366ff;\">Rychl\u00e1 samostatn\u00e1 tisk\u00e1rna \u00fa\u010dtenek\u00a0tiskne \u00fa\u010dty\u00a0a vstupenky\u00a0rychlost\u00ed 300 mm \/ sec , vysok\u00e9 rozli\u0161en\u00ed tisku 203 dpi standardn\u00ed a tisk 2D \u010d\u00e1rov\u00fdch k\u00f3d\u016f, Certified Energy Star v\u010detn\u011b PS60\u00a0, senzor pro horizont\u00e1ln\u00ed a vertik\u00e1ln\u00ed pou\u017eit\u00ed, ergonomick\u00fd design s vod\u011bodoln\u00fdm krytem, Star AutoLogo funkce nez\u00e1visle p\u0159id\u00e1v\u00e1 loga a kup\u00f3ny k\u00a0\u00fa\u010dtenk\u00e1m ,\u00a0snadn\u00e9 &#8220;Drop -In a Print&#8220; na\u010d\u00edt\u00e1n\u00ed , vym\u011bniteln\u00e9 z\u00e1suvn\u00e9 rozhran\u00ed umo\u017e\u0148uj\u00edc\u00ed upgrade jednoduch\u00fdm syst\u00e9mem<\/span><\/p>\n<p><span style=\"color: #3366ff;\"><strong>TSP654IIBI Bluetooth<\/strong> \u2013 P\u0159ipoj\u00ed se \u00a0snadno z Apple iOS Bluetooth na Android , Out- of- the-box bezdr\u00e1tov\u00fd tisk stoln\u00edho\u00a0\u0159e\u0161en\u00ed , Applu m\u011bnov\u00e9 finan\u010dn\u00ed instituce ov\u011b\u0159ily &#8211; dvojice s iPad, iPhone , iPod Touch , stejn\u011b jako v\u0161echna za\u0159\u00edzen\u00ed Bluetooth podporuj\u00edc\u00ed Serial Port Profile ( SPP ) , kompatibiln\u00ed s hlavn\u00edmi opera\u010dn\u00edmi syst\u00e9my , v\u010detn\u011b Apple iOS , Android , Windows , Linux kapesn\u00edch za\u0159\u00edzen\u00ed umo\u017e\u0148uj\u00edc\u00edch u\u017eivateli , aby bez probl\u00e9m\u016f p\u0159enesl data\u00a0na jin\u00fd opera\u010dn\u00ed syst\u00e9m , v p\u0159\u00edpad\u011b pot\u0159eby , Demo Apps jsou k dispozici na Google Play a v\u00a0obchodu iTunes , HTML WebPRNT Tablet Software Bridge\u00a0je k dispozici od Google Play \/ App Store , AutoConnect funkce umo\u017e\u0148uje\u00a0se p\u0159ipojit k posledn\u00edmu hostiteli.<\/span><\/p>\n<p><span style=\"color: #3366ff;\"><strong>TSP654II WebPRNT<\/strong> \u2013 Out-of &#8211; the-box stoln\u00edm cloud\u00a0, kter\u00fd \u0159e\u0161\u00ed tisk\u00a0, snadn\u00e9 a jednoduch\u00e9 pou\u017eit\u00ed\u00a0,kter\u00e9 vyu\u017e\u00edv\u00e1 opera\u010dn\u00ed platformu\u00a0, BYOD ( Bring Your Own Device ) kompatibiln\u00ed 1) Tisk od z\u00e1kazn\u00edk\u016f z\u00a0mobiln\u00edch telefon\u016f , tablet\u016f , atd s nulovou instalac\u00ed softwaru 2 ) tisk konzistentn\u00edch\u00a0\u00fa\u010dtenek z libovoln\u00e9ho webov\u00e9ho prohl\u00ed\u017ee\u010de s nulovou z\u00e1vislost\u00ed na\u00a0platform\u011b ,\u00a0pln\u00e1 podpora.<\/span><\/p>\n<p><span style=\"color: #3366ff;\"><strong>TSP654SK Re-Stick<\/strong> \u2013 Term\u00e1ln\u00ed Post -It\u00a0 \u0159e\u0161en\u00ed pro POS trh, poskytuje ide\u00e1ln\u00ed &#8220;RE &#8211; Stick&#8220; z\u00e1kaznick\u00e9 \u0159e\u0161en\u00ed pro Pizzerie , Take- Out , Kav\u00e1rny , propaga\u010dn\u00ed Couponing , speci\u00e1ln\u00ed rychl\u00e9 ob\u010derstven\u00ed pro objedn\u00e1vky atd. , sn\u00ed\u017een\u00e1 rychlost verze TSP650 navr\u017eena tak, aby byla \u0161etrn\u00e1 k \u017eivotn\u00edmu prost\u0159ed\u00ed.<\/span><\/p>\n<p>&nbsp;<\/p>\n<p><span style=\"color: #3366ff;\"><strong>Vlastnosti:<\/strong><\/span><\/p>\n<ul>\n<li><span style=\"color: #3366ff;\">Vysoce v\u00fdkonn\u00fd tisk 300 mm za sekundu<\/span><\/li>\n<li><span style=\"color: #3366ff;\">&#8222;Drop-In &amp; Print&#8220; snadn\u00e9 zakl\u00e1d\u00e1n\u00ed pap\u00edru<\/span><\/li>\n<li><span style=\"color: #3366ff;\">Vysok\u00e1 kvalita tisku 203 dpi s mo\u017enost\u00ed tisku \u010d\u00e1rov\u00e9ho k\u00f3du , v\u010detn\u011b 2D k\u00f3d\u016f<\/span><\/li>\n<li><span style=\"color: #3366ff;\">Kompaktn\u00ed horizont\u00e1ln\u00ed nebo vertik\u00e1ln\u00ed dr\u017e\u00e1k\u00a0a v\u00fdb\u011br ze dvou pap\u00edr\u016f o \u0161\u00ed\u0159ce 58 mm nebo 80 mm<\/span><\/li>\n<li><span style=\"color: #3366ff;\">6mil \u0159\u00e1dk\u016f spolehlivost CRT a kompatibilita s v\u011bt\u0161inou opera\u010dn\u00edch platforem<\/span><\/li>\n<li><span style=\"color: #3366ff;\">Automatick\u00e1 \u0159eza\u010dka jako standard<\/span><\/li>\n<\/ul>\n<p><span style=\"color: #3366ff;\"><strong>Ke sta\u017een\u00ed:<\/strong><\/span><\/p>\n<ul>\n<li><span style=\"color: #000080;\"><a style=\"color: #000080;\" href=\"http:\/\/star.starmicronics.cz\/?page_id=498\" target=\"_blank\">Produktov\u00e1 bro\u017eura<\/a><\/span><\/li>\n<li><span style=\"color: #000080;\">Manual, SDK (link to <a style=\"color: #000080;\" href=\"http:\/\/www.starmicronics.com\/support\">www.starmicronics.com\/support<\/a>)<\/span><\/li>\n<li><a href=\"http:\/\/star.starmicronics.cz\/?page_id=579\"><span style=\"color: #000080;\">Galerie obr\u00e1zk\u016f<\/span><\/a><\/li>\n<li><a href=\"https:\/\/www.youtube.com\/watch?v=uI8RcHnANAM\" target=\"_blank\"><span style=\"color: #000080;\">Video galerie<\/span><\/a><\/li>\n<li><a href=\"http:\/\/star.starmicronics.cz\/?page_id=518\"><span style=\"color: #000080;\">Na\u0161i z\u00e1kazn\u00edci<\/span><\/a><\/li>\n<li><span style=\"color: #000080;\"><a style=\"color: #000080;\" href=\"https:\/\/www.apple.com\/itunes\/\" target=\"_blank\">App Store image <\/a><\/span><\/li>\n<li><span style=\"color: #000080;\"><a style=\"color: #000080;\" href=\"https:\/\/play.google.com\/store\/apps\/details?id=com.google.android.apps.plus\" target=\"_blank\">Google Play image <\/a><\/span><\/li>\n<\/ul>\n<p><a href=\"http:\/\/star.starmicronics.cz\/wp-content\/uploads\/2015\/04\/appstore_googleplay.jpg\" rel=\"lightbox[480]\"><img loading=\"lazy\" decoding=\"async\" class=\"alignnone  wp-image-347\" src=\"http:\/\/star.starmicronics.cz\/wp-content\/uploads\/2015\/04\/appstore_googleplay-300x220.jpg\" alt=\"appstore_googleplay\" width=\"125\" height=\"92\" srcset=\"https:\/\/star.starmicronics.cz\/wp-content\/uploads\/2015\/04\/appstore_googleplay-300x220.jpg 300w, https:\/\/star.starmicronics.cz\/wp-content\/uploads\/2015\/04\/appstore_googleplay-135x100.jpg 135w, https:\/\/star.starmicronics.cz\/wp-content\/uploads\/2015\/04\/appstore_googleplay.jpg 425w\" sizes=\"auto, (max-width: 125px) 100vw, 125px\" \/><\/a><\/p>\n<p><span style=\"color: #3366ff;\"><strong>Specifikace<\/strong><\/span><\/p>\n<table style=\"height: 1353px;\" width=\"694\">\n<tbody>\n<tr>\n<td><span style=\"color: #3366ff;\">Rychlost tisku<\/span><\/td>\n<td width=\"70%\"><span style=\"color: #3366ff;\">300mm\/sec.<\/span><\/td>\n<\/tr>\n<tr>\n<td><span style=\"color: #3366ff;\">Rozli\u0161en\u00ed tisku<\/span><\/td>\n<td width=\"70%\"><span style=\"color: #3366ff;\">203 dpi<\/span><\/td>\n<\/tr>\n<tr>\n<td><span style=\"color: #3366ff;\">Po\u010det sloupc\u016f<\/span><\/td>\n<td width=\"70%\"><span style=\"color: #3366ff;\">48 \/ 64 sl.<\/span><\/td>\n<\/tr>\n<tr>\n<td><span style=\"color: #3366ff;\">Automatick\u00e1 \u0159eza\u010dka<\/span><\/td>\n<td width=\"70%\"><span style=\"color: #3366ff;\">\u0159eza\u010dka s \u010d\u00e1ste\u010dn\u00fdm \u0159ezem(gilotina)<\/span><\/td>\n<\/tr>\n<tr>\n<td><span style=\"color: #3366ff;\">\u0160\u00ed\u0159ka pap\u00edru<\/span><\/td>\n<td width=\"70%\"><span style=\"color: #3366ff;\">80mm (58mm s dod\u00e1van\u00fdm vod\u00edtkem)<\/span><\/td>\n<\/tr>\n<tr>\n<td><span style=\"color: #3366ff;\">Tlou\u0161\u0165ka<\/span><\/td>\n<td width=\"70%\"><span style=\"color: #3366ff;\">0.053 \u2013 0.085mm<\/span><\/td>\n<\/tr>\n<tr>\n<td><span style=\"color: #3366ff;\">Role pap\u00edru (pr\u016fm\u011br)<\/span><\/td>\n<td width=\"70%\"><span style=\"color: #3366ff;\">83mm<\/span><\/td>\n<\/tr>\n<tr>\n<td><span style=\"color: #3366ff;\">P\u0159\u00edslu\u0161enstv\u00ed<\/span><\/td>\n<td width=\"70%\"><span style=\"color: #3366ff;\">Voliteln\u00e9, zahrnut dr\u017e\u00e1k na pap\u00edr<\/span><\/td>\n<\/tr>\n<tr>\n<td><span style=\"color: #3366ff;\">\u0160\u00ed\u0159ka tisku<\/span><\/td>\n<td width=\"70%\"><span style=\"color: #3366ff;\">50.8mm (58mm Pap\u00edr) 72mm (80mm Pap\u00edr)<\/span><\/td>\n<\/tr>\n<tr>\n<td><span style=\"color: #3366ff;\">Senzory<\/span><\/td>\n<td width=\"70%\"><span style=\"color: #3366ff;\">Otev\u0159en\u00fd kryt a do\u0161l\u00fd pap\u00edr,\u00a0horizont\u00e1ln\u00ed a vertik\u00e1ln\u00ed<\/span><\/td>\n<\/tr>\n<tr>\n<td><span style=\"color: #3366ff;\">Rozhran\u00ed<\/span><\/td>\n<td width=\"70%\"><span style=\"color: #3366ff;\">Serial, Paraleln\u00ed, USB,\u00a0Bluetooth (TSP654IIBTi),\u00a0Ethernet, (Apple iOS,\u00a0Android, Windows) a bez rozhran\u00ed.Plug-In:\u00a0Serial (IFBD-HD03),\u00a09-pin Serial (HN03),\u00a0Paraleln\u00ed (HC03),\u00a0Ethernet (HE07),\u00a0WebPRNT (HE07X)<\/span><\/td>\n<\/tr>\n<tr>\n<td><span style=\"color: #3366ff;\">Unique Ethernet Print on Disconnection Feature<\/span><\/td>\n<td width=\"70%\"><span style=\"color: #3366ff;\">Standardn\u00ed s IFBD-HE07 volbou<\/span><\/td>\n<\/tr>\n<tr>\n<td><span style=\"color: #3366ff;\">Nap\u00e1jec\u00ed zdroj<\/span><\/td>\n<td width=\"70%\"><span style=\"color: #3366ff;\">Zapot\u0159eb\u00ed extern\u00ed nap\u00e1jec\u00ed zdroj PS60A . Extern\u00ed PS60A je k dispozici u v\u0161ech verz\u00ed t\u00e9to \u0159ady tisk\u00e1ren bez p\u0159\u00edplatku p\u0159i n\u00e1kupu pomoc\u00ed \u010d\u00edsla d\u00edlu &#8220; kit &#8220; . <\/span><\/td>\n<\/tr>\n<tr>\n<td><span style=\"color: #3366ff;\">Spot\u0159eba energie<\/span><\/td>\n<td width=\"70%\"><span style=\"color: #3366ff;\">1.9 Amps tisk 0.15 Amps pohotovostn\u00ed<\/span><\/td>\n<\/tr>\n<tr>\n<td><span style=\"color: #3366ff;\">Energy Star<\/span><\/td>\n<td width=\"70%\"><span style=\"color: #3366ff;\">Extern\u00ed, Energy Star Qualified PS60 ( Dobrovoln\u00fd)<\/span><\/td>\n<\/tr>\n<tr>\n<td><span style=\"color: #3366ff;\">Spolehlivost<\/span><\/td>\n<td width=\"70%\"><span style=\"color: #3366ff;\">60\u00a0milion \u0159\u00e1dk\u016f\u00a02 miliony \u0159ez\u016f<\/span><\/td>\n<\/tr>\n<tr>\n<td><span style=\"color: #3366ff;\">Rozm\u011bry (\u0161 x h x v)mm a v\u00e1ha<\/span><\/td>\n<td width=\"70%\"><span style=\"color: #3366ff;\">142 x 203.5 x 132 1.60kg<\/span><\/td>\n<\/tr>\n<tr>\n<td><span style=\"color: #3366ff;\">Dopl\u0148kov\u00e9 funkce<\/span><\/td>\n<td width=\"70%\"><span style=\"color: #3366ff;\">-T100 \/ 650 vod\u011bodoln\u00fd kryt<br \/>\n-VS &#8211; T650 \/ 100 Stojan pro vertik\u00e1ln\u00ed pou\u017eit\u00ed<br \/>\n-Plug -in rozhran\u00ed<br \/>\n-&#8220; Plug -In &#8220; \u0159e\u0161en\u00ed WebPRNT rozhran\u00ed pro jednoduch\u00fd webov\u00fd tisk<br \/>\n-Star WebPRNT Browser Download volbou pro TSP654IIBTi z App Store a Google Play<\/span><\/td>\n<\/tr>\n<\/tbody>\n<\/table>\n<p>&nbsp;<\/p>\n<p><span style=\"color: #3366ff;\"><strong>Galerie<\/strong><\/span><\/p>\n<div id='gallery-1' class='gallery galleryid-480 gallery-columns-4 gallery-size-full'><figure class='gallery-item'>\n\t\t\t<div class='gallery-icon landscape'>\n\t\t\t\t<a href='https:\/\/star.starmicronics.cz\/wp-content\/uploads\/2015\/04\/TSP654IIBI.jpg' rel=\"lightbox[480]\"><img loading=\"lazy\" decoding=\"async\" width=\"240\" height=\"168\" src=\"https:\/\/star.starmicronics.cz\/wp-content\/uploads\/2015\/04\/TSP654IIBI.jpg\" class=\"attachment-full size-full\" alt=\"\" aria-describedby=\"gallery-1-481\" \/><\/a>\n\t\t\t<\/div>\n\t\t\t\t<figcaption class='wp-caption-text gallery-caption' id='gallery-1-481'>\n\t\t\t\tTSP654IIBI\n\t\t\t\t<\/figcaption><\/figure><figure class='gallery-item'>\n\t\t\t<div class='gallery-icon landscape'>\n\t\t\t\t<a href='https:\/\/star.starmicronics.cz\/wp-content\/uploads\/2015\/04\/TSP654-WebPRNT.png' rel=\"lightbox[480]\"><img loading=\"lazy\" decoding=\"async\" width=\"225\" height=\"225\" src=\"https:\/\/star.starmicronics.cz\/wp-content\/uploads\/2015\/04\/TSP654-WebPRNT.png\" class=\"attachment-full size-full\" alt=\"\" aria-describedby=\"gallery-1-482\" srcset=\"https:\/\/star.starmicronics.cz\/wp-content\/uploads\/2015\/04\/TSP654-WebPRNT.png 225w, https:\/\/star.starmicronics.cz\/wp-content\/uploads\/2015\/04\/TSP654-WebPRNT-150x150.png 150w\" sizes=\"auto, (max-width: 225px) 100vw, 225px\" \/><\/a>\n\t\t\t<\/div>\n\t\t\t\t<figcaption class='wp-caption-text gallery-caption' id='gallery-1-482'>\n\t\t\t\tTSP654 WebPRNT\n\t\t\t\t<\/figcaption><\/figure><figure class='gallery-item'>\n\t\t\t<div class='gallery-icon landscape'>\n\t\t\t\t<a href='https:\/\/star.starmicronics.cz\/wp-content\/uploads\/2015\/04\/TSP654SK.png' rel=\"lightbox[480]\"><img loading=\"lazy\" decoding=\"async\" width=\"259\" height=\"194\" src=\"https:\/\/star.starmicronics.cz\/wp-content\/uploads\/2015\/04\/TSP654SK.png\" class=\"attachment-full size-full\" alt=\"\" aria-describedby=\"gallery-1-483\" srcset=\"https:\/\/star.starmicronics.cz\/wp-content\/uploads\/2015\/04\/TSP654SK.png 259w, https:\/\/star.starmicronics.cz\/wp-content\/uploads\/2015\/04\/TSP654SK-135x100.png 135w\" sizes=\"auto, (max-width: 259px) 100vw, 259px\" \/><\/a>\n\t\t\t<\/div>\n\t\t\t\t<figcaption class='wp-caption-text gallery-caption' id='gallery-1-483'>\n\t\t\t\tTSP654SK\n\t\t\t\t<\/figcaption><\/figure>\n\t\t<\/div>\n\n<p><span style=\"color: #3366ff;\"><strong>Souvisej\u00edc\u00ed produkty<\/strong><\/span><\/p>\n<div id='gallery-2' class='gallery galleryid-480 gallery-columns-4 gallery-size-thumbnail'><figure class='gallery-item'>\n\t\t\t<div class='gallery-icon portrait'>\n\t\t\t\t<img loading=\"lazy\" decoding=\"async\" width=\"150\" height=\"150\" src=\"https:\/\/star.starmicronics.cz\/wp-content\/uploads\/2015\/04\/splash_cover-150x150.jpg\" class=\"attachment-thumbnail size-thumbnail\" alt=\"\" aria-describedby=\"gallery-2-474\" \/>\n\t\t\t<\/div>\n\t\t\t\t<figcaption class='wp-caption-text gallery-caption' id='gallery-2-474'>\n\t\t\t\tVod\u011bodoln\u00fd kryt\n\t\t\t\t<\/figcaption><\/figure><figure class='gallery-item'>\n\t\t\t<div class='gallery-icon landscape'>\n\t\t\t\t<img loading=\"lazy\" decoding=\"async\" width=\"150\" height=\"150\" src=\"https:\/\/star.starmicronics.cz\/wp-content\/uploads\/2015\/04\/wifi_powerpack-150x150.jpg\" class=\"attachment-thumbnail size-thumbnail\" alt=\"\" aria-describedby=\"gallery-2-145\" srcset=\"https:\/\/star.starmicronics.cz\/wp-content\/uploads\/2015\/04\/wifi_powerpack-150x150.jpg 150w, https:\/\/star.starmicronics.cz\/wp-content\/uploads\/2015\/04\/wifi_powerpack-300x300.jpg 300w, https:\/\/star.starmicronics.cz\/wp-content\/uploads\/2015\/04\/wifi_powerpack.jpg 425w\" sizes=\"auto, (max-width: 150px) 100vw, 150px\" \/>\n\t\t\t<\/div>\n\t\t\t\t<figcaption class='wp-caption-text gallery-caption' id='gallery-2-145'>\n\t\t\t\tWifi Power Pack\n\t\t\t\t<\/figcaption><\/figure><figure class='gallery-item'>\n\t\t\t<div class='gallery-icon portrait'>\n\t\t\t\t<img loading=\"lazy\" decoding=\"async\" width=\"150\" height=\"150\" src=\"https:\/\/star.starmicronics.cz\/wp-content\/uploads\/2015\/04\/star_ps60_power_supply1-150x150.jpg\" class=\"attachment-thumbnail size-thumbnail\" alt=\"\" aria-describedby=\"gallery-2-459\" \/>\n\t\t\t<\/div>\n\t\t\t\t<figcaption class='wp-caption-text gallery-caption' id='gallery-2-459'>\n\t\t\t\tPS60 Nap\u00e1jec\u00ed zdroj\n\t\t\t\t<\/figcaption><\/figure><figure class='gallery-item'>\n\t\t\t<div class='gallery-icon landscape'>\n\t\t\t\t<img loading=\"lazy\" decoding=\"async\" width=\"150\" height=\"150\" src=\"https:\/\/star.starmicronics.cz\/wp-content\/uploads\/2015\/04\/WebPRNT1-150x150.jpg\" class=\"attachment-thumbnail size-thumbnail\" alt=\"\" aria-describedby=\"gallery-2-161\" srcset=\"https:\/\/star.starmicronics.cz\/wp-content\/uploads\/2015\/04\/WebPRNT1-150x150.jpg 150w, https:\/\/star.starmicronics.cz\/wp-content\/uploads\/2015\/04\/WebPRNT1-300x300.jpg 300w, https:\/\/star.starmicronics.cz\/wp-content\/uploads\/2015\/04\/WebPRNT1.jpg 400w\" sizes=\"auto, (max-width: 150px) 100vw, 150px\" \/>\n\t\t\t<\/div>\n\t\t\t\t<figcaption class='wp-caption-text gallery-caption' id='gallery-2-161'>\n\t\t\t\tWebPRNT\n\t\t\t\t<\/figcaption><\/figure>\n\t\t<\/div>\n\n<p>&nbsp;<\/p>\n<div id='gallery-3' class='gallery galleryid-480 gallery-columns-4 gallery-size-thumbnail'><figure class='gallery-item'>\n\t\t\t<div class='gallery-icon portrait'>\n\t\t\t\t<img loading=\"lazy\" decoding=\"async\" width=\"150\" height=\"150\" src=\"https:\/\/star.starmicronics.cz\/wp-content\/uploads\/2015\/04\/TSP650II_deskboot-150x150.jpg\" class=\"attachment-thumbnail size-thumbnail\" alt=\"\" aria-describedby=\"gallery-3-484\" \/>\n\t\t\t<\/div>\n\t\t\t\t<figcaption class='wp-caption-text gallery-caption' id='gallery-3-484'>\n\t\t\t\tVertik\u00e1ln\u00ed stojan\n\t\t\t\t<\/figcaption><\/figure>\n\t\t<\/div>\n\n","protected":false},"excerpt":{"rendered":"<p>&nbsp; TSP654II\u00a0Bez rozhran\u00ed , k dispozici v b\u00edl\u00e9 \/ \u0161ed\u00e9 TSP654IID Serial, k dispozici v b\u00edl\u00e9 \/ \u0161ed\u00e9 TSP654IIC Paraleln\u00ed , k dispozici v b\u00edl\u00e9 \/ \u0161ed\u00e9 TSP654IIE Ethernet , k dispozici v \u0161ed\u00e9 TSP654IIU USB , k dispozici v \u0161ed\u00e9 TSP654IIBI Bluetooth , k dispozici v b\u00edl\u00e9 \/ \u0161ed\u00e9 TSP654II WebPRNT\u00a0,\u00a0k dispozici v \u0161ed\u00e9 [&hellip;]<\/p>\n","protected":false},"author":1,"featured_media":0,"parent":0,"menu_order":0,"comment_status":"closed","ping_status":"open","template":"","meta":{"footnotes":"","_links_to":"","_links_to_target":""},"class_list":["post-480","page","type-page","status-publish","hentry"],"_links":{"self":[{"href":"https:\/\/star.starmicronics.cz\/index.php?rest_route=\/wp\/v2\/pages\/480","targetHints":{"allow":["GET"]}}],"collection":[{"href":"https:\/\/star.starmicronics.cz\/index.php?rest_route=\/wp\/v2\/pages"}],"about":[{"href":"https:\/\/star.starmicronics.cz\/index.php?rest_route=\/wp\/v2\/types\/page"}],"author":[{"embeddable":true,"href":"https:\/\/star.starmicronics.cz\/index.php?rest_route=\/wp\/v2\/users\/1"}],"replies":[{"embeddable":true,"href":"https:\/\/star.starmicronics.cz\/index.php?rest_route=%2Fwp%2Fv2%2Fcomments&post=480"}],"version-history":[{"count":0,"href":"https:\/\/star.starmicronics.cz\/index.php?rest_route=\/wp\/v2\/pages\/480\/revisions"}],"wp:attachment":[{"href":"https:\/\/star.starmicronics.cz\/index.php?rest_route=%2Fwp%2Fv2%2Fmedia&parent=480"}],"curies":[{"name":"wp","href":"https:\/\/api.w.org\/{rel}","templated":true}]}}