{"id":267,"date":"2015-04-23T12:42:23","date_gmt":"2015-04-23T11:42:23","guid":{"rendered":"http:\/\/star.starmicronics.cz\/?page_id=267"},"modified":"2016-05-15T21:50:10","modified_gmt":"2016-05-15T20:50:10","slug":"sm-t400i","status":"publish","type":"page","link":"https:\/\/star.starmicronics.cz\/?page_id=267","title":{"rendered":"SM-T400i"},"content":{"rendered":"<figure id=\"attachment_439\" aria-describedby=\"caption-attachment-439\" style=\"width: 210px\" class=\"wp-caption alignleft\"><a href=\"http:\/\/star.starmicronics.cz\/wp-content\/uploads\/2015\/04\/SMT400i_front.jpg\" rel=\"lightbox[267]\"><img loading=\"lazy\" decoding=\"async\" class=\" wp-image-439\" src=\"http:\/\/star.starmicronics.cz\/wp-content\/uploads\/2015\/04\/SMT400i_front-259x300.jpg\" alt=\"SMT400i\" width=\"210\" height=\"243\" \/><\/a><figcaption id=\"caption-attachment-439\" class=\"wp-caption-text\">SMT400i<\/figcaption><\/figure>\n<p><span lang=\"EN-GB\" style=\"font-family: Arial, sans-serif; font-size: 12pt;\">SM-T400i bez MSR<\/span><\/p>\n<p><span lang=\"EN-GB\" style=\"font-family: Arial, sans-serif; font-size: 12pt;\">SM-T404i Bluetooth s\u00a0MSR<\/span><\/p>\n<p>&nbsp;<\/p>\n<p><b><span lang=\"EN-GB\" style=\"font-family: 'Arial','sans-serif'; font-size: 12pt;\">SM-T400i 4\u201d (112mm) <strong>robustn\u00ed mobiln\u00ed tisk\u00e1rna pro iOS, Android, Windows, p\u0159ipojen\u00ed Bluetooth<\/strong><\/span><\/b><\/p>\n<p><span class=\"hps\">SM<\/span><span class=\"atn\">&#8211;<\/span>T400i <span class=\"hps\">je<\/span> <span class=\"hps\">robustn\u00ed<\/span> <span class=\"hps\">mobiln\u00ed<\/span> <span class=\"hps\">tisk\u00e1rna, kter\u00e1<\/span>\u00a0<span class=\"hps\">nab\u00edz\u00ed<\/span> <span class=\"hps\">jednoduch\u00fd,<\/span> <span class=\"hps\">inteligentn\u00ed<\/span> <span class=\"hps\">tisk<\/span> <span class=\"hps\">Bluetooth<\/span>; <span class=\"hps\">kompatibiln\u00ed<\/span> <span class=\"hps\">se v\u0161emi hlavn\u00edmi<\/span> <span class=\"hps\">opera\u010dn\u00edmi syst\u00e9my<\/span>, v\u010detn\u011b <span class=\"hps\">iOS<\/span> <span class=\"hps\">\u2122<\/span>, <span class=\"hps\">Android<\/span> <span class=\"hps\">\u2122<\/span>, <span class=\"hps\">Windows<\/span> <span class=\"hps\">\u2122<\/span> <span class=\"hps\">a<\/span> <span class=\"hps\">Linux<\/span> <span class=\"hps\">\u2122<\/span><\/p>\n<p>SM<span class=\"atn\">&#8211;<\/span>T400i <span class=\"hps\">nab\u00edz\u00ed<\/span> <span class=\"hps\">pokro\u010dil\u00e9<\/span> <span class=\"hps\">Apple<\/span> <span class=\"hps\">Inc., certifikaci<\/span> MFi<span class=\"hps\">,<\/span>\u00a0 kter\u00e1 j\u00ed umo\u017e\u0148uje <span class=\"hps\">sp\u00e1rovat<\/span> <span class=\"hps\">s<\/span> <span class=\"hps\">iPad\u00ae<\/span>, <span class=\"hps\">iPhone\u00ae<\/span> <span class=\"hps\">a iPod<\/span> <span class=\"hps\">touch\u00ae<\/span> <span class=\"hps\">spolu se v\u0161emi<\/span> <span class=\"hps\">Bluetooth<\/span> <span class=\"hps\">SPP<\/span> <span class=\"hps atn\">(<\/span>Serial Port <span class=\"hps\">Profile<\/span>) za\u0159\u00edzen\u00edmi <span class=\"hps\">s p\u0159\u00eddavn\u00fdm<\/span> <span class=\"hps\">s\u00e9riov\u00fdm<\/span> <span class=\"hps\">p\u0159ipojen\u00edm a zaji\u0161\u0165uje<\/span>\u00a0<span class=\"hps\">flexibilitu<\/span> <span class=\"hps\">p\u0159ipojen\u00ed.<\/span><\/p>\n<p>J<span id=\"result_box\" lang=\"cs\"><span class=\"hps\">e chr\u00e1n\u011bna<\/span> <span class=\"hps\">proti prachu<\/span> <span class=\"hps\">a st\u0159\u00edkaj\u00edc\u00ed vod\u011b<\/span> <span class=\"hps\">odolnou <\/span><span class=\"hps\">konstrukc\u00ed<\/span> <span class=\"hps atn\">(<\/span>IP54 <span class=\"hps\">certifikov\u00e1no<\/span>), <span class=\"hps\">1,5m odolnost v\u016f\u010di p\u00e1du<\/span><\/span>, SM<span class=\"atn\">&#8211;<\/span>T400i <span class=\"hps\">zapad\u00e1<\/span> <span class=\"hps\">do<\/span> <span class=\"hps\">v\u011bt\u0161iny<\/span> <span class=\"hps\">prost\u0159ed\u00ed<\/span>, v\u010detn\u011b <span class=\"hps\">maloobchodu<\/span>, pohostinstv\u00ed, <span class=\"hps\">pr\u00e1ce v ter\u00e9nu<\/span> <span class=\"hps\">a<\/span> <span class=\"hps\">v\u0161ude tam, kde<\/span> <span class=\"hps\">jsou po\u017eadov\u00e1na<\/span> <span class=\"hps\">kapesn\u00ed za\u0159\u00edzen\u00ed,<\/span> <span class=\"hps\">bezprobl\u00e9mov\u011b<\/span> <span class=\"hps\">tiskne na<\/span> <span class=\"hps\">p\u0159enosn\u00e9<\/span> <span class=\"hps\">tisk\u00e1rny<\/span>.<\/p>\n<p><span class=\"hps\">Krom\u011b toho<\/span>, <span class=\"hps atn\">SM-<\/span>T400i <span class=\"hps\">nab\u00edz\u00ed<\/span> <span class=\"hps\">\u017eivotnost<\/span> <span class=\"hps\">baterie<\/span> <span class=\"hps\">24 hodin<\/span> <span class=\"hps\">(tisk<\/span> <span class=\"hps\">p\u0159i 5<\/span> <span class=\"hps\">minutov\u00fdch intervalech<\/span>); <span class=\"hps\">vysok\u00e1 spolehlivost<\/span>; s <span class=\"hps\">rychlost\u00ed tisku<\/span> <span class=\"hps\">80 mm<\/span> <span class=\"hps\">za sekundu<\/span>; <span class=\"hps\">intuitivn\u00ed<\/span> <span class=\"hps\">LCD displej<\/span>, <span class=\"hps atn\">jednoduch\u00e9 &#8222;<\/span>Drop<span class=\"atn\">&#8211;<\/span>In &amp; <span class=\"hps\">Print<\/span>&#8220; v<span class=\"hps\">kl\u00e1d\u00e1n\u00ed pap\u00edru<\/span> <span class=\"hps\">a snadn\u00e9 nastaven\u00ed<\/span> <span class=\"hps\">za\u0159\u00edzen\u00ed.<\/span><\/p>\n<p>&nbsp;<\/p>\n<p><strong>Vlastnosti:<\/strong><\/p>\n<ul>\n<li>Certifikov\u00e1ny MFi\u00a0\u2013 p\u00e1rov\u00e1no s iPadem. iPhonem a iPodem Touch stejn\u011b tak, jako Bluetooth <span class=\"hps\">za\u0159\u00edzen\u00ed vyu\u017e\u00edvaj\u00edc\u00ed<\/span> <span class=\"hps\">SPP<\/span> <span class=\"hps\">s<\/span> <span class=\"hps\">kabelov\u00fdm<\/span> <span class=\"hps\">s\u00e9riov\u00fdm p\u0159ipojen\u00edm<\/span> <span class=\"hps\">RS-232<\/span><\/li>\n<li>Vysok\u00e9\u00a0<span class=\"hps\">rozli\u0161en\u00ed<\/span> <span class=\"hps\">203dpi<\/span>\u00a0s 80<span class=\"hps\">\u00a0mm<\/span> <span class=\"hps\">\/ <\/span><span class=\"hps\">rychlost\u00ed tisku<\/span>\u00a0a<span class=\"hps\"> rychlou<\/span> <span class=\"hps\">propustnost\u00ed<\/span><\/li>\n<li><span class=\"hps\">Pogumovan\u00e9<\/span> <span class=\"hps\">proveden\u00ed s<\/span> <span class=\"hps\">IP54,<\/span> <span class=\"hps\">prachu a vod\u011bodoln\u00fd certifik\u00e1t<\/span><\/li>\n<li>1,5m odolnost v\u016f\u010di p\u00e1du<\/li>\n<li>24 <span class=\"hps\">hodin<\/span> \u017e<span class=\"hps\">ivotnost<\/span> <span class=\"hps\">baterie<\/span> p\u0159i <span class=\"hps\">tisku<\/span> <span class=\"hps\">v 5<\/span> <span class=\"hps\">minutov\u00fdch intervalech<\/span><\/li>\n<li>SM-T404i m\u00e1 \u010dte\u010dku s magnetick\u00fdm prou\u017ekem<\/li>\n<\/ul>\n<p><strong>Ke sta\u017een\u00ed:<\/strong><\/p>\n<ul>\n<li><a href=\"http:\/\/star.starmicronics.cz\/?page_id=498\" target=\"_blank\">Produktov\u00e1 bro\u017eura<\/a><\/li>\n<li>Manual, SDK (link to <a href=\"http:\/\/www.starmicronics.com\/support\">www.starmicronics.com\/support<\/a>)<\/li>\n<li><a href=\"http:\/\/star.starmicronics.cz\/?page_id=579\">Galerie obr\u00e1zk\u016f<\/a><\/li>\n<li><a href=\"https:\/\/www.youtube.com\/watch?v=v5w62DFpuzE\" target=\"_blank\">Video galerie<\/a><\/li>\n<li><a href=\"http:\/\/star.starmicronics.cz\/?page_id=518\">Na\u0161i z\u00e1kazn\u00edci<\/a><\/li>\n<li><a href=\"https:\/\/www.apple.com\/itunes\/\" target=\"_blank\">App Store image <\/a><\/li>\n<li><a href=\"https:\/\/play.google.com\/store\/apps\/details?id=com.google.android.apps.plus\" target=\"_blank\">Google Play image <\/a><\/li>\n<\/ul>\n<p><a href=\"http:\/\/star.starmicronics.cz\/wp-content\/uploads\/2015\/04\/appstore_googleplay.jpg\" rel=\"lightbox[267]\"><img loading=\"lazy\" decoding=\"async\" class=\"alignnone wp-image-347\" src=\"http:\/\/star.starmicronics.cz\/wp-content\/uploads\/2015\/04\/appstore_googleplay-300x220.jpg\" alt=\"appstore_googleplay\" width=\"128\" height=\"94\" srcset=\"https:\/\/star.starmicronics.cz\/wp-content\/uploads\/2015\/04\/appstore_googleplay-300x220.jpg 300w, https:\/\/star.starmicronics.cz\/wp-content\/uploads\/2015\/04\/appstore_googleplay-135x100.jpg 135w, https:\/\/star.starmicronics.cz\/wp-content\/uploads\/2015\/04\/appstore_googleplay.jpg 425w\" sizes=\"auto, (max-width: 128px) 100vw, 128px\" \/><\/a><\/p>\n<p><strong>Specifikace<\/strong><\/p>\n<p>&nbsp;<\/p>\n<table style=\"height: 1494px;\" width=\"662\">\n<tbody>\n<tr>\n<td>Rychlost tisku<\/td>\n<td width=\"60%\">80mm\/sec.<\/td>\n<\/tr>\n<tr>\n<td>Rozli\u0161en\u00ed tisku<\/td>\n<td width=\"60%\">203 dpi<\/td>\n<\/tr>\n<tr>\n<td>Po\u010det sloupc\u016f<\/td>\n<td width=\"60%\">92 sl.<\/td>\n<\/tr>\n<tr>\n<td>Automatick\u00e1 \u0159eza\u010dka<\/td>\n<td width=\"60%\">Odtrhovac\u00ed li\u0161ta<\/td>\n<\/tr>\n<tr>\n<td>\u0160\u00ed\u0159ka pap\u00edru<\/td>\n<td width=\"60%\">112mm<\/td>\n<\/tr>\n<tr>\n<td>Tlou\u0161\u0165ka<\/td>\n<td width=\"60%\">0.06 \u2013 0.07mm<\/td>\n<\/tr>\n<tr>\n<td>Role pap\u00edru (pr\u016fm\u011br)<\/td>\n<td width=\"60%\">50mm<\/td>\n<\/tr>\n<tr>\n<td>P\u0159\u00edslu\u0161enstv\u00ed<\/td>\n<td width=\"60%\"><span class=\"hps\">Horizont\u00e1ln\u00ed<\/span> <span class=\"hps\">nebo vertik\u00e1ln\u00ed stojan<\/span>\u00a0<span class=\"hps\">s<\/span> <span class=\"hps\">p\u00e1sov\u00fdm<\/span> <span class=\"hps\">popruhem<\/span><\/td>\n<\/tr>\n<tr>\n<td>\u0160\u00ed\u0159ka tisku<\/td>\n<td width=\"60%\">104mm<\/td>\n<\/tr>\n<tr>\n<td>Senzory<\/td>\n<td width=\"60%\">Black Mark, Otev\u0159en\u00fd kryt a do\u0161l\u00fd pap\u00edr<\/td>\n<\/tr>\n<tr>\n<td>Rozhran\u00ed<\/td>\n<td width=\"60%\">Bluetooth (2.1), iOS (MFi), Serial (kabel je sou\u010d\u00e1st\u00ed balen\u00ed)<\/td>\n<\/tr>\n<tr>\n<td><strong>Odolnost v\u016f\u010di p\u00e1du<\/strong><\/td>\n<td width=\"60%\">1.5m (MSR Model: 1.2m)<\/td>\n<\/tr>\n<tr>\n<td>Nap\u00e1jec\u00ed zdroj<\/td>\n<td width=\"60%\"><span class=\"hps\">AC<\/span> <span class=\"hps\">nab\u00edje\u010dka<\/span> <span class=\"hps\">a<\/span> <span class=\"hps\">baterie<\/span> <span class=\"hps\">zahrnuty<\/span><\/td>\n<\/tr>\n<tr>\n<td>Nap\u00e1jen\u00ed\/\u017eivotnost baterie<\/td>\n<td width=\"60%\"><span class=\"hps\">7.4V<\/span> <span class=\"hps\">Nab\u00edjec\u00ed<\/span> <span class=\"hps\">baterie<\/span> <span class=\"hps\">nab\u00edz\u00ed<\/span>\u00a024<span class=\"hps\"> hodinov\u00fd<\/span> <span class=\"hps\">tisk<\/span> <span class=\"hps\">v 5<\/span> <span class=\"hps\">minutov\u00fdch intervalech<\/span><\/td>\n<\/tr>\n<tr>\n<td><strong>Spolehlivost<\/strong><\/td>\n<td width=\"60%\">50km<\/td>\n<\/tr>\n<tr>\n<td>Spolehlivost<\/td>\n<td width=\"60%\">60\u00a0milion\u016f \u0159\u00e1dk\u016f a\u00a02 miliony \u0159ez\u016f<\/td>\n<\/tr>\n<tr>\n<td>Rozm\u011bry (\u0161 x h x v)mm a v\u00e1ha<\/td>\n<td width=\"60%\">150.9 x 136.6 x 63.3 150.9 x 143.2 x 63.3 (s MSR) 735g (v\u010detn\u011b baterie)<\/td>\n<\/tr>\n<tr>\n<td>V cen\u011b p\u0159i n\u00e1kupu<\/td>\n<td width=\"60%\">\n<ul>\n<li>baterie<\/li>\n<li>vzorek role pap\u00edru<\/li>\n<li>spona na opasek<\/li>\n<li>s\u00e9riov\u00fd kabel<\/li>\n<li>nab\u00edje\u010dka<\/li>\n<li>bezpe\u010dnostn\u00ed pokyny<\/li>\n<\/ul>\n<\/td>\n<\/tr>\n<tr>\n<td>Dopl\u0148kov\u00e9 funkce<\/td>\n<td width=\"60%\">\n<ul>\n<li>4 jednotkov\u00e1 nab\u00edje\u010dka<\/li>\n<li>popruh p\u0159es rameno<\/li>\n<li>samostatn\u00e1 nab\u00edje\u010dka<\/li>\n<li>extra baterie<\/li>\n<li>nab\u00edje\u010dka do auta<\/li>\n<li>MSR verze<\/li>\n<li>Star WebPRNT prohl\u00ed\u017ee\u010d &#8211; aplikace ke sta\u017een\u00ed na App Store &amp; Google Play<\/li>\n<\/ul>\n<\/td>\n<\/tr>\n<\/tbody>\n<\/table>\n<p>&nbsp;<\/p>\n<p><strong>Galerie<\/strong><\/p>\n<div id='gallery-1' class='gallery galleryid-267 gallery-columns-4 gallery-size-medium'><figure class='gallery-item'>\n\t\t\t<div class='gallery-icon portrait'>\n\t\t\t\t<a href='https:\/\/star.starmicronics.cz\/wp-content\/uploads\/2015\/04\/SMT400i_front.jpg' rel=\"lightbox[267]\"><img loading=\"lazy\" decoding=\"async\" width=\"259\" height=\"300\" src=\"https:\/\/star.starmicronics.cz\/wp-content\/uploads\/2015\/04\/SMT400i_front-259x300.jpg\" class=\"attachment-medium size-medium\" alt=\"\" aria-describedby=\"gallery-1-439\" \/><\/a>\n\t\t\t<\/div>\n\t\t\t\t<figcaption class='wp-caption-text gallery-caption' id='gallery-1-439'>\n\t\t\t\tSMT400i\n\t\t\t\t<\/figcaption><\/figure><figure class='gallery-item'>\n\t\t\t<div class='gallery-icon portrait'>\n\t\t\t\t<a href='https:\/\/star.starmicronics.cz\/wp-content\/uploads\/2015\/04\/SMT400i_paperload.jpg' rel=\"lightbox[267]\"><img loading=\"lazy\" decoding=\"async\" width=\"295\" height=\"300\" src=\"https:\/\/star.starmicronics.cz\/wp-content\/uploads\/2015\/04\/SMT400i_paperload-295x300.jpg\" class=\"attachment-medium size-medium\" alt=\"\" aria-describedby=\"gallery-1-440\" \/><\/a>\n\t\t\t<\/div>\n\t\t\t\t<figcaption class='wp-caption-text gallery-caption' id='gallery-1-440'>\n\t\t\t\tSMT400i\n\t\t\t\t<\/figcaption><\/figure>\n\t\t<\/div>\n\n<p>&nbsp;<\/p>\n<p>&nbsp;<\/p>\n<p><strong>Souvisej\u00edc\u00ed produkty<\/strong><\/p>\n","protected":false},"excerpt":{"rendered":"<p>SM-T400i bez MSR SM-T404i Bluetooth s\u00a0MSR &nbsp; SM-T400i 4\u201d (112mm) robustn\u00ed mobiln\u00ed tisk\u00e1rna pro iOS, Android, Windows, p\u0159ipojen\u00ed Bluetooth SM&#8211;T400i je robustn\u00ed mobiln\u00ed tisk\u00e1rna, kter\u00e1\u00a0nab\u00edz\u00ed jednoduch\u00fd, inteligentn\u00ed tisk Bluetooth; kompatibiln\u00ed se v\u0161emi hlavn\u00edmi opera\u010dn\u00edmi syst\u00e9my, v\u010detn\u011b iOS \u2122, Android \u2122, Windows \u2122 a Linux \u2122 SM&#8211;T400i nab\u00edz\u00ed pokro\u010dil\u00e9 Apple Inc., certifikaci MFi,\u00a0 kter\u00e1 j\u00ed umo\u017e\u0148uje [&hellip;]<\/p>\n","protected":false},"author":1,"featured_media":439,"parent":0,"menu_order":0,"comment_status":"closed","ping_status":"open","template":"","meta":{"footnotes":"","_links_to":"","_links_to_target":""},"class_list":["post-267","page","type-page","status-publish","has-post-thumbnail","hentry"],"_links":{"self":[{"href":"https:\/\/star.starmicronics.cz\/index.php?rest_route=\/wp\/v2\/pages\/267","targetHints":{"allow":["GET"]}}],"collection":[{"href":"https:\/\/star.starmicronics.cz\/index.php?rest_route=\/wp\/v2\/pages"}],"about":[{"href":"https:\/\/star.starmicronics.cz\/index.php?rest_route=\/wp\/v2\/types\/page"}],"author":[{"embeddable":true,"href":"https:\/\/star.starmicronics.cz\/index.php?rest_route=\/wp\/v2\/users\/1"}],"replies":[{"embeddable":true,"href":"https:\/\/star.starmicronics.cz\/index.php?rest_route=%2Fwp%2Fv2%2Fcomments&post=267"}],"version-history":[{"count":2,"href":"https:\/\/star.starmicronics.cz\/index.php?rest_route=\/wp\/v2\/pages\/267\/revisions"}],"predecessor-version":[{"id":1628,"href":"https:\/\/star.starmicronics.cz\/index.php?rest_route=\/wp\/v2\/pages\/267\/revisions\/1628"}],"wp:featuredmedia":[{"embeddable":true,"href":"https:\/\/star.starmicronics.cz\/index.php?rest_route=\/wp\/v2\/media\/439"}],"wp:attachment":[{"href":"https:\/\/star.starmicronics.cz\/index.php?rest_route=%2Fwp%2Fv2%2Fmedia&parent=267"}],"curies":[{"name":"wp","href":"https:\/\/api.w.org\/{rel}","templated":true}]}}