{"id":248,"date":"2015-04-23T11:33:50","date_gmt":"2015-04-23T10:33:50","guid":{"rendered":"http:\/\/star.starmicronics.cz\/?page_id=248"},"modified":"2016-05-15T21:52:16","modified_gmt":"2016-05-15T20:52:16","slug":"sm-t300dw","status":"publish","type":"page","link":"https:\/\/star.starmicronics.cz\/?page_id=248","title":{"rendered":"SM-T300DW"},"content":{"rendered":"<p>&nbsp;<\/p>\n<figure id=\"attachment_435\" aria-describedby=\"caption-attachment-435\" style=\"width: 226px\" class=\"wp-caption alignleft\"><a href=\"http:\/\/star.starmicronics.cz\/wp-content\/uploads\/2015\/04\/SMT-300DW.jpg\" rel=\"lightbox[248]\"><img loading=\"lazy\" decoding=\"async\" class=\" wp-image-435\" src=\"http:\/\/star.starmicronics.cz\/wp-content\/uploads\/2015\/04\/SMT-300DW-300x300.jpg\" alt=\"SMT-300DW\" width=\"226\" height=\"226\" srcset=\"https:\/\/star.starmicronics.cz\/wp-content\/uploads\/2015\/04\/SMT-300DW-300x300.jpg 300w, https:\/\/star.starmicronics.cz\/wp-content\/uploads\/2015\/04\/SMT-300DW-150x150.jpg 150w, https:\/\/star.starmicronics.cz\/wp-content\/uploads\/2015\/04\/SMT-300DW-768x768.jpg 768w, https:\/\/star.starmicronics.cz\/wp-content\/uploads\/2015\/04\/SMT-300DW-1024x1024.jpg 1024w, https:\/\/star.starmicronics.cz\/wp-content\/uploads\/2015\/04\/SMT-300DW.jpg 1654w\" sizes=\"auto, (max-width: 226px) 100vw, 226px\" \/><\/a><figcaption id=\"caption-attachment-435\" class=\"wp-caption-text\">SMT-300DW<\/figcaption><\/figure>\n<p>SM-T300DW Wifi\u00a0bez MSR<\/p>\n<p>SM-T301DW WiFi\u00a0s MSR<\/p>\n<p>&nbsp;<\/p>\n<p><strong>SM-T300DW 3\u00b4\u00b4 (80mm) WiFi mobiln\u00ed tisk\u00e1rna<\/strong><\/p>\n<p><span class=\"hps\">Rychl\u00e1, spolehliv\u00e1<\/span> <span class=\"hps\">3<\/span> <span class=\"hps atn\">&#8222;<\/span><span class=\"atn\">(<\/span>80 mm), <span class=\"hps\">mobiln\u00ed<\/span> <span class=\"hps\">tisk\u00e1rna<\/span> <span class=\"hps\">s voliteln\u00fdm<\/span> <span class=\"hps\">jednostrann\u00fdm<\/span> <span class=\"hps\">magnetick\u00fdm sn\u00edmac\u00edm\u00a0prou\u017ekem, <\/span><span class=\"hps\">je<\/span> <span class=\"hps\">schopna<\/span> <span class=\"hps\">vysoce kvalitn\u00edho<\/span> <span class=\"hps\">WiFi<\/span> <span class=\"hps\">tisku z<\/span> <span class=\"hps\">tabletu<\/span>, smartphonu <span class=\"hps\">a<\/span> <span class=\"hps\">dal\u0161\u00edch<\/span> <span class=\"hps\">inteligentn\u00edch<\/span> <span class=\"hps\">za\u0159\u00edzen\u00ed.<\/span><\/p>\n<p>SM<span class=\"atn\">&#8211;<\/span>T300DW <span class=\"hps\">je<\/span> <span class=\"hps\">kompatibiln\u00ed s v\u00edce<\/span> <span class=\"hps\">opera\u010dn\u00edmi syst\u00e9my<\/span>, v\u010detn\u011b <span class=\"hps\">Android<\/span> <span class=\"hps\">\u2122<\/span>, <span class=\"hps\">Windows \u2122<\/span> <span class=\"hps\">a<\/span> <span class=\"hps\">iOS<\/span> <span class=\"hps\">\u2122<\/span> <span class=\"hps\">a nab\u00edz\u00ed<\/span> <span class=\"hps\">snadn\u00e9 nastaven\u00ed<\/span> <span class=\"hps\">s<\/span> <span class=\"hps\">jednoduch\u00fdm<\/span> <span class=\"hps\">mod\u0159e podsv\u00edcen\u00fdm<\/span> <span class=\"hps\">jasn\u00fdm <\/span><span class=\"hps\">LCD,<\/span> <span class=\"hps\">p\u0159edn\u00edho ovl\u00e1dac\u00edho<\/span> <span class=\"hps\">panelu<\/span>, kter\u00fd umo\u017e\u0148uje <span class=\"hps\">snadnou konfiguraci<\/span> <span class=\"hps\">tisk\u00e1rny.<\/span><\/p>\n<p><span class=\"hps\">Nab\u00edz\u00ed<\/span> <span class=\"hps\">kompaktn\u00ed<\/span>, <span class=\"hps\">mimo\u0159\u00e1dn\u011b<\/span> <span class=\"hps\">robustn\u00ed konstrukci<\/span> <span class=\"hps\">s<\/span> <span class=\"hps\">IP54<\/span>\u00a0certifik\u00e1tem vod\u011bodolnosti a odolnosti prachu,\u00a0<span class=\"hps\">1,5m<\/span> odolnost v\u016f\u010di p\u00e1du;SM<span class=\"atn\">&#8211;<\/span>T300DW <span class=\"hps atn\">&#8222;<\/span>Drop<span class=\"atn\">&#8211;<\/span>In &amp; <span class=\"hps\">Print<\/span>&#8220; <span class=\"hps\">vkl\u00e1d\u00e1n\u00ed pap\u00edru<\/span> <span class=\"hps\">a<\/span> <span class=\"hps\">tisku<\/span> <span class=\"hps\">rychlost\u00ed a\u017e<\/span>\u00a075<span class=\"hps\"> mm<\/span> <span class=\"hps\">\/s. M<\/span>obiln\u00ed <span class=\"hps\">tisk\u00e1rna<\/span> <span class=\"hps\">ide\u00e1ln\u00ed pro<\/span> <span class=\"hps\">\u0161irokou \u0161k\u00e1lu<\/span> <span class=\"hps\">aplikac\u00ed od<\/span> <span class=\"hps\">fronty<\/span> <span class=\"hps\">v<\/span> <span class=\"hps\">maloobchodu a pohostinstv\u00ed<\/span>, <span class=\"hps\">mobiln\u00ed<\/span> <span class=\"hps\">pos<\/span> <span class=\"hps\">,<\/span> <span class=\"hps\">pop<\/span><span class=\"atn\">&#8211;<\/span>up <span class=\"hps\">obchody,<\/span> <span class=\"hps\">logistick\u00e9 a skladov\u00e9<\/span> <span class=\"hps\">aplikace, tak i<\/span> <span class=\"hps\">dod\u00e1vky do dom\u00e1cnost\u00ed<\/span>.<\/p>\n<p><strong>Vlastnosti:<\/strong><\/p>\n<ul>\n<li>Vysok\u00e9\u00a0<span class=\"hps\">rozli\u0161en\u00ed<\/span> <span class=\"hps\">203dpi<\/span>\u00a0se\u00a075<span class=\"hps\"> mm<\/span> <span class=\"hps\">\/ <\/span><span class=\"hps\">rychlost\u00ed tisku<\/span>\u00a0a<span class=\"hps\"> rychlou<\/span> <span class=\"hps\">propustnost\u00ed<\/span><\/li>\n<li><span class=\"hps\">Pogumovan\u00e9<\/span> <span class=\"hps\">proveden\u00ed s<\/span> <span class=\"hps\">IP54,<\/span> <span class=\"hps\">prachu a vod\u011bodoln\u00fd certifik\u00e1t<\/span><\/li>\n<li>1,5m odolnost v\u016f\u010di p\u00e1du<\/li>\n<li><span class=\"hps\">11\u00a0hodin<\/span> \u017e<span class=\"hps\">ivotnost<\/span> <span class=\"hps\">baterie<\/span> p\u0159i <span class=\"hps\">tisku<\/span> <span class=\"hps\">v 5<\/span> <span class=\"hps\">minutov\u00fdch intervalech<\/span><\/li>\n<li>SM-T301DW m\u00e1 \u010dte\u010dku s magnetick\u00fdm prou\u017ekem<\/li>\n<\/ul>\n<p><strong>Ke sta\u017een\u00ed:<\/strong><\/p>\n<ul>\n<li><a href=\"http:\/\/star.starmicronics.cz\/?page_id=498\" target=\"_blank\">Produktov\u00e1 bro\u017eura<\/a><\/li>\n<li>Manual, SDK (link to <a href=\"http:\/\/www.starmicronics.com\/support\">www.starmicronics.com\/support<\/a>)<\/li>\n<li><a href=\"http:\/\/star.starmicronics.cz\/?page_id=579\">Galerie obr\u00e1zk\u016f<\/a><\/li>\n<li><a href=\"https:\/\/www.youtube.com\/user\/starposprinters\" target=\"_blank\">Video galerie<\/a><\/li>\n<li><a href=\"http:\/\/star.starmicronics.cz\/?page_id=518\">Na\u0161i z\u00e1kazn\u00edci<\/a><\/li>\n<li><a href=\"https:\/\/www.apple.com\/itunes\/\" target=\"_blank\">App Store image <\/a><\/li>\n<li><a href=\"https:\/\/play.google.com\/store\/apps\/details?id=com.google.android.apps.plus\" target=\"_blank\">Google Play image <\/a><\/li>\n<\/ul>\n<p><a href=\"http:\/\/star.starmicronics.cz\/wp-content\/uploads\/2015\/04\/appstore_googleplay.jpg\" rel=\"lightbox[248]\"><img loading=\"lazy\" decoding=\"async\" class=\"alignnone wp-image-347\" src=\"http:\/\/star.starmicronics.cz\/wp-content\/uploads\/2015\/04\/appstore_googleplay-300x220.jpg\" alt=\"appstore_googleplay\" width=\"161\" height=\"118\" srcset=\"https:\/\/star.starmicronics.cz\/wp-content\/uploads\/2015\/04\/appstore_googleplay-300x220.jpg 300w, https:\/\/star.starmicronics.cz\/wp-content\/uploads\/2015\/04\/appstore_googleplay-135x100.jpg 135w, https:\/\/star.starmicronics.cz\/wp-content\/uploads\/2015\/04\/appstore_googleplay.jpg 425w\" sizes=\"auto, (max-width: 161px) 100vw, 161px\" \/><\/a><\/p>\n<p><strong>Specifikace<\/strong><\/p>\n<table style=\"height: 1468px;\" width=\"544\">\n<tbody>\n<tr>\n<td width=\"41%\">Rychlost tisku<\/td>\n<td width=\"58%\">75mm\/sec.<\/td>\n<\/tr>\n<tr>\n<td width=\"41%\">Rozli\u0161en\u00ed tisku<\/td>\n<td width=\"58%\">203 dpi<\/td>\n<\/tr>\n<tr>\n<td width=\"41%\">Po\u010det sloupc\u016f<\/td>\n<td width=\"58%\">64 sl.<\/td>\n<\/tr>\n<tr>\n<td width=\"41%\">Automatick\u00e1 \u0159eza\u010dka<\/td>\n<td width=\"58%\">Odtrhovac\u00ed li\u0161ta<\/td>\n<\/tr>\n<tr>\n<td width=\"41%\">\u0160\u00ed\u0159ka pap\u00edru<\/td>\n<td width=\"58%\">80mm<\/td>\n<\/tr>\n<tr>\n<td width=\"41%\">Tlou\u0161\u0165ka<\/td>\n<td width=\"58%\">0.06 \u2013 0.07mm<\/td>\n<\/tr>\n<tr>\n<td width=\"41%\">Role pap\u00edru (pr\u016fm\u011br)<\/td>\n<td width=\"58%\">50mm<\/td>\n<\/tr>\n<tr>\n<td width=\"41%\">P\u0159\u00edslu\u0161enstv\u00ed<\/td>\n<td width=\"58%\">Horizont\u00e1ln\u00ed\u00a0stojan nebo vertik\u00e1ln\u00ed \u0159emen\/ popruh p\u0159es rameno<\/td>\n<\/tr>\n<tr>\n<td width=\"41%\">\u0160\u00ed\u0159ka tisku<\/td>\n<td width=\"58%\">72mm<\/td>\n<\/tr>\n<tr>\n<td width=\"41%\">Senzory<\/td>\n<td width=\"58%\">Otev\u0159en\u00fd kryt a do\u0161l\u00fd pap\u00edr<\/td>\n<\/tr>\n<tr>\n<td width=\"41%\">Rozhran\u00ed<\/td>\n<td width=\"58%\">WiFi, Serial (kabel je sou\u010d\u00e1st\u00ed balen\u00ed)<\/td>\n<\/tr>\n<tr>\n<td width=\"41%\">Odolnost v\u016f\u010di p\u00e1du<\/td>\n<td width=\"58%\">1.5m (MSR Model: 1.2m)<\/td>\n<\/tr>\n<tr>\n<td width=\"41%\">Nap\u00e1jec\u00ed zdroj<\/td>\n<td width=\"58%\"><span class=\"hps\">AC<\/span> <span class=\"hps\">nab\u00edje\u010dka<\/span> <span class=\"hps\">a<\/span> <span class=\"hps\">baterie<\/span> <span class=\"hps\">zahrnuty<\/span><\/td>\n<\/tr>\n<tr>\n<td width=\"41%\">Nap\u00e1jen\u00ed\/\u017eivotnost baterie<\/td>\n<td width=\"58%\"><span class=\"hps\">7.4V<\/span> <span class=\"hps\">Nab\u00edjec\u00ed<\/span> <span class=\"hps\">baterie<\/span> <span class=\"hps\">nab\u00edz\u00ed<\/span>\u00a011<span class=\"hps\"> hodinov\u00fd<\/span> <span class=\"hps\">tisk<\/span> <span class=\"hps\">v 5<\/span> <span class=\"hps\">minutov\u00fdch intervalech<\/span><\/td>\n<\/tr>\n<tr>\n<td width=\"41%\">Energy Star<\/td>\n<td width=\"58%\"><\/td>\n<\/tr>\n<tr>\n<td width=\"41%\">Spolehlivost<\/td>\n<td width=\"58%\">50km<\/td>\n<\/tr>\n<tr>\n<td width=\"41%\">Rozm\u011bry (\u0161 x h x v)mm a v\u00e1ha<\/td>\n<td width=\"58%\">120 x 132.2 x 58.3 442g (v\u010detn\u011b baterie)<\/td>\n<\/tr>\n<tr>\n<td width=\"41%\">V cen\u011b p\u0159i n\u00e1kupu<\/td>\n<td width=\"58%\">\n<ul>\n<li>baterie<\/li>\n<li>vzorek role pap\u00edru<\/li>\n<li>spona na opasek<\/li>\n<li>s\u00e9riov\u00fd kabel<\/li>\n<li>nab\u00edje\u010dka<\/li>\n<li>bezpe\u010dnostn\u00ed pokyny<\/li>\n<\/ul>\n<\/td>\n<\/tr>\n<tr>\n<td width=\"41%\">Dopl\u0148kov\u00e9 funkce<\/td>\n<td width=\"58%\">\n<ul>\n<li>4 jednotkov\u00e1 nab\u00edje\u010dka<\/li>\n<li>popruh p\u0159es rameno<\/li>\n<li>samostatn\u00e1 nab\u00edje\u010dka<\/li>\n<li>extra baterie<\/li>\n<li>nab\u00edje\u010dka do auta<\/li>\n<li>MSR verze<\/li>\n<\/ul>\n<\/td>\n<\/tr>\n<\/tbody>\n<\/table>\n<p>&nbsp;<\/p>\n<p><strong>Galerie<\/strong><\/p>\n<div id='gallery-1' class='gallery galleryid-248 gallery-columns-3 gallery-size-medium'><figure class='gallery-item'>\n\t\t\t<div class='gallery-icon landscape'>\n\t\t\t\t<a href='https:\/\/star.starmicronics.cz\/wp-content\/uploads\/2015\/04\/SMT-300DW.jpg' rel=\"lightbox[248]\"><img loading=\"lazy\" decoding=\"async\" width=\"300\" height=\"300\" src=\"https:\/\/star.starmicronics.cz\/wp-content\/uploads\/2015\/04\/SMT-300DW-300x300.jpg\" class=\"attachment-medium size-medium\" alt=\"\" aria-describedby=\"gallery-1-435\" srcset=\"https:\/\/star.starmicronics.cz\/wp-content\/uploads\/2015\/04\/SMT-300DW-300x300.jpg 300w, https:\/\/star.starmicronics.cz\/wp-content\/uploads\/2015\/04\/SMT-300DW-150x150.jpg 150w, https:\/\/star.starmicronics.cz\/wp-content\/uploads\/2015\/04\/SMT-300DW-768x768.jpg 768w, https:\/\/star.starmicronics.cz\/wp-content\/uploads\/2015\/04\/SMT-300DW-1024x1024.jpg 1024w, https:\/\/star.starmicronics.cz\/wp-content\/uploads\/2015\/04\/SMT-300DW.jpg 1654w\" sizes=\"auto, (max-width: 300px) 100vw, 300px\" \/><\/a>\n\t\t\t<\/div>\n\t\t\t\t<figcaption class='wp-caption-text gallery-caption' id='gallery-1-435'>\n\t\t\t\tSMT-300DW\n\t\t\t\t<\/figcaption><\/figure><figure class='gallery-item'>\n\t\t\t<div class='gallery-icon landscape'>\n\t\t\t\t<a href='https:\/\/star.starmicronics.cz\/wp-content\/uploads\/2015\/04\/SMT-300DW_side.jpg' rel=\"lightbox[248]\"><img loading=\"lazy\" decoding=\"async\" width=\"300\" height=\"300\" src=\"https:\/\/star.starmicronics.cz\/wp-content\/uploads\/2015\/04\/SMT-300DW_side-300x300.jpg\" class=\"attachment-medium size-medium\" alt=\"\" aria-describedby=\"gallery-1-436\" srcset=\"https:\/\/star.starmicronics.cz\/wp-content\/uploads\/2015\/04\/SMT-300DW_side-300x300.jpg 300w, https:\/\/star.starmicronics.cz\/wp-content\/uploads\/2015\/04\/SMT-300DW_side-150x150.jpg 150w, https:\/\/star.starmicronics.cz\/wp-content\/uploads\/2015\/04\/SMT-300DW_side-768x768.jpg 768w, https:\/\/star.starmicronics.cz\/wp-content\/uploads\/2015\/04\/SMT-300DW_side-1024x1024.jpg 1024w, https:\/\/star.starmicronics.cz\/wp-content\/uploads\/2015\/04\/SMT-300DW_side.jpg 1057w\" sizes=\"auto, (max-width: 300px) 100vw, 300px\" \/><\/a>\n\t\t\t<\/div>\n\t\t\t\t<figcaption class='wp-caption-text gallery-caption' id='gallery-1-436'>\n\t\t\t\tSMT-300DW\n\t\t\t\t<\/figcaption><\/figure>\n\t\t<\/div>\n\n<p><strong>Souvisej\u00edc\u00ed produkty<\/strong><\/p>\n","protected":false},"excerpt":{"rendered":"<p>&nbsp; SM-T300DW Wifi\u00a0bez MSR SM-T301DW WiFi\u00a0s MSR &nbsp; SM-T300DW 3\u00b4\u00b4 (80mm) WiFi mobiln\u00ed tisk\u00e1rna Rychl\u00e1, spolehliv\u00e1 3 &#8222;(80 mm), mobiln\u00ed tisk\u00e1rna s voliteln\u00fdm jednostrann\u00fdm magnetick\u00fdm sn\u00edmac\u00edm\u00a0prou\u017ekem, je schopna vysoce kvalitn\u00edho WiFi tisku z tabletu, smartphonu a dal\u0161\u00edch inteligentn\u00edch za\u0159\u00edzen\u00ed. SM&#8211;T300DW je kompatibiln\u00ed s v\u00edce opera\u010dn\u00edmi syst\u00e9my, v\u010detn\u011b Android \u2122, Windows \u2122 a iOS \u2122 a [&hellip;]<\/p>\n","protected":false},"author":1,"featured_media":435,"parent":0,"menu_order":0,"comment_status":"closed","ping_status":"open","template":"","meta":{"footnotes":"","_links_to":"","_links_to_target":""},"class_list":["post-248","page","type-page","status-publish","has-post-thumbnail","hentry"],"_links":{"self":[{"href":"https:\/\/star.starmicronics.cz\/index.php?rest_route=\/wp\/v2\/pages\/248","targetHints":{"allow":["GET"]}}],"collection":[{"href":"https:\/\/star.starmicronics.cz\/index.php?rest_route=\/wp\/v2\/pages"}],"about":[{"href":"https:\/\/star.starmicronics.cz\/index.php?rest_route=\/wp\/v2\/types\/page"}],"author":[{"embeddable":true,"href":"https:\/\/star.starmicronics.cz\/index.php?rest_route=\/wp\/v2\/users\/1"}],"replies":[{"embeddable":true,"href":"https:\/\/star.starmicronics.cz\/index.php?rest_route=%2Fwp%2Fv2%2Fcomments&post=248"}],"version-history":[{"count":2,"href":"https:\/\/star.starmicronics.cz\/index.php?rest_route=\/wp\/v2\/pages\/248\/revisions"}],"predecessor-version":[{"id":1630,"href":"https:\/\/star.starmicronics.cz\/index.php?rest_route=\/wp\/v2\/pages\/248\/revisions\/1630"}],"wp:featuredmedia":[{"embeddable":true,"href":"https:\/\/star.starmicronics.cz\/index.php?rest_route=\/wp\/v2\/media\/435"}],"wp:attachment":[{"href":"https:\/\/star.starmicronics.cz\/index.php?rest_route=%2Fwp%2Fv2%2Fmedia&parent=248"}],"curies":[{"name":"wp","href":"https:\/\/api.w.org\/{rel}","templated":true}]}}