{"id":226,"date":"2015-04-23T09:28:37","date_gmt":"2015-04-23T08:28:37","guid":{"rendered":"http:\/\/star.starmicronics.cz\/?page_id=226"},"modified":"2016-05-05T15:53:12","modified_gmt":"2016-05-05T14:53:12","slug":"tspl10","status":"publish","type":"page","link":"https:\/\/star.starmicronics.cz\/?page_id=226","title":{"rendered":"TSPL10"},"content":{"rendered":"<figure id=\"attachment_418\" aria-describedby=\"caption-attachment-418\" style=\"width: 228px\" class=\"wp-caption alignleft\"><a href=\"http:\/\/star.starmicronics.cz\/wp-content\/uploads\/2015\/04\/TSPL10_large_paper_roll.jpg\" rel=\"lightbox[226]\"><img loading=\"lazy\" decoding=\"async\" class=\" wp-image-418\" src=\"http:\/\/star.starmicronics.cz\/wp-content\/uploads\/2015\/04\/TSPL10_large_paper_roll-300x292.jpg\" alt=\"TSPL10\" width=\"228\" height=\"221\" \/><\/a><figcaption id=\"caption-attachment-418\" class=\"wp-caption-text\">TSPL10<\/figcaption><\/figure>\n<p><span style=\"color: #3366ff;\"><strong>TSP-L10<\/strong> \u2013 USB\/Ethernet bez intern\u00edho scaneru l\u00edstk\u016f<\/span><\/p>\n<p><span style=\"color: #3366ff;\"><strong>TSP-L11<\/strong> \u2013 USB\/Ethernet s intern\u00edm scanerem l\u00edstk\u016f<\/span><\/p>\n<p>&nbsp;<\/p>\n<p><span style=\"color: #3366ff;\"><strong>TSPL10 <\/strong><\/span><\/p>\n<p><span style=\"color: #3366ff;\"><span class=\"hps\">\u0160pi\u010dkov\u00e1 a\u00a0<\/span><span class=\"hps\">bezpe\u010dn\u00e1<\/span> <span class=\"hps\">tisk\u00e1rna tiket\u016f a<\/span>\u00a0<span class=\"hps\">vstupenek<\/span>, <span class=\"hps\">\u0159ada<\/span> <span class=\"hps\">TSP<\/span><span class=\"atn\">&#8211;<\/span>L10 <span class=\"hps\">nab\u00edz\u00ed vysok\u00fd v\u00fdkon<\/span><span class=\"hps\">,<\/span> <span class=\"hps\">intern\u00ed<\/span> <span class=\"hps\">skener<\/span> <span class=\"hps\">vstupenek<\/span>, <span class=\"hps\">odkl\u00e1dac\u00ed z\u00e1sobn\u00edk tiket\u016f\/vstupenek a\u017e na 100 kus\u016f.\u00a0\u0160et\u0159\u00ed pap\u00edr a m\u00e1 n\u00edzkou spot\u0159ebu,<\/span>\u00a0<span class=\"hps\">tak\u017ee je ide\u00e1ln\u00ed<\/span> pro bezpe\u010dn\u00fd tisk l\u00edstk\u016f, tiket\u016f a vstupenek.<\/span><\/p>\n<p><span style=\"color: #3366ff;\"><span class=\"hps\">Navr\u017eena\u00a0pro<\/span> <span class=\"hps\">Linux<\/span>, <span class=\"hps\">TSP<\/span><span class=\"atn\">&#8211;<\/span>L10 <span class=\"hps\">byla postavena<\/span> <span class=\"hps\">speci\u00e1ln\u011b pro<\/span> <span class=\"hps\">OEM v\u00fdrobce<\/span> <span class=\"hps\">a<\/span> <span class=\"hps\">syst\u00e9mov\u00e9 integr\u00e1tory<\/span>, kte\u0159\u00ed vy\u017eaduj\u00ed <span class=\"hps\">hardwarovou<\/span> <span class=\"hps\">flexibilitu pro<\/span> <span class=\"hps\">p\u0159id\u00e1n\u00ed<\/span> <span class=\"hps\">dal\u0161\u00edch<\/span> <span class=\"hps\">za\u0159\u00edzen\u00ed,<\/span> <span class=\"hps\">jako jsou \u010dte\u010dky<\/span> <span class=\"hps\">RFID<\/span> <span class=\"hps\">vyu\u017e\u00edvaj\u00edc\u00ed<\/span> <span class=\"hps atn\">TSP-<\/span>L10<span class=\"hps\"> USB port<\/span>. <span class=\"hps\">S<\/span> <span class=\"hps\">Linux<\/span>\u00a0Star <span class=\"hps\">IO<\/span> <span class=\"hps\">a<\/span>\u00a0QT <span class=\"hps\">knihovnou nab\u00edz\u00ed <\/span><span class=\"hps atn\">TSP-<\/span>L10 <span class=\"hps\">maxim\u00e1ln\u00ed<\/span> <span class=\"hps\">flexibiln\u00ed<\/span> <span class=\"hps\">v\u00fdvoj aplikac\u00ed.<\/span><\/span><\/p>\n<p><span style=\"color: #3366ff;\"><span class=\"hps\">Vysoce kvalitn\u00ed<\/span> <span class=\"hps\">grafick\u00fd<\/span> <span class=\"hps\">tisk<\/span>, <span class=\"hps\">203dpi,<\/span> <span class=\"hps\">TSP<\/span><span class=\"atn\">&#8211;<\/span>L10 <span class=\"hps\">m\u00e1<\/span>\u00a0stupnici<span class=\"hps\"> s<\/span> <span class=\"hps\">a\u017e 16<\/span> <span class=\"hps\">\u00farovn\u011bmi <\/span><span class=\"hps\">\u0161ed\u00e9<\/span>, <span class=\"hps\">stejn\u011b jako <\/span><span class=\"hps\">monochromatickou hustotu tisku\u00a0a\u017e<\/span>\u00a0<span class=\"hps\">6 \u00farovn\u00ed<\/span> <span class=\"hps\">&amp;<\/span> <span class=\"hps\">8 \u00farovn\u00ed stup\u0148\u016f \u0161edi<\/span>. <span class=\"hps\">Jej\u00ed<\/span> <span class=\"hps\">rychl\u00e1 a<\/span> <span class=\"hps\">efektivn\u00ed<\/span> <span class=\"hps\">propustnost je<\/span>\u00a0<span class=\"hps\">a\u017e<\/span> <span class=\"hps\">300 mm<\/span> <span class=\"hps\">za sekundu a<\/span>\u00a0<span class=\"hps\">je<\/span> <span class=\"hps\">ovlivn\u011bna<\/span> <span class=\"hps\">grafick\u00fdm<\/span> <span class=\"hps\">tiskem<\/span>.<\/span><\/p>\n<p><span style=\"color: #3366ff;\">M\u00e1 vestav\u011bnou <span class=\"hps\">funkci pro<\/span> <span class=\"hps\">zv\u00fd\u0161en\u00ed bezpe\u010dnosti<\/span> <span class=\"hps\">transakc\u00ed<\/span>, <span class=\"hps atn\">TSP-<\/span>L11 <span class=\"hps\">obsahuje<\/span> <span class=\"hps\">intern\u00ed<\/span> <span class=\"hps\">scaner<\/span> <span class=\"hps\">pro<\/span> <span class=\"hps\">real<\/span><span class=\"atn\">&#8211;<\/span>time <span class=\"hps\">ov\u011b\u0159en\u00ed<\/span> <span class=\"hps\">vstupenek<\/span>, <span class=\"hps\">mechanick\u00fd<\/span> <span class=\"hps atn\">&#8222;<\/span>void&#8220;, <span class=\"hps\">mo\u017enost p\u0159\u00edkazu vr\u00e1cen\u00ed tisku<\/span>, stejn\u011b <span class=\"hps\">jako p\u0159\u00edkaz<\/span> <span class=\"hps\">p\u0159ep\u00edn\u00e1n\u00ed p\u0159\u00edvodu<\/span> <span class=\"hps\">nap\u00e1jen\u00ed<\/span> <span class=\"hps\">\/zastaven\u00ed <\/span><span class=\"hps\">tisku<\/span> a kontrolu tiskov\u00e9 hlavy a \u0159eza\u010dky.<\/span><\/p>\n<p>&nbsp;<br \/>\n<span style=\"color: #3366ff;\"><strong>Vlastnosti:\u00a0<\/strong><\/span><\/p>\n<ul>\n<li><span style=\"color: #3366ff;\"><span class=\"hps\">Vysok\u00e1 rychlost<\/span> <span class=\"hps\">300 mm<\/span><span class=\"hps\">\/<\/span><span class=\"hps\">s,<\/span> <span class=\"hps\">tiskov\u00fd<\/span> <span class=\"hps\">v\u00fdkon<\/span> <span class=\"hps\">s<\/span> <span class=\"hps\">vysok\u00fdm rozli\u0161en\u00edm<\/span> tisku <span class=\"hps\">203<\/span> <span class=\"hps\">dpi<\/span> <span class=\"hps\">a<\/span> <span class=\"hps\">st\u00edn 16<\/span>\u00a0<span class=\"hps\">Stupn\u011b \u0161edi<\/span> <span class=\"hps\">pro p\u0159esn\u00fd<\/span> <span class=\"hps\">tisk obr\u00e1zk\u016f<\/span><\/span><\/li>\n<li><span style=\"color: #3366ff;\"><span class=\"hps\">Kompaktn\u00ed design<\/span> <span class=\"hps\">se snadn\u00fdm<\/span> <span class=\"hps\">zakl\u00e1d\u00e1n\u00edm role pap\u00edru o pr\u016fm\u011bru<\/span><span class=\"hps\"> 200mm<\/span> <span class=\"hps\">a<\/span> <span class=\"hps\">zaklada\u010dem<\/span> vstupenek a\u017e <span class=\"hps\">pro 100<\/span> <span class=\"hps\">vyti\u0161t\u011bn\u00fdch<\/span>\u00a0\u00fa\u010dtenek <span class=\"hps\">\/ vstupenek<\/span><\/span><\/li>\n<li><span style=\"color: #3366ff;\"><span class=\"hps\">Intern\u00ed<\/span> <span class=\"hps\">scaner<\/span> <span class=\"hps\">pro real-time<\/span> <span class=\"hps\">ov\u011b\u0159en\u00ed<\/span> <span class=\"hps\">doklad\u016f nebo<\/span> <span class=\"hps\">\u00fapln\u00e9<\/span> <span class=\"hps\">\/<\/span> <span class=\"hps\">\u010d\u00e1ste\u010dn\u00e9<\/span> listu<\/span><\/li>\n<li><span style=\"color: #3366ff;\"><span class=\"hps\">Vysok\u00e1 spolehlivost<\/span>, <span class=\"hps\">tiskov\u00e1<\/span> <span class=\"hps\">hlava<\/span>\u00a0a \u0159eza\u010dka jsou syst\u00e9mem preventivn\u011b kontrolov\u00e1ny<\/span><\/li>\n<li><span style=\"color: #3366ff;\"><span class=\"hps\">Hostitel<\/span> <span class=\"hps\">termin\u00e1lu<\/span>\u00a0\u010d\u00e1rov\u00fdch k\u00f3d\u016f\u00a0<span class=\"hps\">pro v\u0161echny jejich typy<\/span><\/span><\/li>\n<li><span style=\"color: #3366ff;\"><span class=\"hps\">Star grafick\u00fd<\/span> <span class=\"hps\">re\u017eim<\/span> <span class=\"hps\">\u0159\u00edzen<\/span> <span class=\"hps\">vlastn\u00edm Star<\/span>\u00a0<span class=\"hps\">API<\/span><\/span><\/li>\n<li><span style=\"color: #3366ff;\">Energy Star certifikace<\/span><\/li>\n<\/ul>\n<p><span style=\"color: #3366ff;\"><strong>Ke sta\u017een\u00ed:<\/strong><\/span><\/p>\n<ul>\n<li><span style=\"color: #000080;\"><a style=\"color: #000080;\" href=\"http:\/\/star.starmicronics.cz\/?page_id=498\" target=\"_blank\">Produktov\u00e1 bro\u017eura<\/a><\/span><\/li>\n<li><span style=\"color: #000080;\">Manual, SDK (link to <a style=\"color: #000080;\" href=\"http:\/\/www.starmicronics.com\/support\">www.starmicronics.com\/support<\/a>)<\/span><\/li>\n<li><a href=\"http:\/\/star.starmicronics.cz\/?page_id=579\"><span style=\"color: #000080;\">Galerie obr\u00e1zk\u016f<\/span><\/a><\/li>\n<li><a href=\"https:\/\/www.youtube.com\/user\/starposprinters\" target=\"_blank\"><span style=\"color: #000080;\">Video galerie<\/span><\/a><\/li>\n<li><a href=\"http:\/\/star.starmicronics.cz\/?page_id=518\"><span style=\"color: #000080;\">Na\u0161i z\u00e1kazn\u00edci<\/span><\/a><\/li>\n<\/ul>\n<p><a href=\"http:\/\/star.starmicronics.cz\/wp-content\/uploads\/2015\/04\/appstore_googleplay.jpg\" rel=\"lightbox[226]\"><img loading=\"lazy\" decoding=\"async\" class=\"alignnone  wp-image-347\" src=\"http:\/\/star.starmicronics.cz\/wp-content\/uploads\/2015\/04\/appstore_googleplay-300x220.jpg\" alt=\"appstore_googleplay\" width=\"138\" height=\"101\" srcset=\"https:\/\/star.starmicronics.cz\/wp-content\/uploads\/2015\/04\/appstore_googleplay-300x220.jpg 300w, https:\/\/star.starmicronics.cz\/wp-content\/uploads\/2015\/04\/appstore_googleplay-135x100.jpg 135w, https:\/\/star.starmicronics.cz\/wp-content\/uploads\/2015\/04\/appstore_googleplay.jpg 425w\" sizes=\"auto, (max-width: 138px) 100vw, 138px\" \/><\/a><\/p>\n<p><span style=\"color: #3366ff;\"><strong>Specifikace<\/strong><\/span><\/p>\n<table style=\"height: 1276px;\" width=\"564\">\n<tbody>\n<tr>\n<td width=\"54%\"><span style=\"color: #3366ff;\">Rychlost tisku<\/span><\/td>\n<td width=\"45%\"><span style=\"color: #3366ff;\">300mm\/sec.<\/span><\/td>\n<\/tr>\n<tr>\n<td width=\"54%\"><span style=\"color: #3366ff;\">Rozli\u0161en\u00ed tisku<\/span><\/td>\n<td width=\"45%\"><span style=\"color: #3366ff;\">203 dpi, 406 x 203 dpi voliteln\u00e9<\/span><\/td>\n<\/tr>\n<tr>\n<td width=\"54%\"><span style=\"color: #3366ff;\">Po\u010det sloupc\u016f<\/span><\/td>\n<td width=\"45%\"><span style=\"color: #3366ff;\">48 \/ 64\u00a0nebo 53 \/ 71\u00a0sl. v z\u00e1vislosti na \u0161\u00ed\u0159ce pap\u00edru<\/span><\/td>\n<\/tr>\n<tr>\n<td width=\"54%\"><span style=\"color: #3366ff;\">Automatick\u00e1 \u0159eza\u010dka<\/span><\/td>\n<td width=\"45%\"><span style=\"color: #3366ff;\">\u00dapln\u00fd \u0159ez (gilotina)<\/span><\/td>\n<\/tr>\n<tr>\n<td width=\"54%\"><span style=\"color: #3366ff;\">\u0160\u00ed\u0159ka pap\u00edru<\/span><\/td>\n<td width=\"45%\"><span style=\"color: #3366ff;\">82.5mm<\/span><\/td>\n<\/tr>\n<tr>\n<td width=\"54%\"><span style=\"color: #3366ff;\">Tlou\u0161\u0165ka<\/span><\/td>\n<td width=\"45%\"><span style=\"color: #3366ff;\">0.075 \u2013 0.09mm<\/span><\/td>\n<\/tr>\n<tr>\n<td width=\"54%\"><span style=\"color: #3366ff;\">Role pap\u00edru (pr\u016fm\u011br)<\/span><\/td>\n<td width=\"45%\"><span style=\"color: #3366ff;\">200mm<\/span><\/td>\n<\/tr>\n<tr>\n<td width=\"54%\"><span style=\"color: #3366ff;\">P\u0159\u00edslu\u0161enstv\u00ed<\/span><\/td>\n<td width=\"45%\"><span style=\"color: #3366ff;\">100\u00a0\u00fa\u010dtenek \/ l\u00edstk\u016f<\/span><\/td>\n<\/tr>\n<tr>\n<td width=\"54%\"><span style=\"color: #3366ff;\">\u0160\u00ed\u0159ka tisku<\/span><\/td>\n<td width=\"45%\"><span style=\"color: #3366ff;\">80mm Max.<\/span><\/td>\n<\/tr>\n<tr>\n<td width=\"54%\"><span style=\"color: #3366ff;\">Senzory<\/span><\/td>\n<td width=\"45%\"><span style=\"color: #3366ff;\">Black Mark, do\u0161l\u00fd pap\u00edr,\u00a0otev\u0159en\u00fd kryt, Near End (4 pozice)<\/span><\/td>\n<\/tr>\n<tr>\n<td width=\"54%\"><span style=\"color: #3366ff;\">Rozhran\u00ed<\/span><\/td>\n<td width=\"45%\"><span style=\"color: #3366ff;\">Vysok\u00e1 rychlost USB 2.0 + USB Hostitel a Ethernet<\/span><\/td>\n<\/tr>\n<tr>\n<td width=\"54%\"><span style=\"color: #3366ff;\">Unique Ethernet Print on Disconnection Feature<\/span><\/td>\n<td width=\"45%\"><span style=\"color: #3366ff;\">\u00a0<\/span><\/td>\n<\/tr>\n<tr>\n<td width=\"54%\"><span style=\"color: #3366ff;\">Nap\u00e1jec\u00ed zdroj<\/span><\/td>\n<td width=\"45%\"><span style=\"color: #3366ff;\">Extern\u00ed PS60A<\/span><\/td>\n<\/tr>\n<tr>\n<td width=\"54%\"><span style=\"color: #3366ff;\">Spot\u0159eba energie<\/span><\/td>\n<td width=\"45%\"><span style=\"color: #3366ff;\">1.0 Amps\u00a0tisk 0.02 Amps pohotovostn\u00ed<\/span><\/td>\n<\/tr>\n<tr>\n<td width=\"54%\"><span style=\"color: #3366ff;\">Energy Star<\/span><\/td>\n<td width=\"45%\"><span style=\"color: #3366ff;\">\u00a0<\/span><\/td>\n<\/tr>\n<tr>\n<td width=\"54%\"><span style=\"color: #3366ff;\">Spolehlivost<\/span><\/td>\n<td width=\"45%\"><span style=\"color: #3366ff;\">60\u00a0milion\u016f \u0159\u00e1dk\u016f,\u00a02 miliony \u0159ez\u016f<\/span><\/td>\n<\/tr>\n<tr>\n<td width=\"54%\"><span style=\"color: #3366ff;\">Rozm\u011bry (\u0161 x h x v)mm a v\u00e1ha<\/span><\/td>\n<td width=\"45%\"><span style=\"color: #3366ff;\">165 x 343 x 276 4.4kg (v\u010detn\u011b scaneru)<\/span><\/td>\n<\/tr>\n<tr>\n<td width=\"54%\"><span style=\"color: #3366ff;\">Dopl\u0148kov\u00e9 funkce<\/span><\/td>\n<td width=\"45%\">\n<ul>\n<li><span style=\"color: #3366ff;\">TSPL11 verze intern\u00edho tisku ov\u011b\u0159en\u00e9ho scanerem<\/span><\/li>\n<\/ul>\n<\/td>\n<\/tr>\n<\/tbody>\n<\/table>\n<p>&nbsp;<\/p>\n<p><span style=\"color: #3366ff;\"><strong>Galerie<\/strong><\/span><\/p>\n<div id='gallery-1' class='gallery galleryid-226 gallery-columns-4 gallery-size-medium'><figure class='gallery-item'>\n\t\t\t<div class='gallery-icon landscape'>\n\t\t\t\t<a href='https:\/\/star.starmicronics.cz\/wp-content\/uploads\/2015\/04\/TSP-L10.jpg' rel=\"lightbox[226]\"><img loading=\"lazy\" decoding=\"async\" width=\"200\" height=\"200\" src=\"https:\/\/star.starmicronics.cz\/wp-content\/uploads\/2015\/04\/TSP-L10.jpg\" class=\"attachment-medium size-medium\" alt=\"\" aria-describedby=\"gallery-1-416\" srcset=\"https:\/\/star.starmicronics.cz\/wp-content\/uploads\/2015\/04\/TSP-L10.jpg 200w, https:\/\/star.starmicronics.cz\/wp-content\/uploads\/2015\/04\/TSP-L10-150x150.jpg 150w\" sizes=\"auto, (max-width: 200px) 100vw, 200px\" \/><\/a>\n\t\t\t<\/div>\n\t\t\t\t<figcaption class='wp-caption-text gallery-caption' id='gallery-1-416'>\n\t\t\t\tTSPL10\n\t\t\t\t<\/figcaption><\/figure><figure class='gallery-item'>\n\t\t\t<div class='gallery-icon landscape'>\n\t\t\t\t<a href='https:\/\/star.starmicronics.cz\/wp-content\/uploads\/2015\/04\/TSPL10_front-1.jpg' rel=\"lightbox[226]\"><img loading=\"lazy\" decoding=\"async\" width=\"300\" height=\"300\" src=\"https:\/\/star.starmicronics.cz\/wp-content\/uploads\/2015\/04\/TSPL10_front-1-300x300.jpg\" class=\"attachment-medium size-medium\" alt=\"\" aria-describedby=\"gallery-1-417\" srcset=\"https:\/\/star.starmicronics.cz\/wp-content\/uploads\/2015\/04\/TSPL10_front-1-300x300.jpg 300w, https:\/\/star.starmicronics.cz\/wp-content\/uploads\/2015\/04\/TSPL10_front-1-150x150.jpg 150w, https:\/\/star.starmicronics.cz\/wp-content\/uploads\/2015\/04\/TSPL10_front-1-768x768.jpg 768w, https:\/\/star.starmicronics.cz\/wp-content\/uploads\/2015\/04\/TSPL10_front-1-1024x1024.jpg 1024w\" sizes=\"auto, (max-width: 300px) 100vw, 300px\" \/><\/a>\n\t\t\t<\/div>\n\t\t\t\t<figcaption class='wp-caption-text gallery-caption' id='gallery-1-417'>\n\t\t\t\tTSPL10\n\t\t\t\t<\/figcaption><\/figure><figure class='gallery-item'>\n\t\t\t<div class='gallery-icon landscape'>\n\t\t\t\t<a href='https:\/\/star.starmicronics.cz\/wp-content\/uploads\/2015\/04\/TSPL10_large_paper_roll.jpg' rel=\"lightbox[226]\"><img loading=\"lazy\" decoding=\"async\" width=\"300\" height=\"292\" src=\"https:\/\/star.starmicronics.cz\/wp-content\/uploads\/2015\/04\/TSPL10_large_paper_roll-300x292.jpg\" class=\"attachment-medium size-medium\" alt=\"\" aria-describedby=\"gallery-1-418\" \/><\/a>\n\t\t\t<\/div>\n\t\t\t\t<figcaption class='wp-caption-text gallery-caption' id='gallery-1-418'>\n\t\t\t\tTSPL10\n\t\t\t\t<\/figcaption><\/figure><figure class='gallery-item'>\n\t\t\t<div class='gallery-icon landscape'>\n\t\t\t\t<a href='https:\/\/star.starmicronics.cz\/wp-content\/uploads\/2015\/04\/TSPL10_paperload-1.jpg' rel=\"lightbox[226]\"><img loading=\"lazy\" decoding=\"async\" width=\"300\" height=\"300\" src=\"https:\/\/star.starmicronics.cz\/wp-content\/uploads\/2015\/04\/TSPL10_paperload-1-300x300.jpg\" class=\"attachment-medium size-medium\" alt=\"\" aria-describedby=\"gallery-1-419\" srcset=\"https:\/\/star.starmicronics.cz\/wp-content\/uploads\/2015\/04\/TSPL10_paperload-1-300x300.jpg 300w, https:\/\/star.starmicronics.cz\/wp-content\/uploads\/2015\/04\/TSPL10_paperload-1-150x150.jpg 150w, https:\/\/star.starmicronics.cz\/wp-content\/uploads\/2015\/04\/TSPL10_paperload-1-768x768.jpg 768w, https:\/\/star.starmicronics.cz\/wp-content\/uploads\/2015\/04\/TSPL10_paperload-1-1024x1024.jpg 1024w\" sizes=\"auto, (max-width: 300px) 100vw, 300px\" \/><\/a>\n\t\t\t<\/div>\n\t\t\t\t<figcaption class='wp-caption-text gallery-caption' id='gallery-1-419'>\n\t\t\t\tTSPL10\n\t\t\t\t<\/figcaption><\/figure>\n\t\t<\/div>\n\n<p><span style=\"color: #3366ff;\"><strong>\u00a0<\/strong><\/span><\/p>\n<p><span style=\"color: #3366ff;\"><strong>Souvisej\u00edc\u00ed produkty<\/strong><\/span><\/p>\n<div id='gallery-2' class='gallery galleryid-226 gallery-columns-4 gallery-size-medium'><figure class='gallery-item'>\n\t\t\t<div class='gallery-icon landscape'>\n\t\t\t\t<img loading=\"lazy\" decoding=\"async\" width=\"300\" height=\"257\" src=\"https:\/\/star.starmicronics.cz\/wp-content\/uploads\/2015\/04\/ps60_power_supply-300x257.jpg\" class=\"attachment-medium size-medium\" alt=\"\" aria-describedby=\"gallery-2-163\" srcset=\"https:\/\/star.starmicronics.cz\/wp-content\/uploads\/2015\/04\/ps60_power_supply-300x257.jpg 300w, https:\/\/star.starmicronics.cz\/wp-content\/uploads\/2015\/04\/ps60_power_supply.jpg 536w\" sizes=\"auto, (max-width: 300px) 100vw, 300px\" \/>\n\t\t\t<\/div>\n\t\t\t\t<figcaption class='wp-caption-text gallery-caption' id='gallery-2-163'>\n\t\t\t\tNap\u00e1jec\u00ed zdroj\n\t\t\t\t<\/figcaption><\/figure><figure class='gallery-item'>\n\t\t\t<div class='gallery-icon landscape'>\n\t\t\t\t<img loading=\"lazy\" decoding=\"async\" width=\"300\" height=\"300\" src=\"https:\/\/star.starmicronics.cz\/wp-content\/uploads\/2015\/04\/TSP1000-300x300.jpg\" class=\"attachment-medium size-medium\" alt=\"\" aria-describedby=\"gallery-2-121\" srcset=\"https:\/\/star.starmicronics.cz\/wp-content\/uploads\/2015\/04\/TSP1000-300x300.jpg 300w, https:\/\/star.starmicronics.cz\/wp-content\/uploads\/2015\/04\/TSP1000-150x150.jpg 150w, https:\/\/star.starmicronics.cz\/wp-content\/uploads\/2015\/04\/TSP1000.jpg 400w\" sizes=\"auto, (max-width: 300px) 100vw, 300px\" \/>\n\t\t\t<\/div>\n\t\t\t\t<figcaption class='wp-caption-text gallery-caption' id='gallery-2-121'>\n\t\t\t\tTSP1000\n\t\t\t\t<\/figcaption><\/figure><figure class='gallery-item'>\n\t\t\t<div class='gallery-icon landscape'>\n\t\t\t\t<img loading=\"lazy\" decoding=\"async\" width=\"300\" height=\"300\" src=\"https:\/\/star.starmicronics.cz\/wp-content\/uploads\/2015\/04\/TSP700II-300x300.jpg\" class=\"attachment-medium size-medium\" alt=\"\" aria-describedby=\"gallery-2-88\" srcset=\"https:\/\/star.starmicronics.cz\/wp-content\/uploads\/2015\/04\/TSP700II-300x300.jpg 300w, https:\/\/star.starmicronics.cz\/wp-content\/uploads\/2015\/04\/TSP700II-150x150.jpg 150w, https:\/\/star.starmicronics.cz\/wp-content\/uploads\/2015\/04\/TSP700II.jpg 400w\" sizes=\"auto, (max-width: 300px) 100vw, 300px\" \/>\n\t\t\t<\/div>\n\t\t\t\t<figcaption class='wp-caption-text gallery-caption' id='gallery-2-88'>\n\t\t\t\tTSP700II\n\t\t\t\t<\/figcaption><\/figure>\n\t\t<\/div>\n\n<p>&nbsp;<\/p>\n<p>&nbsp;<\/p>\n<p>&nbsp;<\/p>\n","protected":false},"excerpt":{"rendered":"<p>TSP-L10 \u2013 USB\/Ethernet bez intern\u00edho scaneru l\u00edstk\u016f TSP-L11 \u2013 USB\/Ethernet s intern\u00edm scanerem l\u00edstk\u016f &nbsp; TSPL10 \u0160pi\u010dkov\u00e1 a\u00a0bezpe\u010dn\u00e1 tisk\u00e1rna tiket\u016f a\u00a0vstupenek, \u0159ada TSP&#8211;L10 nab\u00edz\u00ed vysok\u00fd v\u00fdkon, intern\u00ed skener vstupenek, odkl\u00e1dac\u00ed z\u00e1sobn\u00edk tiket\u016f\/vstupenek a\u017e na 100 kus\u016f.\u00a0\u0160et\u0159\u00ed pap\u00edr a m\u00e1 n\u00edzkou spot\u0159ebu,\u00a0tak\u017ee je ide\u00e1ln\u00ed pro bezpe\u010dn\u00fd tisk l\u00edstk\u016f, tiket\u016f a vstupenek. Navr\u017eena\u00a0pro Linux, TSP&#8211;L10 byla postavena [&hellip;]<\/p>\n","protected":false},"author":1,"featured_media":0,"parent":0,"menu_order":0,"comment_status":"closed","ping_status":"open","template":"","meta":{"footnotes":"","_links_to":"","_links_to_target":""},"class_list":["post-226","page","type-page","status-publish","hentry"],"_links":{"self":[{"href":"https:\/\/star.starmicronics.cz\/index.php?rest_route=\/wp\/v2\/pages\/226","targetHints":{"allow":["GET"]}}],"collection":[{"href":"https:\/\/star.starmicronics.cz\/index.php?rest_route=\/wp\/v2\/pages"}],"about":[{"href":"https:\/\/star.starmicronics.cz\/index.php?rest_route=\/wp\/v2\/types\/page"}],"author":[{"embeddable":true,"href":"https:\/\/star.starmicronics.cz\/index.php?rest_route=\/wp\/v2\/users\/1"}],"replies":[{"embeddable":true,"href":"https:\/\/star.starmicronics.cz\/index.php?rest_route=%2Fwp%2Fv2%2Fcomments&post=226"}],"version-history":[{"count":0,"href":"https:\/\/star.starmicronics.cz\/index.php?rest_route=\/wp\/v2\/pages\/226\/revisions"}],"wp:attachment":[{"href":"https:\/\/star.starmicronics.cz\/index.php?rest_route=%2Fwp%2Fv2%2Fmedia&parent=226"}],"curies":[{"name":"wp","href":"https:\/\/api.w.org\/{rel}","templated":true}]}}