{"id":209,"date":"2015-04-23T08:24:13","date_gmt":"2015-04-23T07:24:13","guid":{"rendered":"http:\/\/star.starmicronics.cz\/?page_id=209"},"modified":"2016-05-05T15:53:12","modified_gmt":"2016-05-05T14:53:12","slug":"sp298","status":"publish","type":"page","link":"https:\/\/star.starmicronics.cz\/?page_id=209","title":{"rendered":"SP298"},"content":{"rendered":"<figure id=\"attachment_403\" aria-describedby=\"caption-attachment-403\" style=\"width: 213px\" class=\"wp-caption alignleft\"><a href=\"http:\/\/star.starmicronics.cz\/wp-content\/uploads\/2015\/04\/SP298_pair-1.jpg\" rel=\"lightbox[209]\"><img loading=\"lazy\" decoding=\"async\" class=\" wp-image-403\" src=\"http:\/\/star.starmicronics.cz\/wp-content\/uploads\/2015\/04\/SP298_pair-1-300x300.jpg\" alt=\"SP298\" width=\"213\" height=\"213\" srcset=\"https:\/\/star.starmicronics.cz\/wp-content\/uploads\/2015\/04\/SP298_pair-1-300x300.jpg 300w, https:\/\/star.starmicronics.cz\/wp-content\/uploads\/2015\/04\/SP298_pair-1-150x150.jpg 150w, https:\/\/star.starmicronics.cz\/wp-content\/uploads\/2015\/04\/SP298_pair-1-768x768.jpg 768w, https:\/\/star.starmicronics.cz\/wp-content\/uploads\/2015\/04\/SP298_pair-1-1024x1024.jpg 1024w\" sizes=\"auto, (max-width: 213px) 100vw, 213px\" \/><\/a><figcaption id=\"caption-attachment-403\" class=\"wp-caption-text\">SP298<\/figcaption><\/figure>\n<p><span style=\"color: #3366ff;\">SP298MD Serial<\/span><\/p>\n<p><span style=\"color: #3366ff;\">SP298MC Paraleln\u00ed<\/span><\/p>\n<p>&nbsp;<\/p>\n<p><span style=\"color: #3366ff;\"><strong>SP298 \u2013 Vysoce kvalitn\u00ed jehli\u010dkov\u00e1 tisk\u00e1rna l\u00edstk\u016f, \u0161ek\u016f a recept\u016f<\/strong><\/span><\/p>\n<p><span style=\"color: #3366ff;\">SP298 <span class=\"hps\">je<\/span> <span class=\"hps\">kompaktn\u00ed<\/span>, <span class=\"hps\">robustn\u00ed<\/span> <span class=\"hps\">a<\/span> <span class=\"hps\">spolehliv\u00e1 jehli\u010dkov\u00e1 tisk\u00e1rna<\/span>\u00a0<span class=\"hps\">ide\u00e1ln\u00ed<\/span><span class=\"hps\">\u00a0pro<\/span> <span class=\"hps\">tisk<\/span> ji\u017e na\u0159ezan\u00fdch pap\u00edr\u016f (l\u00edstky, \u0161eky, atd.)<span class=\"hps\">, jako jsou<\/span> <span class=\"hps\">p\u0159edti\u0161t\u011bn\u00e9<\/span> <span class=\"hps\">firemn\u00ed<\/span> \u00fa\u010dtenky, recepty, l\u00edstky.<\/span><\/p>\n<p><span style=\"color: #3366ff;\">SP298 <span class=\"hps\">je vybavena<\/span> <span class=\"hps\">vysoce kvalitn\u00ed<\/span> <span class=\"hps\">tiskovou hlavou<\/span> <span class=\"hps\">pro<\/span> <span class=\"hps\">tisk grafiky<\/span> <span class=\"hps\">a speci\u00e1ln\u00edch znak\u016f<\/span>, stejn\u011b jako <span class=\"hps\">Automatick\u00e9 bo\u010dn\u00ed vkl\u00e1d\u00e1n\u00ed<\/span>\u00a0<span class=\"hps\">\u2122<\/span> <span class=\"hps\">pro<\/span> <span class=\"hps\">spr\u00e1vn\u00e9 um\u00edst\u011bn\u00ed a<\/span> <span class=\"hps\">zarovn\u00e1n\u00ed<\/span> <span class=\"hps\">formul\u00e1\u0159e<\/span>. U\u017eivatel m\u016f\u017ee <span class=\"hps\">jednodu\u0161e<\/span> <span class=\"hps\">vlo\u017eit<\/span> <span class=\"hps\">formul\u00e1\u0159 a<\/span> <span class=\"hps\">tisk\u00e1rna<\/span> <span class=\"hps\">prov\u00e1d\u00ed<\/span> <span class=\"hps\">automatick\u00e9 upnut\u00ed<\/span>\u00a0<span class=\"hps\">dokumentu<\/span>, <span class=\"hps\">okam\u017eit\u00e9<\/span> <span class=\"hps\">vyrovn\u00e1n\u00ed<\/span> <span class=\"hps\">formy<\/span> <span class=\"hps\">a<\/span> <span class=\"hps\">voliteln\u00fd tisk vp\u0159ed nebo zp\u011btn\u011b.<\/span><span class=\"hps\">.<\/span> \u00a0\u00a0\u00a0\u00a0\u00a0\u00a0\u00a0\u00a0<\/span><\/p>\n<p><span style=\"color: #3366ff;\"><span class=\"hps\">Pouh\u00fdch<\/span> <span class=\"hps\">180 mm<\/span> <span class=\"hps\">\u0161irok\u00e1\u00a0a<\/span> <span class=\"hps\">190 mm<\/span> vysok\u00e1 tisk\u00e1rna <span class=\"hps\">poskytuje<\/span> <span class=\"hps\">kompaktn\u00ed<\/span> <span class=\"hps\">alternativu <\/span><span class=\"hps\">objemn\u00fdm<\/span> <span class=\"hps\">stoln\u00edm<\/span> <span class=\"hps\">tisk\u00e1rn\u00e1m<\/span> v prodejn\u00e1ch,<span class=\"hps\"> hotel\u00edch<\/span>, <span class=\"hps\">restaurac\u00edch<\/span> <span class=\"hps\">nebo<\/span> <span class=\"hps\">l\u00e9k\u00e1rn\u00e1ch<\/span>.<\/span><\/p>\n<p>&nbsp;<\/p>\n<p><span style=\"color: #3366ff;\"><strong>Vlastnosti:\u00a0<\/strong><\/span><\/p>\n<ul>\n<li><span style=\"color: #3366ff;\"><span class=\"hps\">Vysok\u00fd v\u00fdkon<\/span>, <span class=\"hps\">logick\u00e9 hled\u00e1n\u00ed<\/span>, <span class=\"hps\">9<\/span><span class=\"atn\">&#8211;<\/span>pin <span class=\"hps\">kvalita jehli\u010dkov\u00e9 <\/span><span class=\"hps\">tisk\u00e1rny<\/span> <span class=\"hps\">&#8211;<\/span> <span class=\"hps\">a\u017e<\/span> <span class=\"hps\">7,5<\/span> <span class=\"hps\">LPS<\/span><\/span><\/li>\n<li><span style=\"color: #3366ff;\">\u201cDrop-In &amp; Insert\u201d snadn\u00e9 zakl\u00e1d\u00e1n\u00ed pap\u00edru <\/span><\/li>\n<li><span style=\"color: #3366ff;\"><span class=\"hps\">Nastaviteln\u00e1<\/span> <span class=\"hps\">58<\/span> <span class=\"hps\">nebo<\/span> <span class=\"hps\">76 mm<\/span> <span class=\"hps\">\u0161\u00ed\u0159ka<\/span> <span class=\"hps\">pap\u00edru<\/span><\/span><\/li>\n<li><span style=\"color: #3366ff;\"><span class=\"hps\">6 pozic black mark sensoru pro pevn\u00fd tisk l\u00edstk\u016f <\/span><\/span><\/li>\n<li><span style=\"color: #3366ff;\"><span class=\"hps\">Ergonomick\u00fd design<\/span>, v\u010detn\u011b <span class=\"hps\">hygienick\u00fdch<\/span> <span class=\"hps\">konstruk\u010dn\u00edch<\/span> <span class=\"hps\">a<\/span> <span class=\"hps\">kabelov\u00fdch<\/span> <span class=\"hps\">kryt\u016f<\/span> <span class=\"hps\">odoln\u00fdch proti polit\u00ed<\/span> sp\u00edna\u010d\u016f<\/span><\/li>\n<li><span style=\"color: #3366ff;\"><span class=\"hps\">Prostorov\u011b \u00fasporn\u00fd<\/span> <span class=\"hps\">vertik\u00e1ln\u00ed nebo horizont\u00e1ln\u00ed<\/span> <span class=\"hps\">provoz<\/span><\/span><\/li>\n<li><span style=\"color: #3366ff;\"><span class=\"hps\">Kompaktn\u00ed<\/span> <span class=\"hps\">rozm\u011bry<\/span> <span class=\"hps\">s intern\u00edm zdrojem nap\u00e1jen\u00ed<\/span> <span class=\"hps\">a<\/span> <span class=\"hps\">vertik\u00e1ln\u00ed provoz<\/span><\/span><\/li>\n<li><span style=\"color: #3366ff;\">Barv\u00edc\u00ed p\u00e1ska: RC200B \u2013 \u010dern\u00e1<\/span><\/li>\n<\/ul>\n<p>&nbsp;<\/p>\n<p><span style=\"color: #3366ff;\"><strong>Ke sta\u017een\u00ed:<\/strong><\/span><\/p>\n<ul>\n<li><span style=\"color: #000080;\"><a style=\"color: #000080;\" href=\"http:\/\/star.starmicronics.cz\/?page_id=498\" target=\"_blank\">Produktov\u00e1 bro\u017eura<\/a><\/span><\/li>\n<li><span style=\"color: #000080;\">Manual, SDK (link to <a style=\"color: #000080;\" href=\"http:\/\/www.starmicronics.com\/support\">www.starmicronics.com\/support<\/a>)<\/span><\/li>\n<li><a href=\"http:\/\/star.starmicronics.cz\/?page_id=579\"><span style=\"color: #000080;\">Galerie obr\u00e1zk\u016f<\/span><\/a><\/li>\n<li><a href=\"https:\/\/www.youtube.com\/watch?v=WmUiUB2egNc\" target=\"_blank\"><span style=\"color: #000080;\">Video galerie<\/span><\/a><\/li>\n<li><a href=\"http:\/\/star.starmicronics.cz\/?page_id=518\"><span style=\"color: #000080;\">Na\u0161i z\u00e1kazn\u00edci<\/span><\/a><\/li>\n<\/ul>\n<p>&nbsp;<\/p>\n<p><span style=\"color: #3366ff;\"><strong>Specifikace<\/strong><\/span><\/p>\n<table style=\"height: 1178px;\" width=\"499\">\n<tbody>\n<tr>\n<td width=\"52%\"><span style=\"color: #3366ff;\">Rychlost tisku<\/span><\/td>\n<td width=\"47%\"><span style=\"color: #3366ff;\">3.1 lps<\/span><\/td>\n<\/tr>\n<tr>\n<td width=\"52%\"><span style=\"color: #3366ff;\">Rozli\u0161en\u00ed tisku<\/span><\/td>\n<td width=\"47%\"><span style=\"color: #3366ff;\">7 x 9 <\/span><\/td>\n<\/tr>\n<tr>\n<td width=\"52%\"><span style=\"color: #3366ff;\">Po\u010det sloupc\u016f<\/span><\/td>\n<td width=\"47%\"><span style=\"color: #3366ff;\">42 sl.<\/span><\/td>\n<\/tr>\n<tr>\n<td width=\"52%\"><span style=\"color: #3366ff;\">Automatick\u00e1 \u0159eza\u010dka<\/span><\/td>\n<td width=\"47%\"><span style=\"color: #3366ff;\">bez \u0159eza\u010dky<\/span><\/td>\n<\/tr>\n<tr>\n<td width=\"52%\"><span style=\"color: #3366ff;\">\u0160\u00ed\u0159ka pap\u00edru<\/span><\/td>\n<td width=\"47%\"><span style=\"color: #3366ff;\">a\u017e do\u00a0182mm<\/span><\/td>\n<\/tr>\n<tr>\n<td width=\"52%\"><span style=\"color: #3366ff;\">Tlou\u0161\u0165ka<\/span><\/td>\n<td width=\"47%\"><span style=\"color: #3366ff;\">0.09 \u2013 0.20mm 1+2 kopie<\/span><\/td>\n<\/tr>\n<tr>\n<td width=\"52%\"><span style=\"color: #3366ff;\">Role pap\u00edru (pr\u016fm\u011br)<\/span><\/td>\n<td width=\"47%\"><span style=\"color: #3366ff;\">pouze l\u00edstky<\/span><\/td>\n<\/tr>\n<tr>\n<td width=\"52%\"><span style=\"color: #3366ff;\">P\u0159\u00edslu\u0161enstv\u00ed<\/span><\/td>\n<td width=\"47%\"><span style=\"color: #3366ff;\">Horizont\u00e1ln\u00ed re\u017eim\u00a0<\/span><\/td>\n<\/tr>\n<tr>\n<td width=\"52%\"><span style=\"color: #3366ff;\">\u0160\u00ed\u0159ka tisku<\/span><\/td>\n<td width=\"47%\"><span style=\"color: #3366ff;\">63mm<\/span><\/td>\n<\/tr>\n<tr>\n<td width=\"52%\"><span style=\"color: #3366ff;\">Senzory<\/span><\/td>\n<td width=\"47%\"><span style=\"color: #3366ff;\">Automatick\u00e9 bo\u010dn\u00ed vkl\u00e1d\u00e1n\u00ed<\/span><\/td>\n<\/tr>\n<tr>\n<td width=\"52%\"><span style=\"color: #3366ff;\">Rozhran\u00ed<\/span><\/td>\n<td width=\"47%\"><span style=\"color: #3366ff;\">RS232C\u00a0nebo Paraleln\u00ed<\/span><\/td>\n<\/tr>\n<tr>\n<td width=\"52%\"><span style=\"color: #3366ff;\">Unique Ethernet Print on Disconnection Feature<\/span><\/td>\n<td width=\"47%\"><span style=\"color: #3366ff;\">\u00a0<\/span><\/td>\n<\/tr>\n<tr>\n<td width=\"52%\"><span style=\"color: #3366ff;\">Nap\u00e1jec\u00ed zdroj<\/span><\/td>\n<td width=\"47%\"><span style=\"color: #3366ff;\">Extern\u00ed PS60<\/span><\/td>\n<\/tr>\n<tr>\n<td width=\"52%\"><span style=\"color: #3366ff;\"><span class=\"hps\">Spot\u0159eba Energie<\/span><\/span><\/td>\n<td width=\"47%\"><span style=\"color: #3366ff;\">1.0 Amps tisk 0.07 Amps<\/span> <span style=\"color: #3366ff;\">pohotovostn\u00ed<\/span><\/td>\n<\/tr>\n<tr>\n<td width=\"52%\"><span style=\"color: #3366ff;\">Energy Star<\/span><\/td>\n<td width=\"47%\"><span style=\"color: #3366ff;\">Extern\u00ed, Energy Star\u00a0kvalifikovan\u00fd PS60\u00a0<\/span><\/td>\n<\/tr>\n<tr>\n<td width=\"52%\"><span style=\"color: #3366ff;\">Spolehlivost<\/span><\/td>\n<td width=\"47%\"><span style=\"color: #3366ff;\">9 milion\u016f \u0159\u00e1dk\u016f<\/span><\/td>\n<\/tr>\n<tr>\n<td width=\"52%\"><span style=\"color: #3366ff;\">Rozm\u011bry (\u0161 x h x v)mm <\/span><\/td>\n<td width=\"47%\"><span style=\"color: #3366ff;\">180 x 190 x 138.5<\/span><\/td>\n<\/tr>\n<tr>\n<td width=\"52%\"><span style=\"color: #3366ff;\">Dopl\u0148kov\u00e9 funkce<\/span><\/td>\n<td width=\"47%\">\n<ul>\n<li><span style=\"color: #3366ff;\">PS60 nap\u00e1jec\u00ed zdroj<\/span><\/li>\n<\/ul>\n<\/td>\n<\/tr>\n<\/tbody>\n<\/table>\n<p><span style=\"color: #3366ff;\"><strong>\u00a0<\/strong><\/span><\/p>\n<p><span style=\"color: #3366ff;\"><strong>Galerie<\/strong><\/span><\/p>\n<div id='gallery-1' class='gallery galleryid-209 gallery-columns-3 gallery-size-medium'><figure class='gallery-item'>\n\t\t\t<div class='gallery-icon landscape'>\n\t\t\t\t<a href='https:\/\/star.starmicronics.cz\/wp-content\/uploads\/2015\/04\/SP298_pair-1.jpg' rel=\"lightbox[209]\"><img loading=\"lazy\" decoding=\"async\" width=\"300\" height=\"300\" src=\"https:\/\/star.starmicronics.cz\/wp-content\/uploads\/2015\/04\/SP298_pair-1-300x300.jpg\" class=\"attachment-medium size-medium\" alt=\"\" aria-describedby=\"gallery-1-403\" srcset=\"https:\/\/star.starmicronics.cz\/wp-content\/uploads\/2015\/04\/SP298_pair-1-300x300.jpg 300w, https:\/\/star.starmicronics.cz\/wp-content\/uploads\/2015\/04\/SP298_pair-1-150x150.jpg 150w, https:\/\/star.starmicronics.cz\/wp-content\/uploads\/2015\/04\/SP298_pair-1-768x768.jpg 768w, https:\/\/star.starmicronics.cz\/wp-content\/uploads\/2015\/04\/SP298_pair-1-1024x1024.jpg 1024w\" sizes=\"auto, (max-width: 300px) 100vw, 300px\" \/><\/a>\n\t\t\t<\/div>\n\t\t\t\t<figcaption class='wp-caption-text gallery-caption' id='gallery-1-403'>\n\t\t\t\tSP298\n\t\t\t\t<\/figcaption><\/figure><figure class='gallery-item'>\n\t\t\t<div class='gallery-icon landscape'>\n\t\t\t\t<a href='https:\/\/star.starmicronics.cz\/wp-content\/uploads\/2015\/04\/SP298_front-1.jpg' rel=\"lightbox[209]\"><img loading=\"lazy\" decoding=\"async\" width=\"300\" height=\"300\" src=\"https:\/\/star.starmicronics.cz\/wp-content\/uploads\/2015\/04\/SP298_front-1-300x300.jpg\" class=\"attachment-medium size-medium\" alt=\"\" aria-describedby=\"gallery-1-404\" srcset=\"https:\/\/star.starmicronics.cz\/wp-content\/uploads\/2015\/04\/SP298_front-1-300x300.jpg 300w, https:\/\/star.starmicronics.cz\/wp-content\/uploads\/2015\/04\/SP298_front-1-150x150.jpg 150w, https:\/\/star.starmicronics.cz\/wp-content\/uploads\/2015\/04\/SP298_front-1-768x768.jpg 768w, https:\/\/star.starmicronics.cz\/wp-content\/uploads\/2015\/04\/SP298_front-1-1024x1024.jpg 1024w\" sizes=\"auto, (max-width: 300px) 100vw, 300px\" \/><\/a>\n\t\t\t<\/div>\n\t\t\t\t<figcaption class='wp-caption-text gallery-caption' id='gallery-1-404'>\n\t\t\t\tSP298\n\t\t\t\t<\/figcaption><\/figure><figure class='gallery-item'>\n\t\t\t<div class='gallery-icon landscape'>\n\t\t\t\t<a href='https:\/\/star.starmicronics.cz\/wp-content\/uploads\/2015\/04\/SP298_Autoside_Loading-1.jpg' rel=\"lightbox[209]\"><img loading=\"lazy\" decoding=\"async\" width=\"235\" height=\"235\" src=\"https:\/\/star.starmicronics.cz\/wp-content\/uploads\/2015\/04\/SP298_Autoside_Loading-1.jpg\" class=\"attachment-medium size-medium\" alt=\"\" aria-describedby=\"gallery-1-405\" srcset=\"https:\/\/star.starmicronics.cz\/wp-content\/uploads\/2015\/04\/SP298_Autoside_Loading-1.jpg 235w, https:\/\/star.starmicronics.cz\/wp-content\/uploads\/2015\/04\/SP298_Autoside_Loading-1-150x150.jpg 150w\" sizes=\"auto, (max-width: 235px) 100vw, 235px\" \/><\/a>\n\t\t\t<\/div>\n\t\t\t\t<figcaption class='wp-caption-text gallery-caption' id='gallery-1-405'>\n\t\t\t\tSP298\n\t\t\t\t<\/figcaption><\/figure>\n\t\t<\/div>\n\n<p><span style=\"color: #3366ff;\"><strong>Souvisej\u00edc\u00ed produkty<\/strong><\/span><\/p>\n<div id='gallery-2' class='gallery galleryid-209 gallery-columns-3 gallery-size-medium'><figure class='gallery-item'>\n\t\t\t<div class='gallery-icon landscape'>\n\t\t\t\t<img loading=\"lazy\" decoding=\"async\" width=\"300\" height=\"300\" src=\"https:\/\/star.starmicronics.cz\/wp-content\/uploads\/2015\/04\/HSP7000-300x300.jpg\" class=\"attachment-medium size-medium\" alt=\"\" aria-describedby=\"gallery-2-117\" srcset=\"https:\/\/star.starmicronics.cz\/wp-content\/uploads\/2015\/04\/HSP7000-300x300.jpg 300w, https:\/\/star.starmicronics.cz\/wp-content\/uploads\/2015\/04\/HSP7000-150x150.jpg 150w, https:\/\/star.starmicronics.cz\/wp-content\/uploads\/2015\/04\/HSP7000.jpg 400w\" sizes=\"auto, (max-width: 300px) 100vw, 300px\" \/>\n\t\t\t<\/div>\n\t\t\t\t<figcaption class='wp-caption-text gallery-caption' id='gallery-2-117'>\n\t\t\t\tHSP7000\n\t\t\t\t<\/figcaption><\/figure><figure class='gallery-item'>\n\t\t\t<div class='gallery-icon landscape'>\n\t\t\t\t<img loading=\"lazy\" decoding=\"async\" width=\"300\" height=\"257\" src=\"https:\/\/star.starmicronics.cz\/wp-content\/uploads\/2015\/04\/ps60_power_supply-300x257.jpg\" class=\"attachment-medium size-medium\" alt=\"\" aria-describedby=\"gallery-2-163\" srcset=\"https:\/\/star.starmicronics.cz\/wp-content\/uploads\/2015\/04\/ps60_power_supply-300x257.jpg 300w, https:\/\/star.starmicronics.cz\/wp-content\/uploads\/2015\/04\/ps60_power_supply.jpg 536w\" sizes=\"auto, (max-width: 300px) 100vw, 300px\" \/>\n\t\t\t<\/div>\n\t\t\t\t<figcaption class='wp-caption-text gallery-caption' id='gallery-2-163'>\n\t\t\t\tNap\u00e1jec\u00ed zdroj\n\t\t\t\t<\/figcaption><\/figure>\n\t\t<\/div>\n\n<p>&nbsp;<\/p>\n<p>&nbsp;<\/p>\n<p>&nbsp;<\/p>\n<p>&nbsp;<\/p>\n<p>&nbsp;<\/p>\n","protected":false},"excerpt":{"rendered":"<p>SP298MD Serial SP298MC Paraleln\u00ed &nbsp; SP298 \u2013 Vysoce kvalitn\u00ed jehli\u010dkov\u00e1 tisk\u00e1rna l\u00edstk\u016f, \u0161ek\u016f a recept\u016f SP298 je kompaktn\u00ed, robustn\u00ed a spolehliv\u00e1 jehli\u010dkov\u00e1 tisk\u00e1rna\u00a0ide\u00e1ln\u00ed\u00a0pro tisk ji\u017e na\u0159ezan\u00fdch pap\u00edr\u016f (l\u00edstky, \u0161eky, atd.), jako jsou p\u0159edti\u0161t\u011bn\u00e9 firemn\u00ed \u00fa\u010dtenky, recepty, l\u00edstky. SP298 je vybavena vysoce kvalitn\u00ed tiskovou hlavou pro tisk grafiky a speci\u00e1ln\u00edch znak\u016f, stejn\u011b jako Automatick\u00e9 bo\u010dn\u00ed vkl\u00e1d\u00e1n\u00ed\u00a0\u2122 [&hellip;]<\/p>\n","protected":false},"author":1,"featured_media":0,"parent":0,"menu_order":0,"comment_status":"closed","ping_status":"open","template":"","meta":{"footnotes":"","_links_to":"","_links_to_target":""},"class_list":["post-209","page","type-page","status-publish","hentry"],"_links":{"self":[{"href":"https:\/\/star.starmicronics.cz\/index.php?rest_route=\/wp\/v2\/pages\/209","targetHints":{"allow":["GET"]}}],"collection":[{"href":"https:\/\/star.starmicronics.cz\/index.php?rest_route=\/wp\/v2\/pages"}],"about":[{"href":"https:\/\/star.starmicronics.cz\/index.php?rest_route=\/wp\/v2\/types\/page"}],"author":[{"embeddable":true,"href":"https:\/\/star.starmicronics.cz\/index.php?rest_route=\/wp\/v2\/users\/1"}],"replies":[{"embeddable":true,"href":"https:\/\/star.starmicronics.cz\/index.php?rest_route=%2Fwp%2Fv2%2Fcomments&post=209"}],"version-history":[{"count":0,"href":"https:\/\/star.starmicronics.cz\/index.php?rest_route=\/wp\/v2\/pages\/209\/revisions"}],"wp:attachment":[{"href":"https:\/\/star.starmicronics.cz\/index.php?rest_route=%2Fwp%2Fv2%2Fmedia&parent=209"}],"curies":[{"name":"wp","href":"https:\/\/api.w.org\/{rel}","templated":true}]}}