{"id":155,"date":"2015-04-22T13:01:24","date_gmt":"2015-04-22T12:01:24","guid":{"rendered":"http:\/\/star.starmicronics.cz\/?page_id=155"},"modified":"2016-05-06T22:41:22","modified_gmt":"2016-05-06T21:41:22","slug":"tsp700ii","status":"publish","type":"page","link":"https:\/\/star.starmicronics.cz\/?page_id=155","title":{"rendered":"TSP700II"},"content":{"rendered":"<p>&nbsp;<\/p>\n<figure id=\"attachment_158\" aria-describedby=\"caption-attachment-158\" style=\"width: 244px\" class=\"wp-caption alignleft\"><a href=\"http:\/\/star.starmicronics.cz\/wp-content\/uploads\/2015\/04\/TSP700II-pair.jpg\" rel=\"lightbox[155]\"><img loading=\"lazy\" decoding=\"async\" class=\" wp-image-158\" src=\"http:\/\/star.starmicronics.cz\/wp-content\/uploads\/2015\/04\/TSP700II-pair-300x300.jpg\" alt=\"TSP700II\" width=\"244\" height=\"244\" srcset=\"https:\/\/star.starmicronics.cz\/wp-content\/uploads\/2015\/04\/TSP700II-pair-300x300.jpg 300w, https:\/\/star.starmicronics.cz\/wp-content\/uploads\/2015\/04\/TSP700II-pair-150x150.jpg 150w, https:\/\/star.starmicronics.cz\/wp-content\/uploads\/2015\/04\/TSP700II-pair-768x768.jpg 768w, https:\/\/star.starmicronics.cz\/wp-content\/uploads\/2015\/04\/TSP700II-pair-1024x1024.jpg 1024w, https:\/\/star.starmicronics.cz\/wp-content\/uploads\/2015\/04\/TSP700II-pair.jpg 1965w\" sizes=\"auto, (max-width: 244px) 100vw, 244px\" \/><\/a><figcaption id=\"caption-attachment-158\" class=\"wp-caption-text\">TSP700II<\/figcaption><\/figure>\n<p><span style=\"color: #3366ff;\">TSP743IIBI Bluetooth<\/span><\/p>\n<p><span style=\"color: #3366ff;\">TSP743II WebPRNT<\/span><\/p>\n<p><span style=\"color: #3366ff;\">TSP743IIE Ethernet<\/span><\/p>\n<p><span style=\"color: #3366ff;\">TSP743IIU USB<\/span><\/p>\n<p><span style=\"color: #3366ff;\">TSP743IID Serial<\/span><\/p>\n<p><span style=\"color: #3366ff;\">TSP743IIC Paraleln\u00ed<\/span><\/p>\n<p><span style=\"color: #3366ff;\">TSP743II\u00a0Bez rozhran\u00ed<strong>\u00a0<\/strong><\/span><\/p>\n<p><span style=\"color: #3366ff;\"><strong>TSP-700II &#8211; vysokorychlostn\u00ed multifunk\u010dn\u00ed tisk\u00e1rna<\/strong><\/span><\/p>\n<p style=\"text-align: left;\"><span style=\"color: #3366ff;\"><strong>Kombinace rychlosti, spolehlivosti a snadn\u00e9ho pou\u017eit\u00ed, multifunk\u010dn\u00ed tisk\u00e1rna TSP700II\u00a0m\u00e1 grafiku s vysok\u00fdm rozli\u0161en\u00edm a je vhodn\u00e1 pro tisk\u00a0\u00fa\u010dtenek, etiket a <span style=\"color: #3366ff;\">\u010d\u00e1rov\u00fdch k\u00f3d\u016f\u00a0na vstupenk\u00e1ch.<\/span><\/strong><\/span><\/p>\n<p style=\"text-align: left;\"><span style=\"color: #3366ff;\">Jej\u00ed robustn\u00ed konstrukce a snadn\u00e9 pou\u017eit\u00ed je ide\u00e1ln\u00ed pro rychl\u00e9 a vysoce objemov\u00e9 ti\u0161t\u011bn\u00ed \u00fa\u010dtenek, kter\u00e9 vy\u017eaduje vysoce kvalitn\u00ed text, grafiku a v\u00fdstup \u010d\u00e1rov\u00e9ho k\u00f3du v rychlosti 250 mm za sekundu. TSP700II je kompatibiln\u00ed s v\u011bt\u0161inou opera\u010dn\u00edch syst\u00e9m\u016f a byla \u00fasp\u011b\u0161n\u011b nainstalov\u00e1na v tis\u00edc\u00edch maloobchod\u016f, pohostinstv\u00ed a v kioskov\u00fdch\u00a0 samoobslu\u017en\u00fdch aplikac\u00edch\u00a0po cel\u00e9m sv\u011bt\u011b. Star intuitivn\u00ed design umo\u017e\u0148uje u\u017eivatel\u016fm efektivn\u011b zm\u011bnit jeho rozhran\u00ed, umo\u017e\u0148uje upgrade POS syst\u00e9mu bez nutnosti upgradu tisk\u00e1rny. TSP700II je tak\u00e9 n\u00e1kladov\u011b efektivn\u00ed multifunk\u010dn\u00ed tisk\u00e1rna se\u00a0schopnost\u00ed tisknout vysoce kvalitn\u00ed vstupenky a etikety na pap\u00edr a\u017e 0.15 mm siln\u00fd. S vysoce kvalitn\u00ed \u0159eza\u010dkou, jako standard a senzorem pro p\u0159esn\u00e9 rozestupy. TSP700II m\u016f\u017ee b\u00fdt pou\u017eita jako tisk\u00e1rna \u0161t\u00edtk\u016f, loterijn\u00ed tisk\u00e1rna nebo jako tisk\u00e1rna vstupenek pro kina, z\u00e1bavn\u00ed parky a ud\u00e1losti. TSP700IIBI bluetooth POS tisk\u00e1rna je vysoce kvalitn\u00ed bezdr\u00e1tov\u00e1 tisk\u00e1rna \u00fa\u010dtenek a je vhodn\u00e1 do maloobchod\u016f nebo restaurac\u00ed.<\/span><\/p>\n<p><span style=\"color: #3366ff;\"><strong>Vlastnosti:\u00a0<\/strong><\/span><\/p>\n<ul>\n<li><span style=\"color: #3366ff;\">Rychl\u00e1 tisk\u00e1rna \u00fa\u010dtenek schopna\u00a0tisknout \u010d\u00e1rov\u00e9 k\u00f3dy , \u0161t\u00edtky a vstupenky rychlost\u00ed 250mm \/ vte\u0159inu<\/span><\/li>\n<li><span style=\"color: #3366ff;\">&#8222;Drop-In &amp; Print&#8220; <span style=\"color: #3366ff;\">snadn\u00e9 zakl\u00e1d\u00e1n\u00ed pap\u00edru<\/span><\/span><\/li>\n<li><span style=\"color: #3366ff;\">Black\u00a0mark senzor pro p\u0159esnou d\u00e9lku etiket a vstupenek<\/span><\/li>\n<li><span style=\"color: #3366ff;\">60mil. \u0159\u00e1dk\u016f spolehlivost CRT a je kompatibiln\u00ed s v\u011bt\u0161inou opera\u010dn\u00edch platforem<\/span><\/li>\n<li><span style=\"color: #3366ff;\">\u00dapln\u00fd nebo \u010d\u00e1ste\u010dn\u00fd \u0159ez automatick\u00e9 \u0159eza\u010dky<\/span><\/li>\n<li><span style=\"color: #3366ff;\">Ergonomick\u00fd design proti\u00a0st\u0159\u00edkaj\u00edc\u00ed vod\u011b, odoln\u00e1 konstrukce se snadno omyvateln\u00fdm krytem<\/span><\/li>\n<li><span style=\"color: #3366ff;\">Double Density ( 406x 203dpi ) rozli\u0161en\u00ed tisku pro vysoce kvalitn\u00ed v\u00fdstupy grafiky a \u010d\u00e1rov\u00fdch k\u00f3d\u016f \u00a0<\/span><\/li>\n<li><span style=\"color: #3366ff;\">Advanced Configuration Utility se schopnost\u00ed konfigurovat grafiku nebo kup\u00f3ny bez n\u00e1kladn\u00fdch zm\u011bn softwaru nebo slo\u017eit\u00fdch nastavov\u00e1n\u00ed .\u00a0<\/span><\/li>\n<\/ul>\n<p><span style=\"color: #3366ff;\"><strong>Ke sta\u017een\u00ed:<\/strong><\/span><\/p>\n<ul>\n<li><span style=\"color: #000080;\"><a style=\"color: #000080;\" href=\"http:\/\/star.starmicronics.cz\/?page_id=498\" target=\"_blank\">Produktov\u00e1 bro\u017eura<\/a><\/span><\/li>\n<li><span style=\"color: #000080;\">Manual, SDK (link to <a style=\"color: #000080;\" href=\"http:\/\/www.starmicronics.com\/support\">www.starmicronics.com\/support<\/a>)<\/span><\/li>\n<li><a href=\"http:\/\/star.starmicronics.cz\/?page_id=579\"><span style=\"color: #000080;\">Galerie obr\u00e1zk\u016f<\/span><\/a><\/li>\n<li><a href=\"https:\/\/www.youtube.com\/watch?v=BqbludbeFAo\" target=\"_blank\"><span style=\"color: #000080;\">Video galerie<\/span><\/a><\/li>\n<li><a href=\"http:\/\/star.starmicronics.cz\/?page_id=518\"><span style=\"color: #000080;\">Na\u0161i z\u00e1kazn\u00edci<\/span><\/a><\/li>\n<li><span style=\"color: #000080;\"><a style=\"color: #000080;\" href=\"https:\/\/www.apple.com\/itunes\/\" target=\"_blank\">App Store image <\/a><\/span><\/li>\n<li><span style=\"color: #000080;\"><a style=\"color: #000080;\" href=\"https:\/\/play.google.com\/store\/apps\/details?id=com.google.android.apps.plus\" target=\"_blank\">Google Play image <\/a><\/span><\/li>\n<\/ul>\n<p><a href=\"http:\/\/star.starmicronics.cz\/wp-content\/uploads\/2015\/04\/appstore_googleplay.jpg\" rel=\"lightbox[155]\"><img loading=\"lazy\" decoding=\"async\" class=\"alignnone  wp-image-347\" src=\"http:\/\/star.starmicronics.cz\/wp-content\/uploads\/2015\/04\/appstore_googleplay-300x220.jpg\" alt=\"appstore_googleplay\" width=\"125\" height=\"92\" srcset=\"https:\/\/star.starmicronics.cz\/wp-content\/uploads\/2015\/04\/appstore_googleplay-300x220.jpg 300w, https:\/\/star.starmicronics.cz\/wp-content\/uploads\/2015\/04\/appstore_googleplay-135x100.jpg 135w, https:\/\/star.starmicronics.cz\/wp-content\/uploads\/2015\/04\/appstore_googleplay.jpg 425w\" sizes=\"auto, (max-width: 125px) 100vw, 125px\" \/><\/a><\/p>\n<p><span style=\"color: #3366ff;\"><strong>Specifikace<\/strong><\/span><\/p>\n<table style=\"height: 1519px;\" width=\"665\">\n<tbody>\n<tr>\n<td width=\"30%\"><span style=\"color: #3366ff;\">Rychlost tisku<\/span><\/td>\n<td width=\"69%\"><span style=\"color: #3366ff;\">250mm\/sec.<\/span><\/td>\n<\/tr>\n<tr>\n<td width=\"30%\"><span style=\"color: #3366ff;\">Rozli\u0161en\u00ed tisku<\/span><\/td>\n<td width=\"69%\"><span style=\"color: #3366ff;\">203 dpi, 406 x 203 dpi voliteln\u00e9<\/span><\/td>\n<\/tr>\n<tr>\n<td width=\"30%\"><span style=\"color: #3366ff;\">Po\u010det sloupc\u016f<\/span><\/td>\n<td width=\"69%\"><span style=\"color: #3366ff;\">48 \/ 64\u00a0nebo 53 \/ 71 sl. , v z\u00e1vislosti na \u0161\u00ed\u0159ce pap\u00edru<\/span><\/td>\n<\/tr>\n<tr>\n<td width=\"30%\"><span style=\"color: #3366ff;\">Automatick\u00e1 \u0159eza\u010dka<\/span><\/td>\n<td width=\"69%\"><span style=\"color: #0000ff;\"><span style=\"color: #3366ff;\">\u00dapln\u00fd nebo \u010d\u00e1ste\u010dn\u00fd \u0159ez (gilotina)<\/span><\/span><\/td>\n<\/tr>\n<tr>\n<td width=\"30%\"><span style=\"color: #3366ff;\">\u0160\u00ed\u0159ka pap\u00edru<\/span><\/td>\n<td width=\"69%\"><span style=\"color: #3366ff;\">82.5mm, 80mm,\u00a058mm voliteln\u00e1(80mm standardn\u00ed <span style=\"color: #3366ff;\">s dod\u00e1van\u00fdm vod\u00edtkem)<\/span><\/span><\/td>\n<\/tr>\n<tr>\n<td width=\"30%\"><span style=\"color: #3366ff;\">Tlou\u0161\u0165ka<\/span><\/td>\n<td width=\"69%\"><span style=\"color: #3366ff;\">0.065 \u2013 0.15mm<\/span><\/td>\n<\/tr>\n<tr>\n<td width=\"30%\"><span style=\"color: #3366ff;\">Role pap\u00edru (pr\u016fm\u011br)<\/span><\/td>\n<td width=\"69%\"><span style=\"color: #3366ff;\">100mm<\/span><\/td>\n<\/tr>\n<tr>\n<td width=\"30%\"><span style=\"color: #3366ff;\">P\u0159\u00edslu\u0161enstv\u00ed<\/span><\/td>\n<td width=\"69%\"><span style=\"color: #3366ff;\">Voliteln\u00e9, Mont\u00e1\u017en\u00ed konzola zahrnuta &amp;\u00a0vod\u00edtko pap\u00edru zahrnuto<\/span><\/td>\n<\/tr>\n<tr>\n<td width=\"30%\"><span style=\"color: #3366ff;\">\u0160\u00ed\u0159ka tisku<\/span><\/td>\n<td width=\"69%\"><span style=\"color: #3366ff;\">80mm Max<\/span><\/td>\n<\/tr>\n<tr>\n<td width=\"30%\"><span style=\"color: #3366ff;\">Senzory<\/span><\/td>\n<td width=\"69%\"><span style=\"color: #3366ff;\">Black Mark, do\u0161l\u00fd pap\u00edr,\u00a0otev\u0159en\u00fd kryt, Near End\u00a0Horizont\u00e1ln\u00ed &amp; Vertik\u00e1ln\u00ed<\/span><\/td>\n<\/tr>\n<tr>\n<td width=\"30%\"><span style=\"color: #3366ff;\">Rozhran\u00ed<\/span><\/td>\n<td width=\"69%\"><span style=\"color: #3366ff;\">Serial, Paraleln\u00ed, USB a bez rozhran\u00ed. Plug-In mo\u017enosti: Serial (IFBD-HD03),\u00a09-pin Serial (HN03),\u00a0Paraleln\u00ed (HC03),\u00a0Ethernet (HE07)\u00a0Nov\u011b \u00a0Bluetooth (Apple\u00a0iOS, Android, Windows)<\/span><\/td>\n<\/tr>\n<tr>\n<td width=\"30%\"><span style=\"color: #3366ff;\">Unique Ethernet Print on Disconnection Feature<\/span><\/td>\n<td width=\"69%\"><span style=\"color: #3366ff;\">Standardn\u00ed s\u00a0IFBD-HE07 volbou<\/span><\/td>\n<\/tr>\n<tr>\n<td width=\"30%\"><span style=\"color: #3366ff;\">Nap\u00e1jec\u00ed zdroj<\/span><\/td>\n<td width=\"69%\"><span style=\"color: #3366ff;\">Extern\u00ed \u00a0PS60A<\/span><\/td>\n<\/tr>\n<tr>\n<td width=\"30%\"><span style=\"color: #3366ff;\">Spot\u0159eba energie<\/span><\/td>\n<td width=\"69%\"><span style=\"color: #3366ff;\">1.8 Amps\u00a0tisk 0.15 Amps pohotovostn\u00ed<\/span><\/td>\n<\/tr>\n<tr>\n<td width=\"30%\"><span style=\"color: #3366ff;\">Energy Star<\/span><\/td>\n<td width=\"69%\"><span style=\"color: #3366ff;\">Extern\u00ed, Energy Star Qualified PS60 ( Dobrovoln\u00fd)<\/span><\/td>\n<\/tr>\n<tr>\n<td width=\"30%\"><span style=\"color: #3366ff;\">Spolehlivost<\/span><\/td>\n<td width=\"69%\"><span style=\"color: #3366ff;\">60\u00a0milion \u0159\u00e1dk\u016f\u00a02 miliony \u0159ez\u016f<\/span><\/td>\n<\/tr>\n<tr>\n<td width=\"30%\"><span style=\"color: #3366ff;\">Rozm\u011bry (\u0161 x h x v)mm a v\u00e1ha<\/span><\/td>\n<td width=\"69%\"><span style=\"color: #3366ff;\">147 x 213 x 148 1.75kg<\/span><\/td>\n<\/tr>\n<tr>\n<td width=\"30%\"><span style=\"color: #3366ff;\">Dopl\u0148kov\u00e9 funkce<\/span><\/td>\n<td width=\"69%\">\n<ul>\n<li><span style=\"color: #3366ff;\">Bzu\u010d\u00e1k<\/span><\/li>\n<li><span style=\"color: #3366ff;\">T700 Vod\u011bodoln\u00fd kryt<\/span><\/li>\n<li><span style=\"color: #3366ff;\">Modr\u00e9 nebo zelen\u00e9 a \u010derven\u00e9\u00a0LED vod\u00edtko pap\u00edru<\/span><\/li>\n<li><span style=\"color: #3366ff;\">Plug-in rozhran\u00ed<\/span><\/li>\n<li><span style=\"color: #3366ff;\"><span style=\"color: #3366ff;\">&#8220; Plug -In &#8220; \u0159e\u0161en\u00ed WebPRNT rozhran\u00ed pro jednoduch\u00fd webov\u00fd tisk<\/span><\/span><\/li>\n<li><span style=\"color: #3366ff;\">Star WebPRNT Browser,\u00a0je ke sta\u017een\u00ed pro\u00a0TSP743IIBTi\u00a0na \u00a0App Store &amp; Google Play<\/span><\/li>\n<\/ul>\n<\/td>\n<\/tr>\n<\/tbody>\n<\/table>\n<p><span style=\"color: #0000ff;\">\u00a0<span style=\"color: #3366ff;\"><strong>Galerie<\/strong><\/span><\/span><\/p>\n<div id='gallery-1' class='gallery galleryid-155 gallery-columns-3 gallery-size-medium'><figure class='gallery-item'>\n\t\t\t<div class='gallery-icon landscape'>\n\t\t\t\t<a href='https:\/\/star.starmicronics.cz\/wp-content\/uploads\/2015\/04\/TSP700II-pair.jpg' rel=\"lightbox[155]\"><img loading=\"lazy\" decoding=\"async\" width=\"300\" height=\"300\" src=\"https:\/\/star.starmicronics.cz\/wp-content\/uploads\/2015\/04\/TSP700II-pair-300x300.jpg\" class=\"attachment-medium size-medium\" alt=\"\" aria-describedby=\"gallery-1-158\" srcset=\"https:\/\/star.starmicronics.cz\/wp-content\/uploads\/2015\/04\/TSP700II-pair-300x300.jpg 300w, https:\/\/star.starmicronics.cz\/wp-content\/uploads\/2015\/04\/TSP700II-pair-150x150.jpg 150w, https:\/\/star.starmicronics.cz\/wp-content\/uploads\/2015\/04\/TSP700II-pair-768x768.jpg 768w, https:\/\/star.starmicronics.cz\/wp-content\/uploads\/2015\/04\/TSP700II-pair-1024x1024.jpg 1024w, https:\/\/star.starmicronics.cz\/wp-content\/uploads\/2015\/04\/TSP700II-pair.jpg 1965w\" sizes=\"auto, (max-width: 300px) 100vw, 300px\" \/><\/a>\n\t\t\t<\/div>\n\t\t\t\t<figcaption class='wp-caption-text gallery-caption' id='gallery-1-158'>\n\t\t\t\tTSP700II\n\t\t\t\t<\/figcaption><\/figure><figure class='gallery-item'>\n\t\t\t<div class='gallery-icon landscape'>\n\t\t\t\t<a href='https:\/\/star.starmicronics.cz\/wp-content\/uploads\/2015\/04\/TSP700II_snout-1.jpg' rel=\"lightbox[155]\"><img loading=\"lazy\" decoding=\"async\" width=\"300\" height=\"300\" src=\"https:\/\/star.starmicronics.cz\/wp-content\/uploads\/2015\/04\/TSP700II_snout-1-300x300.jpg\" class=\"attachment-medium size-medium\" alt=\"\" aria-describedby=\"gallery-1-157\" srcset=\"https:\/\/star.starmicronics.cz\/wp-content\/uploads\/2015\/04\/TSP700II_snout-1-300x300.jpg 300w, https:\/\/star.starmicronics.cz\/wp-content\/uploads\/2015\/04\/TSP700II_snout-1-150x150.jpg 150w, https:\/\/star.starmicronics.cz\/wp-content\/uploads\/2015\/04\/TSP700II_snout-1-768x768.jpg 768w, https:\/\/star.starmicronics.cz\/wp-content\/uploads\/2015\/04\/TSP700II_snout-1-1024x1024.jpg 1024w\" sizes=\"auto, (max-width: 300px) 100vw, 300px\" \/><\/a>\n\t\t\t<\/div>\n\t\t\t\t<figcaption class='wp-caption-text gallery-caption' id='gallery-1-157'>\n\t\t\t\tTSP700II snout\n\t\t\t\t<\/figcaption><\/figure><figure class='gallery-item'>\n\t\t\t<div class='gallery-icon landscape'>\n\t\t\t\t<a href='https:\/\/star.starmicronics.cz\/wp-content\/uploads\/2015\/04\/TSP700II_front-1.jpg' rel=\"lightbox[155]\"><img loading=\"lazy\" decoding=\"async\" width=\"300\" height=\"300\" src=\"https:\/\/star.starmicronics.cz\/wp-content\/uploads\/2015\/04\/TSP700II_front-1-300x300.jpg\" class=\"attachment-medium size-medium\" alt=\"\" aria-describedby=\"gallery-1-156\" srcset=\"https:\/\/star.starmicronics.cz\/wp-content\/uploads\/2015\/04\/TSP700II_front-1-300x300.jpg 300w, https:\/\/star.starmicronics.cz\/wp-content\/uploads\/2015\/04\/TSP700II_front-1-150x150.jpg 150w, https:\/\/star.starmicronics.cz\/wp-content\/uploads\/2015\/04\/TSP700II_front-1-768x768.jpg 768w, https:\/\/star.starmicronics.cz\/wp-content\/uploads\/2015\/04\/TSP700II_front-1-1024x1024.jpg 1024w\" sizes=\"auto, (max-width: 300px) 100vw, 300px\" \/><\/a>\n\t\t\t<\/div>\n\t\t\t\t<figcaption class='wp-caption-text gallery-caption' id='gallery-1-156'>\n\t\t\t\tTSP700II\n\t\t\t\t<\/figcaption><\/figure>\n\t\t<\/div>\n\n<p><span style=\"color: #3366ff;\"><strong>Souvisej\u00edc\u00ed produkty<\/strong><\/span><\/p>\n<div id='gallery-2' class='gallery galleryid-155 gallery-columns-4 gallery-size-medium'><figure class='gallery-item'>\n\t\t\t<div class='gallery-icon portrait'>\n\t\t\t\t<img loading=\"lazy\" decoding=\"async\" width=\"209\" height=\"300\" src=\"https:\/\/star.starmicronics.cz\/wp-content\/uploads\/2015\/04\/TSP700II_deskboot-209x300.jpg\" class=\"attachment-medium size-medium\" alt=\"\" aria-describedby=\"gallery-2-159\" srcset=\"https:\/\/star.starmicronics.cz\/wp-content\/uploads\/2015\/04\/TSP700II_deskboot-209x300.jpg 209w, https:\/\/star.starmicronics.cz\/wp-content\/uploads\/2015\/04\/TSP700II_deskboot.jpg 500w\" sizes=\"auto, (max-width: 209px) 100vw, 209px\" \/>\n\t\t\t<\/div>\n\t\t\t\t<figcaption class='wp-caption-text gallery-caption' id='gallery-2-159'>\n\t\t\t\tVertik\u00e1ln\u00ed dr\u017e\u00e1k\n\t\t\t\t<\/figcaption><\/figure>\n\t\t<\/div>\n\n<div id='gallery-3' class='gallery galleryid-155 gallery-columns-4 gallery-size-medium'><figure class='gallery-item'>\n\t\t\t<div class='gallery-icon portrait'>\n\t\t\t\t<img loading=\"lazy\" decoding=\"async\" width=\"276\" height=\"300\" src=\"https:\/\/star.starmicronics.cz\/wp-content\/uploads\/2015\/04\/TSP700II_splash_cover-276x300.jpg\" class=\"attachment-medium size-medium\" alt=\"\" aria-describedby=\"gallery-3-160\" srcset=\"https:\/\/star.starmicronics.cz\/wp-content\/uploads\/2015\/04\/TSP700II_splash_cover-276x300.jpg 276w, https:\/\/star.starmicronics.cz\/wp-content\/uploads\/2015\/04\/TSP700II_splash_cover.jpg 750w\" sizes=\"auto, (max-width: 276px) 100vw, 276px\" \/>\n\t\t\t<\/div>\n\t\t\t\t<figcaption class='wp-caption-text gallery-caption' id='gallery-3-160'>\n\t\t\t\tVod\u011bodoln\u00fd kryt\n\t\t\t\t<\/figcaption><\/figure><figure class='gallery-item'>\n\t\t\t<div class='gallery-icon landscape'>\n\t\t\t\t<img loading=\"lazy\" decoding=\"async\" width=\"300\" height=\"257\" src=\"https:\/\/star.starmicronics.cz\/wp-content\/uploads\/2015\/04\/ps60_power_supply-300x257.jpg\" class=\"attachment-medium size-medium\" alt=\"\" aria-describedby=\"gallery-3-163\" srcset=\"https:\/\/star.starmicronics.cz\/wp-content\/uploads\/2015\/04\/ps60_power_supply-300x257.jpg 300w, https:\/\/star.starmicronics.cz\/wp-content\/uploads\/2015\/04\/ps60_power_supply.jpg 536w\" sizes=\"auto, (max-width: 300px) 100vw, 300px\" \/>\n\t\t\t<\/div>\n\t\t\t\t<figcaption class='wp-caption-text gallery-caption' id='gallery-3-163'>\n\t\t\t\tNap\u00e1jec\u00ed zdroj\n\t\t\t\t<\/figcaption><\/figure><figure class='gallery-item'>\n\t\t\t<div class='gallery-icon landscape'>\n\t\t\t\t<img loading=\"lazy\" decoding=\"async\" width=\"300\" height=\"300\" src=\"https:\/\/star.starmicronics.cz\/wp-content\/uploads\/2015\/04\/wifi_powerpack1-300x300.jpg\" class=\"attachment-medium size-medium\" alt=\"\" aria-describedby=\"gallery-3-162\" srcset=\"https:\/\/star.starmicronics.cz\/wp-content\/uploads\/2015\/04\/wifi_powerpack1-300x300.jpg 300w, https:\/\/star.starmicronics.cz\/wp-content\/uploads\/2015\/04\/wifi_powerpack1-150x150.jpg 150w, https:\/\/star.starmicronics.cz\/wp-content\/uploads\/2015\/04\/wifi_powerpack1.jpg 425w\" sizes=\"auto, (max-width: 300px) 100vw, 300px\" \/>\n\t\t\t<\/div>\n\t\t\t\t<figcaption class='wp-caption-text gallery-caption' id='gallery-3-162'>\n\t\t\t\tWifi Power Pack\n\t\t\t\t<\/figcaption><\/figure><figure class='gallery-item'>\n\t\t\t<div class='gallery-icon landscape'>\n\t\t\t\t<img loading=\"lazy\" decoding=\"async\" width=\"300\" height=\"300\" src=\"https:\/\/star.starmicronics.cz\/wp-content\/uploads\/2015\/04\/WebPRNT1-300x300.jpg\" class=\"attachment-medium size-medium\" alt=\"\" aria-describedby=\"gallery-3-161\" srcset=\"https:\/\/star.starmicronics.cz\/wp-content\/uploads\/2015\/04\/WebPRNT1-300x300.jpg 300w, https:\/\/star.starmicronics.cz\/wp-content\/uploads\/2015\/04\/WebPRNT1-150x150.jpg 150w, https:\/\/star.starmicronics.cz\/wp-content\/uploads\/2015\/04\/WebPRNT1.jpg 400w\" sizes=\"auto, (max-width: 300px) 100vw, 300px\" \/>\n\t\t\t<\/div>\n\t\t\t\t<figcaption class='wp-caption-text gallery-caption' id='gallery-3-161'>\n\t\t\t\tWebPRNT\n\t\t\t\t<\/figcaption><\/figure>\n\t\t<\/div>\n\n<p>&nbsp;<\/p>\n","protected":false},"excerpt":{"rendered":"<p>&nbsp; TSP743IIBI Bluetooth TSP743II WebPRNT TSP743IIE Ethernet TSP743IIU USB TSP743IID Serial TSP743IIC Paraleln\u00ed TSP743II\u00a0Bez rozhran\u00ed\u00a0 TSP-700II &#8211; vysokorychlostn\u00ed multifunk\u010dn\u00ed tisk\u00e1rna Kombinace rychlosti, spolehlivosti a snadn\u00e9ho pou\u017eit\u00ed, multifunk\u010dn\u00ed tisk\u00e1rna TSP700II\u00a0m\u00e1 grafiku s vysok\u00fdm rozli\u0161en\u00edm a je vhodn\u00e1 pro tisk\u00a0\u00fa\u010dtenek, etiket a \u010d\u00e1rov\u00fdch k\u00f3d\u016f\u00a0na vstupenk\u00e1ch. Jej\u00ed robustn\u00ed konstrukce a snadn\u00e9 pou\u017eit\u00ed je ide\u00e1ln\u00ed pro rychl\u00e9 a vysoce [&hellip;]<\/p>\n","protected":false},"author":1,"featured_media":0,"parent":0,"menu_order":0,"comment_status":"closed","ping_status":"open","template":"","meta":{"footnotes":"","_links_to":"","_links_to_target":""},"class_list":["post-155","page","type-page","status-publish","hentry"],"_links":{"self":[{"href":"https:\/\/star.starmicronics.cz\/index.php?rest_route=\/wp\/v2\/pages\/155","targetHints":{"allow":["GET"]}}],"collection":[{"href":"https:\/\/star.starmicronics.cz\/index.php?rest_route=\/wp\/v2\/pages"}],"about":[{"href":"https:\/\/star.starmicronics.cz\/index.php?rest_route=\/wp\/v2\/types\/page"}],"author":[{"embeddable":true,"href":"https:\/\/star.starmicronics.cz\/index.php?rest_route=\/wp\/v2\/users\/1"}],"replies":[{"embeddable":true,"href":"https:\/\/star.starmicronics.cz\/index.php?rest_route=%2Fwp%2Fv2%2Fcomments&post=155"}],"version-history":[{"count":0,"href":"https:\/\/star.starmicronics.cz\/index.php?rest_route=\/wp\/v2\/pages\/155\/revisions"}],"wp:attachment":[{"href":"https:\/\/star.starmicronics.cz\/index.php?rest_route=%2Fwp%2Fv2%2Fmedia&parent=155"}],"curies":[{"name":"wp","href":"https:\/\/api.w.org\/{rel}","templated":true}]}}