{"id":1515,"date":"2015-08-24T14:40:03","date_gmt":"2015-08-24T13:40:03","guid":{"rendered":"http:\/\/star.starmicronics.cz\/?page_id=1515"},"modified":"2016-05-05T15:53:12","modified_gmt":"2016-05-05T14:53:12","slug":"zakladni-desky-a-interface","status":"publish","type":"page","link":"https:\/\/star.starmicronics.cz\/?page_id=1515","title":{"rendered":"Z\u00e1kladn\u00ed desky a interface"},"content":{"rendered":"<h2><span style=\"color: #0000ff;\"><strong>Z\u00e1kladn\u00ed desky a interface<\/strong><\/span><\/h2>\n<p>&nbsp;<\/p>\n<p><span style=\"color: #0000ff;\"><strong>BD83II s\u00e9rie<\/strong><\/span><\/p>\n<table style=\"height: 911px;\" width=\"855\">\n<thead>\n<tr>\n<td><span style=\"color: #0000ff;\">Polo\u017eka<\/span><\/td>\n<td><span style=\"color: #0000ff;\">83IIC-12<\/span><\/td>\n<td><span style=\"color: #0000ff;\">83IID-12<\/span><\/td>\n<td><span style=\"color: #0000ff;\">83IIM-12<\/span><\/td>\n<\/tr>\n<\/thead>\n<tbody>\n<tr>\n<td><span style=\"color: #0000ff;\">Interface<\/span><\/td>\n<td><span style=\"color: #0000ff;\">Centronix Paralel<\/span><\/td>\n<td colspan=\"2\"><span style=\"color: #0000ff;\">Serial RS-232<\/span><\/td>\n<\/tr>\n<tr>\n<td><span style=\"color: #0000ff;\">Interface konektor<\/span><\/td>\n<td><span style=\"color: #0000ff;\">Amphenol 36-pin<\/span><\/td>\n<td><span style=\"color: #0000ff;\">Serial D-sub 25-pin<\/span><\/td>\n<td><span style=\"color: #0000ff;\">Serial modular 8-pin<\/span><\/td>\n<\/tr>\n<tr>\n<td><span style=\"color: #0000ff;\">Zdroj nap\u00e1jen\u00ed<\/span><\/td>\n<td colspan=\"3\"><span style=\"color: #0000ff;\">DC12V \u00b110% Av. 2A chemick\u00fd kondenz\u00e1tor(4700\u03bcF a\u017e 6800\u03bcF pro 25V) pot\u0159ebn\u00fd pro v\u00fdstup nap\u00e1jen\u00ed<\/span><\/td>\n<\/tr>\n<tr>\n<td><span style=\"color: #0000ff;\">Znakov\u00e1 sada<\/span><\/td>\n<td colspan=\"3\"><span style=\"color: #0000ff;\">ASCII Blokov\u00e1 grafika Speci\u00e1l<\/span><\/td>\n<\/tr>\n<tr>\n<td><span style=\"color: #0000ff;\">Vyrovn\u00e1vac\u00ed datov\u00e1 pam\u011b\u0165<\/span><\/td>\n<td><span style=\"color: #0000ff;\">0.8KB<\/span><\/td>\n<td colspan=\"2\"><span style=\"color: #0000ff;\">1.5KB<\/span><\/td>\n<\/tr>\n<tr>\n<td><span style=\"color: #0000ff;\">Konfigurace p\u00edsma<\/span><\/td>\n<td colspan=\"3\"><span style=\"color: #0000ff;\">5 x 9, 6 x 6 (blokov\u00e1 grafika)<\/span><\/td>\n<\/tr>\n<tr>\n<td><span style=\"color: #0000ff;\">Provozn\u00ed podm\u00ednky<\/span><\/td>\n<td colspan=\"3\"><span style=\"color: #0000ff;\">5\u00b0C do 40\u00b0C, 10% do 80% RH (w\/o kondenzace)<\/span><\/td>\n<\/tr>\n<tr>\n<td><span style=\"color: #0000ff;\">Podm\u00ednky skladov\u00e1n\u00ed<\/span><\/td>\n<td colspan=\"3\"><span style=\"color: #0000ff;\">-20\u00b0C do 70\u00b0C, 5% do 95% RH (w\/o kondenzace)<\/span><\/td>\n<\/tr>\n<tr>\n<td><span style=\"color: #0000ff;\">Rozm\u011bry<\/span><\/td>\n<td><span style=\"color: #0000ff;\">167(W) x 163.3(D)mm<\/span><\/td>\n<td><span style=\"color: #0000ff;\">167(W) x 162(D)mm<\/span><\/td>\n<td><span style=\"color: #0000ff;\">167(W) x 161.5(D)mm<\/span><\/td>\n<\/tr>\n<tr>\n<td><span style=\"color: #0000ff;\">Hmotnost<\/span><\/td>\n<td><span style=\"color: #0000ff;\">Cca 170g<\/span><\/td>\n<td><span style=\"color: #0000ff;\">Cca 160g<\/span><\/td>\n<td><span style=\"color: #0000ff;\">Cca 150g<\/span><\/td>\n<\/tr>\n<tr>\n<td>\n<p><span style=\"color: #0000ff;\">P\u0159\u00edslu\u0161enstv\u00ed<\/span><\/p>\n<p><span style=\"color: #0000ff;\">\u00a0<\/span><\/td>\n<td><span style=\"color: #0000ff;\">1)Konektor mechaniky(A) 271mm 2)Konektor mechaniky(B) 271mm 3)\u00a0Konektor zdroje nap\u00e1jen\u00ed 215mm<\/span><\/td>\n<td><span style=\"color: #0000ff;\">1)Konektor mechaniky(A) 271mm 2)\u00a0Konektor mechaniky(B) 271mm\u00a0\u00a0 3)Konektor zdroje nap\u00e1jen\u00ed 215mm<\/span><\/td>\n<td><span style=\"color: #0000ff;\">1)Konektor mechaniky(A) 271mm 2)Konektor mechaniky(B) 271mm\u00a03)Konektor zdroje nap\u00e1jen\u00ed 215mm<\/span><\/td>\n<\/tr>\n<\/tbody>\n<\/table>\n<p>&nbsp;<\/p>\n<p>&nbsp;<\/p>\n<p><strong><span style=\"color: #0000ff;\">Interface<\/span> <\/strong><\/p>\n<table style=\"height: 904px;\" width=\"876\">\n<thead>\n<tr>\n<td colspan=\"2\"><span style=\"color: #0000ff;\">Produkty<\/span><\/td>\n<td><span style=\"color: #0000ff;\">IFBD- HD03<\/span><\/td>\n<td><span style=\"color: #0000ff;\">IFBD- HD04<\/span><\/td>\n<td><span style=\"color: #0000ff;\">IFBD- BD03<\/span><\/td>\n<td><span style=\"color: #0000ff;\">IFBD- HN03<\/span><\/td>\n<td><span style=\"color: #0000ff;\">IFBD- HN04<\/span><\/td>\n<td><span style=\"color: #0000ff;\">IFBD- HC03<\/span><\/td>\n<td><span style=\"color: #0000ff;\">IFBD- HC04<\/span><\/td>\n<td><span style=\"color: #0000ff;\">IFBD- BC03<\/span><\/td>\n<\/tr>\n<\/thead>\n<tbody>\n<tr>\n<td colspan=\"2\"><span style=\"color: #0000ff;\">Interface<\/span><\/td>\n<td colspan=\"5\"><span style=\"color: #0000ff;\">RS-232C<\/span><\/td>\n<td colspan=\"3\"><span style=\"color: #0000ff;\">Paralel<\/span><\/td>\n<\/tr>\n<tr>\n<td colspan=\"2\"><span style=\"color: #0000ff;\">Interface konektor<\/span><\/td>\n<td colspan=\"3\"><span style=\"color: #0000ff;\">D-SUB25(samice)<\/span><\/td>\n<td colspan=\"2\"><span style=\"color: #0000ff;\">D-SUB9(samec)<\/span><\/td>\n<td colspan=\"3\"><span style=\"color: #0000ff;\">Amphenol 36-pin<\/span><\/td>\n<\/tr>\n<tr>\n<td rowspan=\"11\"><span style=\"color: #0000ff;\">Pou\u017eit\u00ed s<\/span><\/td>\n<td><span style=\"color: #0000ff;\">FVP10<\/span><\/td>\n<td><span style=\"color: #0000ff;\">\u00a0<\/span><\/td>\n<td><span style=\"color: #0000ff;\">\u00a0<\/span><\/td>\n<td><span style=\"color: #0000ff;\"><strong>\u221a<\/strong><\/span><\/td>\n<td><span style=\"color: #0000ff;\">\u00a0<\/span><\/td>\n<td><span style=\"color: #0000ff;\">\u00a0<\/span><\/td>\n<td><span style=\"color: #0000ff;\">\u00a0<\/span><\/td>\n<td><span style=\"color: #0000ff;\">\u00a0<\/span><\/td>\n<td><span style=\"color: #0000ff;\"><strong>\u221a<\/strong><\/span><\/td>\n<\/tr>\n<tr>\n<td><span style=\"color: #0000ff;\">TSP650<\/span><\/td>\n<td><span style=\"color: #0000ff;\"><strong>\u221a<\/strong><\/span><\/td>\n<td><span style=\"color: #0000ff;\">\u00a0<\/span><\/td>\n<td><span style=\"color: #0000ff;\">\u00a0<\/span><\/td>\n<td><span style=\"color: #0000ff;\">\u00a0<\/span><\/td>\n<td><span style=\"color: #0000ff;\">\u00a0<\/span><\/td>\n<td><span style=\"color: #0000ff;\"><strong>\u221a<\/strong><\/span><\/td>\n<td><span style=\"color: #0000ff;\">\u00a0<\/span><\/td>\n<td><span style=\"color: #0000ff;\">\u00a0<\/span><\/td>\n<\/tr>\n<tr>\n<td><span style=\"color: #0000ff;\">TSP700II<\/span><\/td>\n<td><span style=\"color: #0000ff;\"><strong>\u221a<\/strong><\/span><\/td>\n<td><span style=\"color: #0000ff;\">\u00a0<\/span><\/td>\n<td><span style=\"color: #0000ff;\">\u00a0<\/span><\/td>\n<td><span style=\"color: #0000ff;\"><strong>\u221a<\/strong><\/span><\/td>\n<td><span style=\"color: #0000ff;\">\u00a0<\/span><\/td>\n<td><span style=\"color: #0000ff;\"><strong>\u221a<\/strong><\/span><\/td>\n<td><span style=\"color: #0000ff;\">\u00a0<\/span><\/td>\n<td><span style=\"color: #0000ff;\">\u00a0<\/span><\/td>\n<\/tr>\n<tr>\n<td><span style=\"color: #0000ff;\">TSP800II<\/span><\/td>\n<td><span style=\"color: #0000ff;\"><strong>\u221a<\/strong><\/span><\/td>\n<td><span style=\"color: #0000ff;\">\u00a0<\/span><\/td>\n<td><span style=\"color: #0000ff;\">\u00a0<\/span><\/td>\n<td><span style=\"color: #0000ff;\">\u00a0<\/span><\/td>\n<td><span style=\"color: #0000ff;\">\u00a0<\/span><\/td>\n<td><span style=\"color: #0000ff;\"><strong>\u221a<\/strong><\/span><\/td>\n<td><span style=\"color: #0000ff;\">\u00a0<\/span><\/td>\n<td><span style=\"color: #0000ff;\">\u00a0<\/span><\/td>\n<\/tr>\n<tr>\n<td><span style=\"color: #0000ff;\">TSP828L<\/span><\/td>\n<td><span style=\"color: #0000ff;\"><strong>\u221a<\/strong><\/span><\/td>\n<td><span style=\"color: #0000ff;\">\u00a0<\/span><\/td>\n<td><span style=\"color: #0000ff;\">\u00a0<\/span><\/td>\n<td><span style=\"color: #0000ff;\">\u00a0<\/span><\/td>\n<td><span style=\"color: #0000ff;\">\u00a0<\/span><\/td>\n<td><span style=\"color: #0000ff;\"><strong>\u221a<\/strong><\/span><\/td>\n<td><span style=\"color: #0000ff;\">\u00a0<\/span><\/td>\n<td><span style=\"color: #0000ff;\">\u00a0<\/span><\/td>\n<\/tr>\n<tr>\n<td><span style=\"color: #0000ff;\">TSP1000<\/span><\/td>\n<td><span style=\"color: #0000ff;\">\u00a0<\/span><\/td>\n<td><span style=\"color: #0000ff;\"><strong>\u221a<\/strong><\/span><\/td>\n<td><span style=\"color: #0000ff;\">\u00a0<\/span><\/td>\n<td><span style=\"color: #0000ff;\">\u00a0<\/span><\/td>\n<td><span style=\"color: #0000ff;\"><strong>\u221a<\/strong><\/span><\/td>\n<td><span style=\"color: #0000ff;\">\u00a0<\/span><\/td>\n<td><span style=\"color: #0000ff;\"><strong>\u221a<\/strong><\/span><\/td>\n<td><span style=\"color: #0000ff;\">\u00a0<\/span><\/td>\n<\/tr>\n<tr>\n<td><span style=\"color: #0000ff;\">TUP500<\/span><\/td>\n<td><span style=\"color: #0000ff;\"><strong>\u221a<\/strong><\/span><\/td>\n<td><span style=\"color: #0000ff;\">\u00a0<\/span><\/td>\n<td><span style=\"color: #0000ff;\">\u00a0<\/span><\/td>\n<td><span style=\"color: #0000ff;\"><strong>\u221a<\/strong><\/span><\/td>\n<td><span style=\"color: #0000ff;\">\u00a0<\/span><\/td>\n<td><span style=\"color: #0000ff;\"><strong>\u221a<\/strong><\/span><\/td>\n<td><span style=\"color: #0000ff;\">\u00a0<\/span><\/td>\n<td><span style=\"color: #0000ff;\">\u00a0<\/span><\/td>\n<\/tr>\n<tr>\n<td><span style=\"color: #0000ff;\">TUP900<\/span><\/td>\n<td><span style=\"color: #0000ff;\">\u00a0<\/span><\/td>\n<td><span style=\"color: #0000ff;\"><strong>\u221a<\/strong><\/span><\/td>\n<td><span style=\"color: #0000ff;\">\u00a0<\/span><\/td>\n<td><span style=\"color: #0000ff;\">\u00a0<\/span><\/td>\n<td><span style=\"color: #0000ff;\"><strong>\u221a<\/strong><\/span><\/td>\n<td><span style=\"color: #0000ff;\">\u00a0<\/span><\/td>\n<td><span style=\"color: #0000ff;\"><strong>\u221a<\/strong><\/span><\/td>\n<td><span style=\"color: #0000ff;\">\u00a0<\/span><\/td>\n<\/tr>\n<tr>\n<td><span style=\"color: #0000ff;\">SP700<\/span><\/td>\n<td><span style=\"color: #0000ff;\">\u00a0<\/span><\/td>\n<td><span style=\"color: #0000ff;\"><strong>\u221a<\/strong><\/span><\/td>\n<td><span style=\"color: #0000ff;\">\u00a0<\/span><\/td>\n<td><span style=\"color: #0000ff;\">\u00a0<\/span><\/td>\n<td><span style=\"color: #0000ff;\">\u00a0<\/span><\/td>\n<td><span style=\"color: #0000ff;\">\u00a0<\/span><\/td>\n<td><span style=\"color: #0000ff;\"><strong>\u221a<\/strong><\/span><\/td>\n<td><span style=\"color: #0000ff;\">\u00a0<\/span><\/td>\n<\/tr>\n<tr>\n<td><span style=\"color: #0000ff;\">SP500<\/span><\/td>\n<td><span style=\"color: #0000ff;\">\u00a0<\/span><\/td>\n<td><span style=\"color: #0000ff;\"><strong>\u221a<\/strong><\/span><\/td>\n<td><span style=\"color: #0000ff;\">\u00a0<\/span><\/td>\n<td><span style=\"color: #0000ff;\">\u00a0<\/span><\/td>\n<td><span style=\"color: #0000ff;\"><strong>\u221a<\/strong><\/span><\/td>\n<td><span style=\"color: #0000ff;\">\u00a0<\/span><\/td>\n<td><span style=\"color: #0000ff;\"><strong>\u221a<\/strong><\/span><\/td>\n<td><span style=\"color: #0000ff;\">\u00a0<\/span><\/td>\n<\/tr>\n<tr>\n<td><span style=\"color: #0000ff;\">HSP7000<\/span><\/td>\n<td><span style=\"color: #0000ff;\">\u00a0<\/span><\/td>\n<td><span style=\"color: #0000ff;\"><strong>\u221a<\/strong><\/span><\/td>\n<td><span style=\"color: #0000ff;\">\u00a0<\/span><\/td>\n<td><span style=\"color: #0000ff;\">\u00a0<\/span><\/td>\n<td><span style=\"color: #0000ff;\">\u00a0<\/span><\/td>\n<td><span style=\"color: #0000ff;\">\u00a0<\/span><\/td>\n<td><span style=\"color: #0000ff;\"><strong>\u221a<\/strong><\/span><\/td>\n<td><span style=\"color: #0000ff;\">\u00a0<\/span><\/td>\n<\/tr>\n<\/tbody>\n<\/table>\n<p>&nbsp;<\/p>\n<table style=\"height: 950px;\" width=\"876\">\n<thead>\n<tr>\n<td colspan=\"2\"><span style=\"color: #0000ff;\">Produkty<\/span><\/td>\n<td><span style=\"color: #0000ff;\">IFBD- HU05<\/span><\/td>\n<td><span style=\"color: #0000ff;\">IFBD- HU06<\/span><\/td>\n<td><span style=\"color: #0000ff;\">IFBD- BPU03<\/span><\/td>\n<td><span style=\"color: #0000ff;\">IFBD- HPU04<\/span><\/td>\n<td><span style=\"color: #0000ff;\">IFBD- HE07<\/span><\/td>\n<td><span style=\"color: #0000ff;\">IFBD- HE08<\/span><\/td>\n<td><span style=\"color: #0000ff;\">IFBD- BE07<\/span><\/td>\n<td><span style=\"color: #0000ff;\">IFBD- HUN01<\/span><\/td>\n<\/tr>\n<\/thead>\n<tbody>\n<tr>\n<td colspan=\"2\"><span style=\"color: #0000ff;\">Interface<\/span><\/td>\n<td colspan=\"2\"><span style=\"color: #0000ff;\">USB2.0 (pln\u00e1 rychlost)<\/span><\/td>\n<td colspan=\"2\"><span style=\"color: #0000ff;\">Powerd USB<\/span><\/td>\n<td colspan=\"3\"><span style=\"color: #0000ff;\">Ethernet 100BASE-TX\/10BASE-T<\/span><\/td>\n<td><span style=\"color: #0000ff;\">USB2.0(pln\u00e1 rychlost) RS-232C<\/span><\/td>\n<\/tr>\n<tr>\n<td colspan=\"2\"><span style=\"color: #0000ff;\">Interface konektor<\/span><\/td>\n<td colspan=\"2\"><span style=\"color: #0000ff;\">USB typ B<\/span><\/td>\n<td colspan=\"2\"><span style=\"color: #0000ff;\">*1<\/span><\/td>\n<td colspan=\"3\"><span style=\"color: #0000ff;\">RJ45<\/span><\/td>\n<td><span style=\"color: #0000ff;\">USB typ B D-SUB pin<\/span><\/td>\n<\/tr>\n<tr>\n<td rowspan=\"11\"><span style=\"color: #0000ff;\">Pou\u017eit\u00ed s<\/span><\/td>\n<td><span style=\"color: #0000ff;\">FVP10<\/span><\/td>\n<td><span style=\"color: #0000ff;\">\u00a0<\/span><\/td>\n<td><span style=\"color: #0000ff;\">\u00a0<\/span><\/td>\n<td><span style=\"color: #0000ff;\"><strong>\u221a<\/strong><\/span><\/td>\n<td><span style=\"color: #0000ff;\">\u00a0<\/span><\/td>\n<td><span style=\"color: #0000ff;\">\u00a0<\/span><\/td>\n<td><span style=\"color: #0000ff;\">\u00a0<\/span><\/td>\n<td><span style=\"color: #0000ff;\"><strong>\u221a<\/strong><\/span><\/td>\n<td><span style=\"color: #0000ff;\">\u00a0<\/span><\/td>\n<\/tr>\n<tr>\n<td><span style=\"color: #0000ff;\">TSP650<\/span><\/td>\n<td><span style=\"color: #0000ff;\"><strong>\u221a<\/strong><\/span><\/td>\n<td><span style=\"color: #0000ff;\">\u00a0<\/span><\/td>\n<td><span style=\"color: #0000ff;\">\u00a0<\/span><\/td>\n<td><span style=\"color: #0000ff;\">\u00a0<\/span><\/td>\n<td><span style=\"color: #0000ff;\"><strong>\u221a<\/strong><\/span><\/td>\n<td><span style=\"color: #0000ff;\">\u00a0<\/span><\/td>\n<td><span style=\"color: #0000ff;\">\u00a0<\/span><\/td>\n<td><span style=\"color: #0000ff;\">\u00a0<\/span><\/td>\n<\/tr>\n<tr>\n<td><span style=\"color: #0000ff;\">TSP700II<\/span><\/td>\n<td><span style=\"color: #0000ff;\"><strong>\u221a<\/strong><\/span><\/td>\n<td><span style=\"color: #0000ff;\">\u00a0<\/span><\/td>\n<td><span style=\"color: #0000ff;\">\u00a0<\/span><\/td>\n<td><span style=\"color: #0000ff;\">\u00a0<\/span><\/td>\n<td><span style=\"color: #0000ff;\"><strong>\u221a<\/strong><\/span><\/td>\n<td><span style=\"color: #0000ff;\">\u00a0<\/span><\/td>\n<td><span style=\"color: #0000ff;\">\u00a0<\/span><\/td>\n<td><span style=\"color: #0000ff;\">\u00a0<\/span><\/td>\n<\/tr>\n<tr>\n<td><span style=\"color: #0000ff;\">TSP800II<\/span><\/td>\n<td><span style=\"color: #0000ff;\"><strong>\u221a<\/strong><\/span><\/td>\n<td><span style=\"color: #0000ff;\">\u00a0<\/span><\/td>\n<td><span style=\"color: #0000ff;\">\u00a0<\/span><\/td>\n<td><span style=\"color: #0000ff;\">\u00a0<\/span><\/td>\n<td><span style=\"color: #0000ff;\"><strong>\u221a<\/strong><\/span><\/td>\n<td><span style=\"color: #0000ff;\">\u00a0<\/span><\/td>\n<td><span style=\"color: #0000ff;\">\u00a0<\/span><\/td>\n<td><span style=\"color: #0000ff;\">\u00a0<\/span><\/td>\n<\/tr>\n<tr>\n<td><span style=\"color: #0000ff;\">TSP828L<\/span><\/td>\n<td><span style=\"color: #0000ff;\">\u00a0<\/span><\/td>\n<td><span style=\"color: #0000ff;\">\u00a0<\/span><\/td>\n<td><span style=\"color: #0000ff;\">\u00a0<\/span><\/td>\n<td><span style=\"color: #0000ff;\">\u00a0<\/span><\/td>\n<td><span style=\"color: #0000ff;\"><strong>\u221a<\/strong><\/span><\/td>\n<td><span style=\"color: #0000ff;\">\u00a0<\/span><\/td>\n<td><span style=\"color: #0000ff;\">\u00a0<\/span><\/td>\n<td><span style=\"color: #0000ff;\"><strong>\u221a<\/strong><\/span><\/td>\n<\/tr>\n<tr>\n<td><span style=\"color: #0000ff;\">TSP1000<\/span><\/td>\n<td><span style=\"color: #0000ff;\">\u00a0<\/span><\/td>\n<td><span style=\"color: #0000ff;\"><strong>\u221a<\/strong><\/span><\/td>\n<td><span style=\"color: #0000ff;\">\u00a0<\/span><\/td>\n<td><span style=\"color: #0000ff;\">\u00a0<\/span><\/td>\n<td><span style=\"color: #0000ff;\">\u00a0<\/span><\/td>\n<td><span style=\"color: #0000ff;\"><strong>\u221a<\/strong><\/span><\/td>\n<td><span style=\"color: #0000ff;\">\u00a0<\/span><\/td>\n<td><span style=\"color: #0000ff;\">\u00a0<\/span><\/td>\n<\/tr>\n<tr>\n<td><span style=\"color: #0000ff;\">TUP500<\/span><\/td>\n<td><span style=\"color: #0000ff;\"><strong>\u221a<\/strong><\/span><\/td>\n<td><span style=\"color: #0000ff;\">\u00a0<\/span><\/td>\n<td><span style=\"color: #0000ff;\">\u00a0<\/span><\/td>\n<td><span style=\"color: #0000ff;\">\u00a0<\/span><\/td>\n<td><span style=\"color: #0000ff;\"><strong>\u221a<\/strong><\/span><\/td>\n<td><span style=\"color: #0000ff;\">\u00a0<\/span><\/td>\n<td><span style=\"color: #0000ff;\">\u00a0<\/span><\/td>\n<td><span style=\"color: #0000ff;\">\u00a0<\/span><\/td>\n<\/tr>\n<tr>\n<td><span style=\"color: #0000ff;\">TUP900<\/span><\/td>\n<td><span style=\"color: #0000ff;\">\u00a0<\/span><\/td>\n<td><span style=\"color: #0000ff;\"><strong>\u221a<\/strong><\/span><\/td>\n<td><span style=\"color: #0000ff;\">\u00a0<\/span><\/td>\n<td><span style=\"color: #0000ff;\">\u00a0<\/span><\/td>\n<td><span style=\"color: #0000ff;\">\u00a0<\/span><\/td>\n<td><span style=\"color: #0000ff;\">\u00a0<\/span><\/td>\n<td><span style=\"color: #0000ff;\">\u00a0<\/span><\/td>\n<td><span style=\"color: #0000ff;\">\u00a0<\/span><\/td>\n<\/tr>\n<tr>\n<td><span style=\"color: #0000ff;\">SP700<\/span><\/td>\n<td><span style=\"color: #0000ff;\">\u00a0<\/span><\/td>\n<td><span style=\"color: #0000ff;\"><strong>\u221a<\/strong><\/span><\/td>\n<td><span style=\"color: #0000ff;\">\u00a0<\/span><\/td>\n<td><span style=\"color: #0000ff;\">\u00a0<\/span><\/td>\n<td><span style=\"color: #0000ff;\">\u00a0<\/span><\/td>\n<td><span style=\"color: #0000ff;\"><strong>\u221a<\/strong><\/span><\/td>\n<td><span style=\"color: #0000ff;\">\u00a0<\/span><\/td>\n<td><span style=\"color: #0000ff;\">\u00a0<\/span><\/td>\n<\/tr>\n<tr>\n<td><span style=\"color: #0000ff;\">SP500<\/span><\/td>\n<td><span style=\"color: #0000ff;\">\u00a0<\/span><\/td>\n<td><span style=\"color: #0000ff;\"><strong>\u221a<\/strong><\/span><\/td>\n<td><span style=\"color: #0000ff;\">\u00a0<\/span><\/td>\n<td><span style=\"color: #0000ff;\">\u00a0<\/span><\/td>\n<td><span style=\"color: #0000ff;\">\u00a0<\/span><\/td>\n<td><span style=\"color: #0000ff;\"><strong>\u221a<\/strong><\/span><\/td>\n<td><span style=\"color: #0000ff;\">\u00a0<\/span><\/td>\n<td><span style=\"color: #0000ff;\">\u00a0<\/span><\/td>\n<\/tr>\n<tr>\n<td><span style=\"color: #0000ff;\">HSP7000<\/span><\/td>\n<td><span style=\"color: #0000ff;\">\u00a0<\/span><\/td>\n<td><span style=\"color: #0000ff;\"><strong>\u221a<\/strong><\/span><\/td>\n<td><span style=\"color: #0000ff;\">\u00a0<\/span><\/td>\n<td><span style=\"color: #0000ff;\"><strong>\u221a<\/strong><\/span><\/td>\n<td><span style=\"color: #0000ff;\">\u00a0<\/span><\/td>\n<td><span style=\"color: #0000ff;\"><strong>\u221a<\/strong><\/span><\/td>\n<td><span style=\"color: #0000ff;\">\u00a0<\/span><\/td>\n<td><span style=\"color: #0000ff;\">\u00a0<\/span><\/td>\n<\/tr>\n<\/tbody>\n<\/table>\n<p>&nbsp;<\/p>\n<p><span style=\"color: #0000ff;\">*1 1\u00d78 LNL \u00dahlov\u00fd konektor(FCI69913-104LF)<\/span><\/p>\n","protected":false},"excerpt":{"rendered":"<p>Z\u00e1kladn\u00ed desky a interface &nbsp; BD83II s\u00e9rie Polo\u017eka 83IIC-12 83IID-12 83IIM-12 Interface Centronix Paralel Serial RS-232 Interface konektor Amphenol 36-pin Serial D-sub 25-pin Serial modular 8-pin Zdroj nap\u00e1jen\u00ed DC12V \u00b110% Av. 2A chemick\u00fd kondenz\u00e1tor(4700\u03bcF a\u017e 6800\u03bcF pro 25V) pot\u0159ebn\u00fd pro v\u00fdstup nap\u00e1jen\u00ed Znakov\u00e1 sada ASCII Blokov\u00e1 grafika Speci\u00e1l Vyrovn\u00e1vac\u00ed datov\u00e1 pam\u011b\u0165 0.8KB 1.5KB Konfigurace p\u00edsma [&hellip;]<\/p>\n","protected":false},"author":1,"featured_media":0,"parent":0,"menu_order":0,"comment_status":"closed","ping_status":"open","template":"","meta":{"footnotes":"","_links_to":"","_links_to_target":""},"class_list":["post-1515","page","type-page","status-publish","hentry"],"_links":{"self":[{"href":"https:\/\/star.starmicronics.cz\/index.php?rest_route=\/wp\/v2\/pages\/1515","targetHints":{"allow":["GET"]}}],"collection":[{"href":"https:\/\/star.starmicronics.cz\/index.php?rest_route=\/wp\/v2\/pages"}],"about":[{"href":"https:\/\/star.starmicronics.cz\/index.php?rest_route=\/wp\/v2\/types\/page"}],"author":[{"embeddable":true,"href":"https:\/\/star.starmicronics.cz\/index.php?rest_route=\/wp\/v2\/users\/1"}],"replies":[{"embeddable":true,"href":"https:\/\/star.starmicronics.cz\/index.php?rest_route=%2Fwp%2Fv2%2Fcomments&post=1515"}],"version-history":[{"count":0,"href":"https:\/\/star.starmicronics.cz\/index.php?rest_route=\/wp\/v2\/pages\/1515\/revisions"}],"wp:attachment":[{"href":"https:\/\/star.starmicronics.cz\/index.php?rest_route=%2Fwp%2Fv2%2Fmedia&parent=1515"}],"curies":[{"name":"wp","href":"https:\/\/api.w.org\/{rel}","templated":true}]}}