{"id":1480,"date":"2015-08-20T09:59:41","date_gmt":"2015-08-20T08:59:41","guid":{"rendered":"http:\/\/star.starmicronics.cz\/?page_id=1480"},"modified":"2026-03-27T08:07:37","modified_gmt":"2026-03-27T07:07:37","slug":"servis-produktu-star","status":"publish","type":"page","link":"https:\/\/star.starmicronics.cz\/?page_id=1480","title":{"rendered":"Servis produkt\u016f Star"},"content":{"rendered":"<h2><strong>Z\u00e1ru\u010dn\u00ed a poz\u00e1ru\u010dn\u00ed opravy<\/strong><\/h2>\n<p><strong>PENTA CZ, s.r.o.<\/strong><\/p>\n<p>Kosmetick\u00e1 450, 387 11 Katovice<\/p>\n<p><span style=\"color: #0000ff;\"><strong>I\u010cO:<\/strong> 25193546, <strong>DI\u010c:<\/strong> CZ25193546<\/span><\/p>\n<p><span style=\"color: #0000ff;\"><strong>Tel. servis:<\/strong> +420 383 369 147<\/span><\/p>\n<p><span style=\"color: #0000ff;\"><strong>E-mail:<\/strong> reklamace@penta.cz<\/span><\/p>\n<p><span style=\"color: #0000ff;\"><strong>Otev\u00edrac\u00ed doba:<\/strong> Po &#8211; \u010ct 8.00 &#8211; 16:30<\/span><\/p>\n<p><span style=\"color: #0000ff;\">\u00a0 \u00a0 \u00a0 \u00a0 \u00a0 \u00a0 \u00a0 \u00a0 \u00a0 \u00a0 \u00a0 \u00a0 \u00a0 P\u00e1\u00a0\u00a0\u00a0\u00a0\u00a0\u00a0\u00a0\u00a08.00 &#8211; 16.00<\/span><\/p>\n","protected":false},"excerpt":{"rendered":"<p>Z\u00e1ru\u010dn\u00ed a poz\u00e1ru\u010dn\u00ed opravy PENTA CZ, s.r.o. Kosmetick\u00e1 450, 387 11 Katovice I\u010cO: 25193546, DI\u010c: CZ25193546 Tel. servis: +420 383 369 147 E-mail: reklamace@penta.cz Otev\u00edrac\u00ed doba: Po &#8211; \u010ct 8.00 &#8211; 16:30 \u00a0 \u00a0 \u00a0 \u00a0 \u00a0 \u00a0 \u00a0 \u00a0 \u00a0 \u00a0 \u00a0 \u00a0 \u00a0 P\u00e1\u00a0\u00a0\u00a0\u00a0\u00a0\u00a0\u00a0\u00a08.00 &#8211; 16.00<\/p>\n","protected":false},"author":1,"featured_media":0,"parent":0,"menu_order":0,"comment_status":"closed","ping_status":"open","template":"","meta":{"footnotes":"","_links_to":"","_links_to_target":""},"class_list":["post-1480","page","type-page","status-publish","hentry"],"_links":{"self":[{"href":"https:\/\/star.starmicronics.cz\/index.php?rest_route=\/wp\/v2\/pages\/1480","targetHints":{"allow":["GET"]}}],"collection":[{"href":"https:\/\/star.starmicronics.cz\/index.php?rest_route=\/wp\/v2\/pages"}],"about":[{"href":"https:\/\/star.starmicronics.cz\/index.php?rest_route=\/wp\/v2\/types\/page"}],"author":[{"embeddable":true,"href":"https:\/\/star.starmicronics.cz\/index.php?rest_route=\/wp\/v2\/users\/1"}],"replies":[{"embeddable":true,"href":"https:\/\/star.starmicronics.cz\/index.php?rest_route=%2Fwp%2Fv2%2Fcomments&post=1480"}],"version-history":[{"count":1,"href":"https:\/\/star.starmicronics.cz\/index.php?rest_route=\/wp\/v2\/pages\/1480\/revisions"}],"predecessor-version":[{"id":1909,"href":"https:\/\/star.starmicronics.cz\/index.php?rest_route=\/wp\/v2\/pages\/1480\/revisions\/1909"}],"wp:attachment":[{"href":"https:\/\/star.starmicronics.cz\/index.php?rest_route=%2Fwp%2Fv2%2Fmedia&parent=1480"}],"curies":[{"name":"wp","href":"https:\/\/api.w.org\/{rel}","templated":true}]}}